000
CXUS53 KGID 011307 RRA
CF6HDE
PRELIMINARY LOCAL CLIMATOLOGICAL DATA (WS FORM: F-6)
STATION: HOLDREGE NE
MONTH: AUGUST
YEAR: 2022
LATITUDE: 40 27 N
LONGITUDE: 99 20 W
TEMPERATURE IN F: :PCPN: SNOW: WIND :SUNSHINE: SKY :PK WND
================================================================================
1 2 3 4 5 6A 6B 7 8 9 10 11 12 13 14 15 16 17 18
12Z AVG MX 2MIN
DY MAX MIN AVG DEP HDD CDD WTR SNW DPTH SPD SPD DIR MIN PSBL S-S WX SPD DR
================================================================================
1 91 66 79 M 0 14 0.00 M M 5.8 10 170 M M 0 1 M M
2 92 68 80 M 0 15 0.00 M M 6.9 10 170 M M 0 M M
3 88 69 79 M 0 14 0.00 M M 7.0 15 20 M M 0 20 20
4 89 61 75 M 0 10 0.00 M M 8.4 13 140 M M 0 17 140
5 94 66 80 M 0 15 0.00 M M 10.4 15 140 M M 0 22 160
6 93 70 82 M 0 17 0.03 M M 9.0 15 60 M M 1 22 20
7 82 63 73 M 0 8 T M M 9.3 18 350 M M 6 1 24 350
8 77 57 67 M 0 2 0.00 M M 5.3 14 360 M M 1 M M
9 87 56 72 M 0 7 0.00 M M 5.2 9 160 M M 0 8 M M
10 92 59 76 M 0 11 0.00 M M 6.4 9 150 M M 0 M M
11 91 62 77 M 0 12 0.00 M M 7.6 12 180 M M 0 M M
12 92 57 75 M 0 10 0.00 M M 8.9 14 190 M M 0 17 190
13 90 64 77 M 0 12 0.00 M M 7.2 12 80 M M 1 M M
14 91 65 78 M 0 13 0.00 M M 10.4 14 90 M M 1 1 20 120
15 78 64 71 M 0 6 0.08 M M 9.5 17 60 M M 5 13 24 60
16 65 61 63 M 2 0 0.01 M M 7.8 15 50 M M 10 1 22 40
17 80 60 70 M 0 5 0.00 M M 4.1 7 160 M M 6 1 M M
18 89 56 73 M 0 8 0.00 M M 6.9 13 220 M M 1 17 220
19 82 59 71 M 0 6 0.00 M M 2.6 7 50 M M 3 M M
20 79 55 67 M 0 2 0.00 M M 5.6 12 20 M M 1 20 20
21 83 54 69 M 0 4 0.00 M M 4.7 8 110 M M 0 M M
22 86 57 72 M 0 7 0.00 M M 5.9 9 100 M M 0 M M
23 89 58 74 M 0 9 0.00 M M 6.3 10 180 M M 0 M M
24 91 57 74 M 0 9 0.00 M M 5.4 10 80 M M 0 M M
25 92 60 76 M 0 11 0.00 M M 7.8 13 120 M M 1 17 80
26 94 61 78 M 0 13 0.00 M M 8.3 13 170 M M 0 20 190
27 83 65 74 M 0 9 0.08 M M 11.7 20 160 M M 3 28 140
28 98 64 81 M 0 16 0.00 M M 8.2 13 200 M M 0 18 190
29 85 59 72 M 0 7 0.03 M M 7.9 14 70 M M 0 20 40
30 87 55 71 M 0 6 0.00 M M 4.9 9 150 M M 0 M M
31 95 58 77 M 0 12 0.06 M M 9.5 22 330 M M 1 3 32 330
================================================================================
SM 2705 1886 2 290 0.29 M 224.9 M 41
================================================================================
AV 87.3 60.8 7.3 FASTST M M 1 MAX(MPH)
MISC ----> 22 330 M M
================================================================================
NOTES:
# LAST OF SEVERAL OCCURRENCES
COLUMN 17 PEAK WIND IN M.P.H.
PRELIMINARY LOCAL CLIMATOLOGICAL DATA (WS FORM: F-6) , PAGE 2
STATION: HOLDREGE NE
MONTH: AUGUST
YEAR: 2022
LATITUDE: 40 27 N
LONGITUDE: 99 20 W
[TEMPERATURE DATA] [PRECIPITATION DATA] SYMBOLS USED IN COLUMN 16
AVERAGE MONTHLY: 74.0 TOTAL FOR MONTH: 0.29 1 = FOG OR MIST
DPTR FM NORMAL: M DPTR FM NORMAL: M 2 = FOG REDUCING VISIBILITY
HIGHEST: 98 ON 28 GRTST 24HR 0.08 ON 15-15 TO 1/4 MILE OR LESS
LOWEST: 54 ON 21 3 = THUNDER
SNOW, ICE PELLETS, HAIL 4 = ICE PELLETS
TOTAL MONTH: M 5 = HAIL
GRTST 24HR M ON M 6 = FREEZING RAIN OR DRIZZLE
GRTST DEPTH: M ON M 7 = DUSTSTORM OR SANDSTORM:
VSBY 1/2 MILE OR LESS
8 = SMOKE OR HAZE
[NO. OF DAYS WITH] [WEATHER - DAYS WITH] 9 = BLOWING SNOW
X = TORNADO
MAX 32 OR BELOW: 0 0.01 INCH OR MORE: 6
MAX 90 OR ABOVE: 14 0.10 INCH OR MORE: 0
MIN 32 OR BELOW: 0 0.50 INCH OR MORE: 0
MIN 0 OR BELOW: 0 1.00 INCH OR MORE: 0
[HDD (BASE 65) ]
TOTAL THIS MO. 2 CLEAR (SCALE 0-3) 26
DPTR FM NORMAL M PTCLDY (SCALE 4-7) 4
TOTAL FM JUL 1 3 CLOUDY (SCALE 8-10) 1
DPTR FM NORMAL M
[CDD (BASE 65) ]
TOTAL THIS MO. 290
DPTR FM NORMAL M [PRESSURE DATA]
TOTAL FM JAN 1 973 HIGHEST SLP M ON M
DPTR FM NORMAL M LOWEST SLP M ON M
[REMARKS]
#FINAL-08-22#