000
CXUS53 KGID 010730
CF6HDE
PRELIMINARY LOCAL CLIMATOLOGICAL DATA (WS FORM: F-6)
STATION: HOLDREGE
MONTH: MAY
YEAR: 2020
LATITUDE: 40 27 N
LONGITUDE: 99 20 W
TEMPERATURE IN F: :PCPN: SNOW: WIND :SUNSHINE: SKY :PK WND
================================================================================
1 2 3 4 5 6A 6B 7 8 9 10 11 12 13 14 15 16 17 18
12Z AVG MX 2MIN
DY MAX MIN AVG DEP HDD CDD WTR SNW DPTH SPD SPD DIR MIN PSBL S-S WX SPD DR
================================================================================
1 88 55 72 17 0 7 0.00 M M 9.4 16 30 M M 0 8 22 360
2 69 56 63 8 2 0 T M M 14.4 24 40 M M 7 30 40
3 77 47 62 6 3 0 T M M 5.1 12 140 M M 3 18 130
4 63 45 54 -2 11 0 0.46 M M 10.8 20 340 M M 7 28 340
5 69 43 56 0 9 0 0.00 M M 11.5 18 310 M M 1 27 320
6 64 40 52 -5 13 0 0.00 M M 8.4 13 320 M M 1 20 330
7 68 45 57 0 8 0 0.10 M M 13.6 21 160 M M 6 3 29 360
8 58 37 48 -9 17 0 0.00 M M 12.9 31 360 M M 1 40 360
9 60 38 49 -9 16 0 T M M 11.2 21 360 M M 5 25 360
10 57 30 44 -14 21 0 0.00 M M 9.9 16 20 M M 5 22 20
11 45 37 41 -17 24 0 0.00 M M 7.6 12 90 M M 9 10 140
12 52 38 45 -14 20 0 0.00 M M 8.7 17 160 M M 10 24 160
13 57 45 51 -8 14 0 T M M 10.0 16 150 M M 10 12 23 150
14 80 51 66 7 0 1 0.00 M M 7.0 12 30 M M 4 12 17 350
15 77 54 66 6 0 1 T M M 9.3 15 130 M M 5 20 100
16 71 51 61 1 4 0 0.54 M M 7.5 10 360 M M 6 17 330
17 65 49 57 -3 8 0 0.00 M M 11.0 22 10 M M 7 25 10
18 71 46 59 -1 6 0 0.00 M M 7.5 17 90 M M 3 1 20 40
19 75 43 59 -2 6 0 0.00 M M 6.3 15 110 M M 2 1 21 110
20 77 50 64 3 1 0 0.00 M M 13.9 22 150 M M 1 1 30 150
21 62 58 60 -2 5 0 1.60 M M 13.3 20 130 M M 10 13 27 150
22 63 54 59 -3 6 0 0.78 M M 9.3 21 20 M M 8 3 29 20
23 77 48 63 1 2 0 0.00 M M 10.7 22 140 M M 6 123 30 130
24 73 55 64 1 1 0 0.41 M M 13.5 23 50 M M 8 3 30 50
25 60 51 56 -7 9 0 1.18 M M 15.2 22 360 M M 8 1 30 10
26 73 49 61 -2 4 0 0.00 M M 8.2 15 10 M M 0 23 10
27 77 51 64 0 1 0 0.00 M M 6.2 15 40 M M 0 18 360
28 79 54 67 3 0 2 0.00 M M 12.4 24 20 M M 2 28 20
29 79 55 67 3 0 2 0.00 M M 3.8 9 140 M M 4 24 140
30 79 56 68 3 0 3 T M M 16.7 28 90 M M 2 32 90
31 87 59 73 8 0 8 0.00 M M 19.1 27 190 M M 0 36 190
================================================================================
SM 2152 1490 211 24 5.07 M 324.4 M 141
================================================================================
AV 69.4 48.1 10.5 FASTST M M 5 MAX(MPH)
MISC ----> # 31 360 # 40 360
================================================================================
NOTES:
# LAST OF SEVERAL OCCURRENCES
COLUMN 17 PEAK WIND IN M.P.H.
PRELIMINARY LOCAL CLIMATOLOGICAL DATA (WS FORM: F-6) , PAGE 2
STATION: HOLDREGE
MONTH: MAY
YEAR: 2020
LATITUDE: 40 27 N
LONGITUDE: 99 20 W
[TEMPERATURE DATA] [PRECIPITATION DATA] SYMBOLS USED IN COLUMN 16
AVERAGE MONTHLY: 58.7 TOTAL FOR MONTH: 5.07 1 = FOG OR MIST
DPTR FM NORMAL: -1.2 DPTR FM NORMAL: 0.59 2 = FOG REDUCING VISIBILITY
HIGHEST: 88 ON 1 GRTST 24HR 1.60 ON 21-21 TO 1/4 MILE OR LESS
LOWEST: 30 ON 10 3 = THUNDER
SNOW, ICE PELLETS, HAIL 4 = ICE PELLETS
TOTAL MONTH: M 5 = HAIL
GRTST 24HR M ON M 6 = FREEZING RAIN OR DRIZZLE
GRTST DEPTH: M ON M 7 = DUSTSTORM OR SANDSTORM:
VSBY 1/2 MILE OR LESS
8 = SMOKE OR HAZE
[NO. OF DAYS WITH] [WEATHER - DAYS WITH] 9 = BLOWING SNOW
X = TORNADO
MAX 32 OR BELOW: 0 0.01 INCH OR MORE: 7
MAX 90 OR ABOVE: 0 0.10 INCH OR MORE: 7
MIN 32 OR BELOW: 1 0.50 INCH OR MORE: 4
MIN 0 OR BELOW: 0 1.00 INCH OR MORE: 2
[HDD (BASE 65) ]
TOTAL THIS MO. 211 CLEAR (SCALE 0-3) 12
DPTR FM NORMAL 10 PTCLDY (SCALE 4-7) 14
TOTAL FM JUL 1 5791 CLOUDY (SCALE 8-10) 5
DPTR FM NORMAL -446
[CDD (BASE 65) ]
TOTAL THIS MO. 24
DPTR FM NORMAL -19 [PRESSURE DATA]
TOTAL FM JAN 1 25 HIGHEST SLP M ON M
DPTR FM NORMAL -25 LOWEST SLP M ON M
[REMARKS]
#FINAL-05-20#