000
CXUS53 KBIS 010830
CF6HEI
PRELIMINARY LOCAL CLIMATOLOGICAL DATA (WS FORM: F-6)
STATION: HETTINGER ND
MONTH: MARCH
YEAR: 2020
LATITUDE: 46 0 N
LONGITUDE: 102 39 W
TEMPERATURE IN F: :PCPN: SNOW: WIND :SUNSHINE: SKY :PK WND
================================================================================
1 2 3 4 5 6A 6B 7 8 9 10 11 12 13 14 15 16 17 18
12Z AVG MX 2MIN
DY MAX MIN AVG DEP HDD CDD WTR SNW DPTH SPD SPD DIR MIN PSBL S-S WX SPD DR
================================================================================
1 34 16 25 1 40 0 0.00 M M 19.6 38 310 M M 6 51 290
2 43 16 30 5 35 0 0.00 M M 16.2 37 290 M M 3 49 300
3 42 22 32 7 33 0 T M M 11.0 23 300 M M 4 1 32 300
4 57 27 42 17 23 0 T M M 13.8 35 280 M M 2 46 280
5 44 25 35 9 30 0 0.00 M M 15.6 31 290 M M 0 41 300
6 62 26 44 18 21 0 0.00 M M 10.2 15 140 M M 0 20 160
7 69 26 48 22 17 0 0.00 M M 2.9 10 240 M M 0 15 270
8 45 17 31 4 34 0 0.00 M M 15.1 30 320 M M 6 1 38 310
9 45 16 31 4 34 0 0.00 M M 4.5 12 180 M M 6 20 170
10 50 26 38 11 27 0 T M M 7.7 28 260 M M 7 37 270
11 55 30 43 15 22 0 0.08 M M 8.2 22 340 M M 6 1 29 350
12 38 17 28 0 37 0 0.00 M M 17.7 33 300 M M 3 45 300
13 35 16 26 -2 39 0 T M M 10.7 24 90 M M 6 31 100
14 26 19 23 -6 42 0 T M M 20.2 28 130 M M 10 1 39 110
15 32 25 29 0 36 0 M M M 11.8 28 130 M M 10 1 37 130
16 29 11 20 -10 45 0 T M M 13.1 23 290 M M 9 1 27 300
17 39 6 23 -7 42 0 0.00 M M 7.4 20 170 M M 4 1 28 170
18 35 23 29 -1 36 0 0.00 M M 8.3 17 20 M M 10 12 22 50
19 28 3 16 -15 49 0 T M M 12.5 23 360 M M 8 16 30 360
20 28 -1 14 -17 51 0 0.00 M M 9.0 20 140 M M 3 27 140
21 51 13 32 0 33 0 0.00 M M 8.0 18 300 M M 3 24 310
22 48 16 32 0 33 0 T M M 4.4 20 340 M M 6 24 340
23 59 19 39 7 26 0 0.00 M M 7.4 18 190 M M 1 26 200
24 58 25 42 9 23 0 0.00 M M 12.1 26 310 M M 4 12 36 310
25 34 24 29 -4 36 0 T M M 6.9 13 30 M M 8 18 16 360
26 44 26 35 1 30 0 0.00 M M 6.9 16 170 M M 7 12 22 180
27 54 25 40 6 25 0 0.00 M M 5.5 13 350 M M 5 12 19 350
28 57 17 37 3 28 0 0.00 M M 5.5 17 290 M M 3 21 320
29 60 23 42 7 23 0 0.00 M M 5.1 13 280 M M 1 19 270
30 65 31 48 13 17 0 0.00 M M 10.8 21 170 M M 2 30 160
31 63 33 48 12 17 0 0.00 M M 12.7 31 330 M M 4 12 40 330
================================================================================
SM 1429 618 984 0 0.08 M 320.8 M 147
================================================================================
AV 46.1 19.9 10.3 FASTST M M 5 MAX(MPH)
MISC ----> # 38 310 # 51 290
================================================================================
NOTES:
# LAST OF SEVERAL OCCURRENCES
COLUMN 17 PEAK WIND IN M.P.H.
PRELIMINARY LOCAL CLIMATOLOGICAL DATA (WS FORM: F-6) , PAGE 2
STATION: HETTINGER ND
MONTH: MARCH
YEAR: 2020
LATITUDE: 46 0 N
LONGITUDE: 102 39 W
[TEMPERATURE DATA] [PRECIPITATION DATA] SYMBOLS USED IN COLUMN 16
AVERAGE MONTHLY: 33.0 TOTAL FOR MONTH: 0.08 1 = FOG OR MIST
DPTR FM NORMAL: 3.3 DPTR FM NORMAL: -0.68 2 = FOG REDUCING VISIBILITY
HIGHEST: 69 ON 7 GRTST 24HR 0.08 ON 11-11 TO 1/4 MILE OR LESS
LOWEST: -1 ON 20 3 = THUNDER
SNOW, ICE PELLETS, HAIL 4 = ICE PELLETS
TOTAL MONTH: M 5 = HAIL
GRTST 24HR M ON M 6 = FREEZING RAIN OR DRIZZLE
GRTST DEPTH: M ON M 7 = DUSTSTORM OR SANDSTORM:
VSBY 1/2 MILE OR LESS
8 = SMOKE OR HAZE
[NO. OF DAYS WITH] [WEATHER - DAYS WITH] 9 = BLOWING SNOW
X = TORNADO
MAX 32 OR BELOW: 5 0.01 INCH OR MORE: 1
MAX 90 OR ABOVE: 0 0.10 INCH OR MORE: 0
MIN 32 OR BELOW: 30 0.50 INCH OR MORE: 0
MIN 0 OR BELOW: 1 1.00 INCH OR MORE: 0
[HDD (BASE 65) ]
TOTAL THIS MO. 984 CLEAR (SCALE 0-3) 11
DPTR FM NORMAL -109 PTCLDY (SCALE 4-7) 16
TOTAL FM JUL 1 7312 CLOUDY (SCALE 8-10) 4
DPTR FM NORMAL -97
[CDD (BASE 65) ]
TOTAL THIS MO. 0
DPTR FM NORMAL 0 [PRESSURE DATA]
TOTAL FM JAN 1 0 HIGHEST SLP 30.80 ON 20
DPTR FM NORMAL 0 LOWEST SLP 29.39 ON 2
[REMARKS]
#FINAL-03-20#