000
CXUS51 KLWX 011842
CF6HGR
PRELIMINARY LOCAL CLIMATOLOGICAL DATA (WS FORM: F-6)
STATION: HAGERSTOWN MD
MONTH: AUGUST
YEAR: 2020
LATITUDE: 39 42 N
LONGITUDE: 77 43 W
TEMPERATURE IN F: :PCPN: SNOW: WIND :SUNSHINE: SKY :PK WND
================================================================================
1 2 3 4 5 6A 6B 7 8 9 10 11 12 13 14 15 16 17 18
12Z AVG MX 2MIN
DY MAX MIN AVG DEP HDD CDD WTR SNW DPTH SPD SPD DIR MIN PSBL S-S WX SPD DR
================================================================================
1 85 69 77 2 0 12 0.12 M M 5.3 18 160 M M 9 1238 22 160
2 91 73 82 7 0 17 0.01 M M 7.7 16 220 M M 6 24 220
3 84 70 77 2 0 12 0.02 M M 5.3 16 170 M M 3 19 170
4 86 69 78 3 0 13 0.75 M M 7.8 18 280 M M 7 1 25 270
5 85 66 76 2 0 11 0.00 M M 5.1 15 290 M M 3 20 260
6 82 67 75 1 0 10 0.11 M M 4.8 12 330 M M 6 1 15 340
7 82 68 75 1 0 10 0.11 M M 3.8 15 10 M M 5 1 18 10
8 82 66 74 0 0 9 0.00 M M 2.7 7 270 M M 6 1 9 280
9 88 68 78 4 0 13 0.00 M M 3.6 13 280 M M 1 1 16 280
10 91 68 80 6 0 15 0.00 M M 4.0 10 170 M M 0 1 13 230
11 92 71 82 8 0 17 0.00 M M 4.3 13 190 M M 2 17 200
12 92 74 83 9 0 18 T M M 3.9 16 130 M M 3 1 21 130
13 89 73 81 7 0 16 0.01 M M 3.7 13 120 M M 4 17 180
14 87 71 79 5 0 14 T M M 5.8 20 40 M M 7 18 24 40
15 78 67 73 -1 0 8 0.10 M M 4.4 13 50 M M 9 1 16 50
16 80 66 73 -1 0 8 0.26 M M 5.8 13 90 M M 6 1 19 90
17 86 63 75 2 0 10 T M M 5.2 20 280 M M 5 1 26 260
18 86 62 74 1 0 9 0.00 M M 4.4 14 300 M M 3 16 270
19 85 65 75 2 0 10 0.00 M M 5.4 15 340 M M 3 18 340
20 83 59 71 -2 0 6 0.00 M M 6.3 12 220 M M 2 23 180
21 86 67 77 4 0 12 0.00 M M 7.1 14 180 M M 0 16 190
22 90 72 81 8 0 16 0.00 M M 5.9 17 170 M M 2 22 160
23 90 71 81 8 0 16 0.21 M M 5.1 28 270 M M 3 3 34 270
24 89 69 79 7 0 14 0.00 M M 4.2 18 310 M M 2 25 300
25 93 71 82 10 0 17 0.01 M M 8.0 21 300 M M 2 25 300
26 88 68 78 6 0 13 0.00 M M 7.9 16 290 M M 2 21 290
27 95 72 84 12 0 19 0.01 M M 9.7 26 320 M M 4 36 320
28 87 70 79 7 0 14 0.09 M M 6.5 29 310 M M 3 40 310
29 89 69 79 8 0 14 0.07 M M 8.4 20 290 M M 6 25 270
30 82 64 73 2 0 8 0.00 M M 7.7 17 320 M M 5 26 320
31 71 63 67 -4 0 2 0.80 M M 3.9 18 140 M M 10 1 23 150
================================================================================
SM 2674 2111 0 383 2.68 M 173.7 M 129
================================================================================
AV 86.3 68.1 5.6 FASTST M M 4 MAX(MPH)
MISC ----> 29 310 40 310
================================================================================
NOTES:
# LAST OF SEVERAL OCCURRENCES
COLUMN 17 PEAK WIND IN M.P.H.
PRELIMINARY LOCAL CLIMATOLOGICAL DATA (WS FORM: F-6) , PAGE 2
STATION: HAGERSTOWN MD
MONTH: AUGUST
YEAR: 2020
LATITUDE: 39 42 N
LONGITUDE: 77 43 W
[TEMPERATURE DATA] [PRECIPITATION DATA] SYMBOLS USED IN COLUMN 16
AVERAGE MONTHLY: 77.2 TOTAL FOR MONTH: 2.68 1 = FOG OR MIST
DPTR FM NORMAL: 3.9 DPTR FM NORMAL: -0.46 2 = FOG REDUCING VISIBILITY
HIGHEST: 95 ON 27 GRTST 24HR 0.80 ON 31-31 TO 1/4 MILE OR LESS
LOWEST: 59 ON 20 3 = THUNDER
SNOW, ICE PELLETS, HAIL 4 = ICE PELLETS
TOTAL MONTH: M 5 = HAIL
GRTST 24HR M ON M 6 = FREEZING RAIN OR DRIZZLE
GRTST DEPTH: M ON M 7 = DUSTSTORM OR SANDSTORM:
VSBY 1/2 MILE OR LESS
8 = SMOKE OR HAZE
[NO. OF DAYS WITH] [WEATHER - DAYS WITH] 9 = BLOWING SNOW
X = TORNADO
MAX 32 OR BELOW: 0 0.01 INCH OR MORE: 15
MAX 90 OR ABOVE: 8 0.10 INCH OR MORE: 8
MIN 32 OR BELOW: 0 0.50 INCH OR MORE: 2
MIN 0 OR BELOW: 0 1.00 INCH OR MORE: 0
[HDD (BASE 65) ]
TOTAL THIS MO. 0 CLEAR (SCALE 0-3) 11
DPTR FM NORMAL -5 PTCLDY (SCALE 4-7) 17
TOTAL FM JUL 1 0 CLOUDY (SCALE 8-10) 3
DPTR FM NORMAL 0
[CDD (BASE 65) ]
TOTAL THIS MO. 383
DPTR FM NORMAL 121 [PRESSURE DATA]
TOTAL FM JAN 1 1243 HIGHEST SLP M ON M
DPTR FM NORMAL 375 LOWEST SLP 28.53 ON 29
[REMARKS]
#FINAL-08-20#