000
CXUS54 KHGX 011410
CF6HGX
PRELIMINARY LOCAL CLIMATOLOGICAL DATA (WS FORM: F-6)
STATION: DICKINSON WFO
MONTH: JULY
YEAR: 2022
LATITUDE: 29 28 N
LONGITUDE: 95 5 W
TEMPERATURE IN F: :PCPN: SNOW: WIND :SUNSHINE: SKY :PK WND
================================================================================
1 2 3 4 5 6A 6B 7 8 9 10 11 12 13 14 15 16 17 18
12Z AVG MX 2MIN
DY MAX MIN AVG DEP HDD CDD WTR SNW DPTH SPD SPD DIR MIN PSBL S-S WX SPD DR
================================================================================
1 88 76 82 -1 0 17 0.27 0.0 0 M M M M M M 3 M M
2 91 75 83 0 0 18 0.62 0.0 0 M M M M M M 3 M M
3 92 76 84 1 0 19 0.00 0.0 0 M M M M M M M M
4 92 78 85 2 0 20 0.00 0.0 0 M M M M M M M M
5 94 78 86 2 0 21 0.00 0.0 0 M M M M M M M M
6 93 77 85 1 0 20 0.00 0.0 0 M M M M M M M M
7 93 77 85 1 0 20 0.03 0.0 0 M M M M M M M M
8 95 77 86 2 0 21 0.00 0.0 0 M M M M M M M M
9 98 78 88 4 0 23 0.00 0.0 0 M M M M M M M M
10 101 79 90 6 0 25 0.00 0.0 0 M M M M M M M M
11 98 81 90 6 0 25 0.04 0.0 0 M M M M M M M M
12 98 80 89 5 0 24 T 0.0 0 M M M M M M M M
13 96 77 87 3 0 22 0.00 0.0 0 M M M M M M M M
14 95 76 86 2 0 21 0.65 0.0 0 M M M M M M M M
15 91 75 83 -1 0 18 0.16 0.0 0 M M M M M M M M
16 93 75 84 0 0 19 0.00 0.0 0 M M M M M M M M
17 95 77 86 2 0 21 0.08 0.0 0 M M M M M M M M
18 95 78 87 3 0 22 0.00 M M M M M M M M M M
19 94 79 87 3 0 22 0.00 0.0 0 M M M M M M M M
20 94 80 87 3 0 22 0.00 0.0 0 M M M M M M M M
21 95 77 86 2 0 21 0.00 M M M M M M M M M M
22 94 77 86 2 0 21 0.00 0.0 0 M M M M M M M M
23 93 79 86 2 0 21 0.00 0.0 0 M M M M M M M M
24 94 78 86 2 0 21 0.01 0.0 0 M M M M M M M M
25 94 76 85 1 0 20 0.00 0.0 0 M M M M M M M M
26 94 77 86 2 0 21 T 0.0 0 M M M M M M M M
27 94 78 86 2 0 21 0.00 0.0 0 M M M M M M M M
28 95 78 87 3 0 22 0.00 0.0 0 M M M M M M M M
29 94 79 87 3 0 22 0.00 0.0 0 M M M M M M M M
30 93 78 86 2 0 21 0.00 0.0 0 M M M M M M M M
31 95 75 85 1 0 20 T 0.0 0 M M M M M M M M
================================================================================
SM 2921 2401 0 651 1.86 0.0 M M M
================================================================================
AV 94.2 77.5 M FASTST M M M MAX(MPH)
MISC ----> M M M M
================================================================================
NOTES:
# LAST OF SEVERAL OCCURRENCES
COLUMN 17 PEAK WIND IN M.P.H.
PRELIMINARY LOCAL CLIMATOLOGICAL DATA (WS FORM: F-6) , PAGE 2
STATION: DICKINSON WFO
MONTH: JULY
YEAR: 2022
LATITUDE: 29 28 N
LONGITUDE: 95 5 W
[TEMPERATURE DATA] [PRECIPITATION DATA] SYMBOLS USED IN COLUMN 16
AVERAGE MONTHLY: 85.8 TOTAL FOR MONTH: 1.86 1 = FOG OR MIST
DPTR FM NORMAL: 1.9 DPTR FM NORMAL: -2.50 2 = FOG REDUCING VISIBILITY
HIGHEST: 101 ON 10 GRTST 24HR 0.65 ON 14-14 TO 1/4 MILE OR LESS
LOWEST: 75 ON 31,16 3 = THUNDER
SNOW, ICE PELLETS, HAIL 4 = ICE PELLETS
TOTAL MONTH: 0.0 INCH 5 = HAIL
GRTST 24HR 0.0 6 = FREEZING RAIN OR DRIZZLE
GRTST DEPTH: 0 7 = DUSTSTORM OR SANDSTORM:
VSBY 1/2 MILE OR LESS
8 = SMOKE OR HAZE
[NO. OF DAYS WITH] [WEATHER - DAYS WITH] 9 = BLOWING SNOW
X = TORNADO
MAX 32 OR BELOW: 0 0.01 INCH OR MORE: 8
MAX 90 OR ABOVE: 30 0.10 INCH OR MORE: 4
MIN 32 OR BELOW: 0 0.50 INCH OR MORE: 2
MIN 0 OR BELOW: 0 1.00 INCH OR MORE: 0
[HDD (BASE 65) ]
TOTAL THIS MO. 0 CLEAR (SCALE 0-3) 0
DPTR FM NORMAL 0 PTCLDY (SCALE 4-7) 0
TOTAL FM JUL 1 0 CLOUDY (SCALE 8-10) 31
DPTR FM NORMAL 0
[CDD (BASE 65) ]
TOTAL THIS MO. 651
DPTR FM NORMAL 65 [PRESSURE DATA]
TOTAL FM JAN 1 2018 HIGHEST SLP M ON M
DPTR FM NORMAL 222 LOWEST SLP M ON M
[REMARKS]
#FINAL-07-22#