000
CXUS54 KHGX 011510
CF6HGX
PRELIMINARY LOCAL CLIMATOLOGICAL DATA (WS FORM: F-6)
STATION: DICKINSON WFO
MONTH: FEBRUARY
YEAR: 2024
LATITUDE: 29 28 N
LONGITUDE: 95 5 W
TEMPERATURE IN F: :PCPN: SNOW: WIND :SUNSHINE: SKY :PK WND
================================================================================
1 2 3 4 5 6A 6B 7 8 9 10 11 12 13 14 15 16 17 18
12Z AVG MX 2MIN
DY MAX MIN AVG DEP HDD CDD WTR SNW DPTH SPD SPD DIR MIN PSBL S-S WX SPD DR
================================================================================
1 70 51 61 5 4 0 0.00 0.0 0 M M M M M M M M
2 73 53 63 7 2 0 0.02 0.0 0 M M M M M M M M
3 71 53 62 6 3 0 1.58 0.0 0 M M M M M M M M
4 70 52 61 4 4 0 0.00 0.0 0 M M M M M M M M
5 65 54 60 3 5 0 0.01 0.0 0 M M M M M M M M
6 71 43 57 0 8 0 0.00 0.0 0 M M M M M M M M
7 69 43 56 -1 9 0 0.00 0.0 0 M M M M M M M M
8 72 62 67 10 0 2 0.00 0.0 0 M M M M M M M M
9 76 64 70 12 0 5 0.01 0.0 0 M M M M M M M M
10 72 66 69 11 0 4 0.47 0.0 0 M M M M M M 1 M M
11 78 53 66 8 0 1 T 0.0 0 M M M M M M 1 M M
12 61 44 53 -5 12 0 0.00 0.0 0 M M M M M M M M
13 64 39 52 -6 13 0 0.00 0.0 0 M M M M M M M M
14 65 41 53 -5 12 0 0.00 0.0 0 M M M M M M M M
15 72 57 65 6 0 0 0.00 0.0 0 M M M M M M M M
16 64 60 62 3 3 0 0.35 0.0 0 M M M M M M M M
17 64 41 53 -6 12 0 0.00 0.0 0 M M M M M M M M
18 57 36 47 -12 18 0 0.00 0.0 0 M M M M M M M M
19 62 36 49 -11 16 0 0.00 0.0 0 M M M M M M M M
20 77 45 61 1 4 0 0.00 0.0 0 M M M M M M M M
21 74 59 67 7 0 2 0.00 0.0 0 M M M M M M M M
22 74 63 69 9 0 4 0.00 0.0 0 M M M M M M M M
23 78 55 67 7 0 2 0.00 0.0 0 M M M M M M M M
24 80 47 64 4 1 0 0.00 0.0 0 M M M M M M M M
25 75 52 64 3 1 0 0.00 0.0 0 M M M M M M M M
26 76 64 70 9 0 5 0.00 0.0 0 M M M M M M M M
27 79 67 73 12 0 8 0.00 0.0 0 M M M M M M M M
28 74 52 63 2 2 0 T 0.0 0 M M M M M M M M
29 59 51 55 -6 10 0 0.00 0.0 0 M M M M M M M M
================================================================================
SM 2042 1503 139 33 2.44 0.0 M M M
================================================================================
AV 70.4 51.8 M FASTST M M M MAX(MPH)
MISC ----> M M M M
================================================================================
NOTES:
# LAST OF SEVERAL OCCURRENCES
COLUMN 17 PEAK WIND IN M.P.H.
PRELIMINARY LOCAL CLIMATOLOGICAL DATA (WS FORM: F-6) , PAGE 2
STATION: DICKINSON WFO
MONTH: FEBRUARY
YEAR: 2024
LATITUDE: 29 28 N
LONGITUDE: 95 5 W
[TEMPERATURE DATA] [PRECIPITATION DATA] SYMBOLS USED IN COLUMN 16
AVERAGE MONTHLY: 61.1 TOTAL FOR MONTH: 2.44 1 = FOG OR MIST
DPTR FM NORMAL: 2.5 DPTR FM NORMAL: -0.58 2 = FOG REDUCING VISIBILITY
HIGHEST: 80 ON 24 GRTST 24HR 1.58 ON 3- 3 TO 1/4 MILE OR LESS
LOWEST: 36 ON 19,18 3 = THUNDER
SNOW, ICE PELLETS, HAIL 4 = ICE PELLETS
TOTAL MONTH: 0.0 INCH 5 = HAIL
GRTST 24HR 0.0 6 = FREEZING RAIN OR DRIZZLE
GRTST DEPTH: 0 7 = DUSTSTORM OR SANDSTORM:
VSBY 1/2 MILE OR LESS
8 = SMOKE OR HAZE
[NO. OF DAYS WITH] [WEATHER - DAYS WITH] 9 = BLOWING SNOW
X = TORNADO
MAX 32 OR BELOW: 0 0.01 INCH OR MORE: 6
MAX 90 OR ABOVE: 0 0.10 INCH OR MORE: 3
MIN 32 OR BELOW: 0 0.50 INCH OR MORE: 1
MIN 0 OR BELOW: 0 1.00 INCH OR MORE: 1
[HDD (BASE 65) ]
TOTAL THIS MO. 139 CLEAR (SCALE 0-3) 0
DPTR FM NORMAL -74 PTCLDY (SCALE 4-7) 0
TOTAL FM JUL 1 991 CLOUDY (SCALE 8-10) 29
DPTR FM NORMAL -29
[CDD (BASE 65) ]
TOTAL THIS MO. 33
DPTR FM NORMAL -1 [PRESSURE DATA]
TOTAL FM JAN 1 35 HIGHEST SLP M ON M
DPTR FM NORMAL -19 LOWEST SLP M ON M
[REMARKS]
#FINAL-02-24#