888
CXUS56 KLOX 020108
CF6HHR
PRELIMINARY LOCAL CLIMATOLOGICAL DATA (WS FORM: F-6)
STATION: HAWTHORNE AIRPORT CA
MONTH: FEBRUARY
YEAR: 2021
LATITUDE: 33 55 N
LONGITUDE: 118 20 W
TEMPERATURE IN F: :PCPN: SNOW: WIND :SUNSHINE: SKY :PK WND
================================================================================
1 2 3 4 5 6A 6B 7 8 9 10 11 12 13 14 15 16 17 18
12Z AVG MX 2MIN
DY MAX MIN AVG DEP HDD CDD WTR SNW DPTH SPD SPD DIR MIN PSBL S-S WX SPD DR
================================================================================
1 69 57 63 5 2 0 T M M 3.2 13 260 M M 5 14 260
2 66 53 60 2 5 0 0.00 M M 4.8 16 260 M M 3 18 18 250
3 63 49 56 -2 9 0 0.00 M M 4.4 15 270 M M 2 12 20 270
4 64 52 58 0 7 0 0.00 M M 3.3 12 260 M M 4 8 15 270
5 65 48 57 -1 8 0 0.00 M M 3.3 12 260 M M 0 15 260
6 68 46 57 -1 8 0 0.00 M M 2.0 12 260 M M 0 13 260
7 66 47 57 -1 8 0 0.00 M M 3.3 12 260 M M 4 128 16 260
8 62 51 57 -1 8 0 0.00 M M 3.8 12 260 M M 6 18 16 250
9 60 54 57 -1 8 0 0.00 M M 3.6 12 250 M M 9 15 250
10 61 51 56 -2 9 0 0.00 M M 3.2 13 260 M M 5 18 16 260
11 66 48 57 -1 8 0 0.00 M M 3.8 16 270 M M 2 18 19 260
12 66 54 60 2 5 0 0.02 M M 6.5 25 250 M M 4 18 32 260
13 62 52 57 -1 8 0 0.00 M M 5.3 20 260 M M 5 23 260
14 69 57 63 4 2 0 0.00 M M 9.0 25 260 M M 0 30 270
15 64 50 57 -2 8 0 0.00 M M 3.6 12 260 M M 1 8 17 230
16 64 53 59 0 6 0 0.00 M M 7.0 20 250 M M 3 8 23 260
17 69 48 59 0 6 0 0.00 M M 5.1 21 270 M M 0 28 270
18 68 47 58 -1 7 0 0.00 M M 4.4 17 260 M M 0 8 22 270
19 69 47 58 -1 7 0 0.00 M M 2.4 13 270 M M 0 8 16 260
20 68 47 58 -1 7 0 0.00 M M 4.9 18 270 M M 0 8 27 330
21 72 45 59 0 6 0 0.00 M M 2.3 13 270 M M 0 18 270
22 83 48 66 7 0 1 0.00 M M 2.2 14 260 M M 0 16 250
23 76 51 64 5 1 0 0.00 M M 2.5 14 260 M M 0 18 260
24 76 52 64 5 1 0 0.00 M M 3.5 14 260 M M 0 18 17 260
25 73 50 62 3 3 0 0.00 M M 2.0 13 250 M M 0 18 16 240
26 72 47 60 1 5 0 0.00 M M 3.4 13 270 M M 0 8 17 260
27 70 47 59 0 6 0 0.00 M M 5.7 18 270 M M 0 25 270
28 73 48 61 1 4 0 0.00 M M 2.6 15 250 M M 0 8 17 260
================================================================================
SM 1904 1399 162 1 0.02 M 111.1 M 53
================================================================================
AV 68.0 50.0 4.0 FASTST M M 2 MAX(MPH)
MISC ----> # 25 250 32 260
================================================================================
NOTES:
# LAST OF SEVERAL OCCURRENCES
COLUMN 17 PEAK WIND IN M.P.H.
PRELIMINARY LOCAL CLIMATOLOGICAL DATA (WS FORM: F-6) , PAGE 2
STATION: HAWTHORNE AIRPORT CA
MONTH: FEBRUARY
YEAR: 2021
LATITUDE: 33 55 N
LONGITUDE: 118 20 W
[TEMPERATURE DATA] [PRECIPITATION DATA] SYMBOLS USED IN COLUMN 16
AVERAGE MONTHLY: 59.0 TOTAL FOR MONTH: 0.02 1 = FOG OR MIST
DPTR FM NORMAL: 0.3 DPTR FM NORMAL: -3.30 2 = FOG REDUCING VISIBILITY
HIGHEST: 83 ON 22 GRTST 24HR 0.02 ON 12-12 TO 1/4 MILE OR LESS
LOWEST: 45 ON 21 3 = THUNDER
SNOW, ICE PELLETS, HAIL 4 = ICE PELLETS
TOTAL MONTH: M 5 = HAIL
GRTST 24HR M ON M 6 = FREEZING RAIN OR DRIZZLE
GRTST DEPTH: M ON M 7 = DUSTSTORM OR SANDSTORM:
VSBY 1/2 MILE OR LESS
8 = SMOKE OR HAZE
[NO. OF DAYS WITH] [WEATHER - DAYS WITH] 9 = BLOWING SNOW
X = TORNADO
MAX 32 OR BELOW: 0 0.01 INCH OR MORE: 1
MAX 90 OR ABOVE: 0 0.10 INCH OR MORE: 0
MIN 32 OR BELOW: 0 0.50 INCH OR MORE: 0
MIN 0 OR BELOW: 0 1.00 INCH OR MORE: 0
[HDD (BASE 65) ]
TOTAL THIS MO. 162 CLEAR (SCALE 0-3) 20
DPTR FM NORMAL -23 PTCLDY (SCALE 4-7) 7
TOTAL FM JUL 1 722 CLOUDY (SCALE 8-10) 1
DPTR FM NORMAL -76
[CDD (BASE 65) ]
TOTAL THIS MO. 1
DPTR FM NORMAL -6 [PRESSURE DATA]
TOTAL FM JAN 1 10 HIGHEST SLP 30.34 ON 18
DPTR FM NORMAL 3 LOWEST SLP 29.81 ON 13
[REMARKS]
#FINAL-02-21#