000
CXUS53 KGID 011532
CF6HJH
PRELIMINARY LOCAL CLIMATOLOGICAL DATA (WS FORM: F-6)
STATION: HEBRON
MONTH: OCTOBER
YEAR: 2020
LATITUDE: 40 9 N
LONGITUDE: 97 35 W
TEMPERATURE IN F: :PCPN: SNOW: WIND :SUNSHINE: SKY :PK WND
================================================================================
1 2 3 4 5 6A 6B 7 8 9 10 11 12 13 14 15 16 17 18
12Z AVG MX 2MIN
DY MAX MIN AVG DEP HDD CDD WTR SNW DPTH SPD SPD DIR MIN PSBL S-S WX SPD DR
================================================================================
1 63 37 50 -9 15 0 0.00 M M 8.2 16 340 M M 0 27 350
2 69 32 51 -8 14 0 T M M 4.6 12 190 M M 2 18 160
3 63 38 51 -7 14 0 0.00 M M 6.9 16 340 M M 1 20 340
4 70 34 52 -6 13 0 0.00 M M 6.6 16 160 M M 1 21 170
5 82 51 67 10 0 2 0.00 M M 10.1 20 220 M M 0 30 220
6 85 47 66 9 0 1 0.00 M M 4.7 13 200 M M 0 17 240
7 87 48 68 11 0 3 0.00 M M 4.7 15 70 M M 0 16 80
8 87 53 70 14 0 5 0.00 M M 8.1 16 160 M M 0 24 170
9 89 59 74 18 0 9 0.00 M M 11.0 20 190 M M 0 27 190
10 83 51 67 11 0 2 0.00 M M 5.0 13 70 M M 3 128 16 70
11 88 56 72 17 0 7 0.04 M M 13.4 24 170 M M 2 3 36 170
12 73 45 59 4 6 0 0.00 M M 8.7 14 350 M M 1 21 200
13 73 45 59 5 6 0 0.00 M M 6.0 15 20 M M 1 8 27 360
14 76 54 65 11 0 0 0.00 M M 10.4 16 350 M M 2 29 350
15 58 32 45 -9 20 0 0.00 M M 6.5 12 350 M M 2 23 360
16 62 35 49 -4 16 0 0.00 M M 8.6 16 180 M M 2 24 170
17 71 43 57 4 8 0 0.00 M M 12.2 20 10 M M 0 31 200
18 47 34 41 -12 24 0 0.00 M M 12.5 22 10 M M 5 30 20
19 49 33 41 -11 24 0 0.00 M M 6.3 13 140 M M 10 M M
20 51 40 46 -6 19 0 0.00 M M 5.4 12 140 M M 7 1 16 160
21 47 37 42 -10 23 0 T M M 4.8 9 90 M M 8 1 M M
22 51 37 44 -7 21 0 T M M 10.7 20 360 M M 10 12 30 360
23 38 33 36 -15 29 0 T M M 14.3 24 350 M M 10 1 32 350
24 37 30 34 -16 31 0 0.00 M M 6.0 10 110 M M 10 M M
25 34 24 29 -21 36 0 M M M 12.7 18 10 M M 10 1 27 10
26 30 21 26 -24 39 0 M M M 8.4 17 10 M M 10 27 10
27 43 17 30 -19 35 0 0.00 M M 4.0 9 260 M M 0 M M
28 58 22 40 -9 25 0 0.00 M M 4.5 21 10 M M 0 28 10
29 50 32 41 -7 24 0 0.00 M M 7.9 15 10 M M 1 27 360
30 69 30 50 2 15 0 0.00 M M 4.1 9 180 M M 0 M M
31 70 42 56 9 9 0 0.00 M M 11.3 21 340 M M 0 29 340
================================================================================
SM 1953 1192 466 29 M M 248.6 M 98
================================================================================
AV 63.0 38.5 8.0 FASTST M M 3 MAX(MPH)
MISC ----> # 24 170 M M
================================================================================
NOTES:
# LAST OF SEVERAL OCCURRENCES
COLUMN 17 PEAK WIND IN M.P.H.
PRELIMINARY LOCAL CLIMATOLOGICAL DATA (WS FORM: F-6) , PAGE 2
STATION: HEBRON
MONTH: OCTOBER
YEAR: 2020
LATITUDE: 40 9 N
LONGITUDE: 97 35 W
[TEMPERATURE DATA] [PRECIPITATION DATA] SYMBOLS USED IN COLUMN 16
AVERAGE MONTHLY: 50.7 TOTAL FOR MONTH: M 1 = FOG OR MIST
DPTR FM NORMAL: -2.6 DPTR FM NORMAL: M 2 = FOG REDUCING VISIBILITY
HIGHEST: 89 ON 9 GRTST 24HR M ON M TO 1/4 MILE OR LESS
LOWEST: 17 ON 27 3 = THUNDER
SNOW, ICE PELLETS, HAIL 4 = ICE PELLETS
TOTAL MONTH: M 5 = HAIL
GRTST 24HR M ON M 6 = FREEZING RAIN OR DRIZZLE
GRTST DEPTH: M ON M 7 = DUSTSTORM OR SANDSTORM:
VSBY 1/2 MILE OR LESS
8 = SMOKE OR HAZE
[NO. OF DAYS WITH] [WEATHER - DAYS WITH] 9 = BLOWING SNOW
X = TORNADO
MAX 32 OR BELOW: 1 0.01 INCH OR MORE: M
MAX 90 OR ABOVE: 0 0.10 INCH OR MORE: M
MIN 32 OR BELOW: 9 0.50 INCH OR MORE: M
MIN 0 OR BELOW: 0 1.00 INCH OR MORE: M
[HDD (BASE 65) ]
TOTAL THIS MO. 466 CLEAR (SCALE 0-3) 22
DPTR FM NORMAL 90 PTCLDY (SCALE 4-7) 3
TOTAL FM JUL 1 562 CLOUDY (SCALE 8-10) 6
DPTR FM NORMAL 81
[CDD (BASE 65) ]
TOTAL THIS MO. 29
DPTR FM NORMAL 16 [PRESSURE DATA]
TOTAL FM JAN 1 1238 HIGHEST SLP M ON M
DPTR FM NORMAL 101 LOWEST SLP M ON M
[REMARKS]
#FINAL-10-20#