000
CXUS56 KHNX 011639
CF6HJO
PRELIMINARY LOCAL CLIMATOLOGICAL DATA (WS FORM: F-6)
STATION: HANFORD CA AIRPORT
MONTH: JULY
YEAR: 2022
LATITUDE: 36 19 N
LONGITUDE: 119 38 W
TEMPERATURE IN F: :PCPN: SNOW: WIND :SUNSHINE: SKY :PK WND
================================================================================
1 2 3 4 5 6A 6B 7 8 9 10 11 12 13 14 15 16 17 18
12Z AVG MX 2MIN
DY MAX MIN AVG DEP HDD CDD WTR SNW DPTH SPD SPD DIR MIN PSBL S-S WX SPD DR
================================================================================
1 99 60 80 0 0 15 0.00 0.0 0 7.2 16 320 M M 0 22 320
2 95 62 79 -1 0 14 0.00 0.0 0 8.8 21 320 M M 0 28 320
3 87 58 73 -7 0 8 0.00 0.0 0 9.5 20 320 M M 0 25 320
4 90 59 75 -5 0 10 0.00 0.0 0 8.1 17 310 M M 0 8 21 320
5 94 67 81 1 0 16 0.00 0.0 0 9.3 17 320 M M 0 23 310
6 91 65 78 -2 0 13 0.00 0.0 0 9.9 18 310 M M 0 23 320
7 94 64 79 -2 0 14 0.00 0.0 0 9.1 16 310 M M 0 22 310
8 99 66 83 2 0 18 0.00 0.0 0 8.2 18 320 M M 0 24 310
9 97 67 82 1 0 17 0.00 0.0 0 10.5 20 330 M M 0 26 330
10 100 63 82 1 0 17 0.00 0.0 0 6.5 16 320 M M 0 21 320
11 104 64 84 3 0 19 0.00 0.0 0 4.1 14 320 M M 0 17 310
12 104 67 86 5 0 21 0.00 0.0 0 8.2 14 310 M M 1 19 320
13 100 70 85 4 0 20 0.00 0.0 0 7.7 15 320 M M 0 18 320
14 104 67 86 5 0 21 0.00 0.0 0 9.3 17 320 M M 0 8 23 320
15 104 69 87 6 0 22 0.00 0.0 0 9.7 17 320 M M 0 21 310
16 107 67 87 5 0 22 0.00 0.0 0 6.1 13 310 M M 0 16 330
17 111 71 91 9 0 26 0.00 0.0 0 7.4 16 310 M M 0 20 300
18 104 68 86 4 0 21 0.00 0.0 0 3.3 16 320 M M 0 8 21 320
19 106 72 89 7 0 24 0.00 0.0 0 7.7 16 310 M M 0 22 310
20 106 66 86 4 0 21 0.00 0.0 0 7.8 17 320 M M 0 24 320
21 105 65 85 3 0 20 0.00 0.0 0 9.3 18 320 M M 0 23 330
22 103 63 83 1 0 18 0.00 0.0 0 8.0 16 320 M M 0 22 330
23 102 60 81 -1 0 16 0.00 0.0 0 5.0 15 300 M M 0 19 320
24 103 62 83 1 0 18 0.00 0.0 0 6.0 13 320 M M 0 18 320
25 103 68 86 4 0 21 0.00 0.0 0 6.8 14 310 M M 0 17 310
26 103 71 87 5 0 22 0.00 0.0 0 8.2 15 310 M M 0 8 19 290
27 100 66 83 1 0 18 0.00 0.0 0 7.9 16 330 M M 0 8 22 320
28 104 72 88 6 0 23 0.00 0.0 0 6.3 13 320 M M 0 17 340
29 104 74 89 8 0 24 0.00 0.0 0 5.6 13 320 M M 0 16 330
30 105 76 91 10 0 26 0.00 0.0 0 7.0 14 300 M M 0 18 290
31 104 77 91 10 0 26 0.00 0.0 0 5.2 13 330 M M 0 17 310
================================================================================
SM 3132 2066 0 591 0.00 0.0 233.7 M 1
================================================================================
AV101.0 66.6 7.5 FASTST M M 0 MAX(MPH)
MISC ----> 21 320 28 320
================================================================================
NOTES:
# LAST OF SEVERAL OCCURRENCES
COLUMN 17 PEAK WIND IN M.P.H.
PRELIMINARY LOCAL CLIMATOLOGICAL DATA (WS FORM: F-6) , PAGE 2
STATION: HANFORD CA AIRPORT
MONTH: JULY
YEAR: 2022
LATITUDE: 36 19 N
LONGITUDE: 119 38 W
[TEMPERATURE DATA] [PRECIPITATION DATA] SYMBOLS USED IN COLUMN 16
AVERAGE MONTHLY: 83.8 TOTAL FOR MONTH: 0.00 1 = FOG OR MIST
DPTR FM NORMAL: 2.7 DPTR FM NORMAL: -0.02 2 = FOG REDUCING VISIBILITY
HIGHEST: 111 ON 17 GRTST 24HR 0.00 ON 1- 1 TO 1/4 MILE OR LESS
LOWEST: 58 ON 3 3 = THUNDER
SNOW, ICE PELLETS, HAIL 4 = ICE PELLETS
TOTAL MONTH: 0.0 INCH 5 = HAIL
GRTST 24HR 0.0 6 = FREEZING RAIN OR DRIZZLE
GRTST DEPTH: 0 7 = DUSTSTORM OR SANDSTORM:
VSBY 1/2 MILE OR LESS
8 = SMOKE OR HAZE
[NO. OF DAYS WITH] [WEATHER - DAYS WITH] 9 = BLOWING SNOW
X = TORNADO
MAX 32 OR BELOW: 0 0.01 INCH OR MORE: 0
MAX 90 OR ABOVE: 30 0.10 INCH OR MORE: 0
MIN 32 OR BELOW: 0 0.50 INCH OR MORE: 0
MIN 0 OR BELOW: 0 1.00 INCH OR MORE: 0
[HDD (BASE 65) ]
TOTAL THIS MO. 0 CLEAR (SCALE 0-3) 31
DPTR FM NORMAL 0 PTCLDY (SCALE 4-7) 0
TOTAL FM JUL 1 0 CLOUDY (SCALE 8-10) 0
DPTR FM NORMAL 0
[CDD (BASE 65) ]
TOTAL THIS MO. 591
DPTR FM NORMAL 92 [PRESSURE DATA]
TOTAL FM JAN 1 1234 HIGHEST SLP 30.11 ON 9
DPTR FM NORMAL 195 LOWEST SLP 29.68 ON 17
[REMARKS]
#FINAL-07-22#