000
CXUS51 KPBZ 010830
CF6HLG
PRELIMINARY LOCAL CLIMATOLOGICAL DATA (WS FORM: F-6)
STATION: WHEELING WV
MONTH: NOVEMBER
YEAR: 2023
LATITUDE: 40 10 N
LONGITUDE: 80 39 W
TEMPERATURE IN F: :PCPN: SNOW: WIND :SUNSHINE: SKY :PK WND
================================================================================
1 2 3 4 5 6A 6B 7 8 9 10 11 12 13 14 15 16 17 18
12Z AVG MX 2MIN
DY MAX MIN AVG DEP HDD CDD WTR SNW DPTH SPD SPD DIR MIN PSBL S-S WX SPD DR
================================================================================
1 43 29 36 -12 29 0 T M M 8.9 18 280 M M 5 1 25 280
2 49 27 38 -10 27 0 0.00 M M 7.4 16 190 M M 0 23 220
3 61 38 50 2 15 0 0.00 M M 9.3 18 180 M M 0 26 200
4 63 47 55 8 10 0 0.00 M M 5.8 13 230 M M 5 19 230
5 61 43 52 5 13 0 0.00 M M 5.0 12 340 M M 2 17 300
6 65 37 51 5 14 0 0.00 M M 8.5 22 210 M M 1 32 210
7 68 45 57 11 8 0 T M M 11.2 22 230 M M 1 37 230
8 66 37 52 6 13 0 0.00 M M 7.6 16 200 M M 0 24 200
9 68 45 57 12 8 0 0.30 M M 9.2 20 320 M M 6 18 29 220
10 53 43 48 3 17 0 0.00 M M 6.6 17 180 M M 4 24 200
11 52 32 42 -3 23 0 0.00 M M 5.8 14 330 M M 5 12 20 340
12 53 33 43 -1 22 0 0.00 M M 5.3 12 40 M M 0 16 40
13 61 31 46 2 19 0 0.00 M M 7.6 22 280 M M 0 32 280
14 56 34 45 1 20 0 0.00 M M 3.1 8 300 M M 0 13 310
15 66 32 49 6 16 0 0.00 M M 6.1 16 240 M M 0 25 210
16 68 40 54 11 11 0 0.00 M M 6.8 14 220 M M 0 19 220
17 63 44 54 11 11 0 0.81 M M 11.1 21 210 M M 7 1 33 200
18 49 34 42 0 23 0 0.00 M M 6.7 18 330 M M 2 27 330
19 55 33 44 2 21 0 0.00 M M 6.5 14 260 M M 0 20 240
20 46 32 39 -3 26 0 T M M 9.3 16 90 M M 1 23 90
21 50 41 46 5 19 0 0.89 M M 9.3 20 120 M M 10 1 28 120
22 50 36 43 2 22 0 T M M 8.7 20 260 M M 10 1 30 230
23 47 36 42 1 23 0 0.00 M M 7.2 16 230 M M 5 1 25 230
24 43 28 36 -4 29 0 0.00 M M 6.0 15 350 M M 4 12 21 340
25 43 25 34 -6 31 0 0.00 M M 5.2 13 100 M M 0 20 100
26 51 33 42 2 23 0 0.07 M M 8.3 18 250 M M 6 1 28 280
27 43 30 37 -2 28 0 T M M 14.1 25 280 M M 10 37 290
28 30 22 26 -13 39 0 T M M 12.0 24 260 M M 9 35 270
29 36 17 27 -12 38 0 0.00 M M 8.8 17 210 M M 4 26 220
30 56 33 45 7 20 0 0.00 M M 10.0 23 220 M M 1 33 230
================================================================================
SM 1615 1037 618 0 2.07 M 237.4 M 98
================================================================================
AV 53.8 34.6 7.9 FASTST M M 3 MAX(MPH)
MISC ----> 25 280 # 37 230
================================================================================
NOTES:
# LAST OF SEVERAL OCCURRENCES
COLUMN 17 PEAK WIND IN M.P.H.
PRELIMINARY LOCAL CLIMATOLOGICAL DATA (WS FORM: F-6) , PAGE 2
STATION: WHEELING WV
MONTH: NOVEMBER
YEAR: 2023
LATITUDE: 40 10 N
LONGITUDE: 80 39 W
[TEMPERATURE DATA] [PRECIPITATION DATA] SYMBOLS USED IN COLUMN 16
AVERAGE MONTHLY: 44.2 TOTAL FOR MONTH: 2.07 1 = FOG OR MIST
DPTR FM NORMAL: 1.0 DPTR FM NORMAL: -0.58 2 = FOG REDUCING VISIBILITY
HIGHEST: 68 ON 16, 9 GRTST 24HR 0.89 ON 21-21 TO 1/4 MILE OR LESS
LOWEST: 17 ON 29 3 = THUNDER
SNOW, ICE PELLETS, HAIL 4 = ICE PELLETS
TOTAL MONTH: M 5 = HAIL
GRTST 24HR M ON M 6 = FREEZING RAIN OR DRIZZLE
GRTST DEPTH: M ON M 7 = DUSTSTORM OR SANDSTORM:
VSBY 1/2 MILE OR LESS
8 = SMOKE OR HAZE
[NO. OF DAYS WITH] [WEATHER - DAYS WITH] 9 = BLOWING SNOW
X = TORNADO
MAX 32 OR BELOW: 1 0.01 INCH OR MORE: 4
MAX 90 OR ABOVE: 0 0.10 INCH OR MORE: 3
MIN 32 OR BELOW: 11 0.50 INCH OR MORE: 2
MIN 0 OR BELOW: 0 1.00 INCH OR MORE: 0
[HDD (BASE 65) ]
TOTAL THIS MO. 618 CLEAR (SCALE 0-3) 16
DPTR FM NORMAL -36 PTCLDY (SCALE 4-7) 10
TOTAL FM JUL 1 954 CLOUDY (SCALE 8-10) 4
DPTR FM NORMAL -142
[CDD (BASE 65) ]
TOTAL THIS MO. 0
DPTR FM NORMAL 0 [PRESSURE DATA]
TOTAL FM JAN 1 743 HIGHEST SLP 30.50 ON 12
DPTR FM NORMAL -38 LOWEST SLP 29.71 ON 9
[REMARKS]
#FINAL-11-23#