000
CXUS54 KMAF 011210
CF6HOB
PRELIMINARY LOCAL CLIMATOLOGICAL DATA (WS FORM: F-6)
STATION: LEA AIRPORT, HOBBS
MONTH: DECEMBER
YEAR: 2022
LATITUDE: 32 40 N
LONGITUDE: 103-12 E
TEMPERATURE IN F: :PCPN: SNOW: WIND :SUNSHINE: SKY :PK WND
================================================================================
1 2 3 4 5 6A 6B 7 8 9 10 11 12 13 14 15 16 17 18
12Z AVG MX 2MIN
DY MAX MIN AVG DEP HDD CDD WTR SNW DPTH SPD SPD DIR MIN PSBL S-S WX SPD DR
================================================================================
1 57 28 43 M 22 0 0.00 M M 8.2 15 170 M M 1 18 170
2 73 36 55 M 10 0 0.00 M M 15.4 32 230 M M 0 41 230
3 50 36 43 M 22 0 0.02 M M 10.7 22 10 M M 3 8 29 10
4 63 39 51 M 14 0 0.01 M M 7.1 15 190 M M 5 18 220
5 75 52 64 M 1 0 0.00 M M 17.8 31 240 M M 1 40 250
6 72 48 60 M 5 0 0.00 M M 12.9 23 250 M M 0 30 250
7 59 52 56 M 9 0 0.05 M M 3.3 10 190 M M 8 1 M M
8 426 43 235 M 0 170 0.00 M M 7.4 17 240 M M 4 12 16 240
9 55 41 48 M 17 0 0.00 M M 6.5 9 100 M M 9 12 12 100
10 61 45 53 M 12 0 0.00 M M 6.5 10 350 M M 8 128 13 20
11 63 45 54 M 11 0 0.00 M M 7.0 15 170 M M 7 12 24 180
12 70 43 57 M 8 0 0.00 M M 16.0 25 190 M M 6 12 37 190
13 54 32 43 M 22 0 0.00 M M 14.0 29 260 M M 3 38 250
14 52 30 41 M 24 0 0.00 M M 14.1 25 260 M M 0 35 280
15 54 28 41 M 24 0 0.00 M M 9.2 18 310 M M 0 29 310
16 46 21 34 M 31 0 0.00 M M 11.5 26 320 M M 0 35 320
17 50 19 35 M 30 0 0.00 M M 6.8 14 180 M M 0 18 200
18 52 28 40 M 25 0 0.00 M M 9.1 18 170 M M 2 24 150
19 61 27 44 M 21 0 0.00 M M 9.6 17 270 M M 0 22 280
20 52 23 38 M 27 0 0.00 M M 8.3 13 130 M M 1 12 13 120
21 59 32 46 M 19 0 0.00 M M 9.9 14 250 M M 5 1 20 160
22 34 9 22 M 43 0 0.00 M M 17.0 26 10 M M 1 35 20
23 23 9 16 M 49 0 0.00 M M 7.4 14 10 M M 2 12 60
24 36 12 24 M 41 0 0.00 M M 5.5 13 180 M M 0 16 170
25 55 18 37 M 28 0 0.00 M M 8.2 14 190 M M 0 M M
26 55 28 42 M 23 0 0.00 M M 11.0 22 10 M M 1 33 360
27 64 28 46 M 19 0 0.00 M M 11.8 20 180 M M 1 28 200
28 64 41 53 M 12 0 0.00 M M 14.7 23 210 M M 2 28 260
29 64 34 49 M 16 0 0.00 M M 10.2 20 240 M M 0 25 240
30 55 30 43 M 22 0 0.00 M M 8.5 14 260 M M 4 18 220
31 68 41 55 M 10 0 0.00 M M 13.7 25 240 M M 0 36 240
================================================================================
SM 2122 998 617 170 0.08 M 319.3 M 74
================================================================================
AV 68.5 32.2 10.3 FASTST M M 2 MAX(MPH)
MISC ----> 32 230 41 230
================================================================================
NOTES:
# LAST OF SEVERAL OCCURRENCES
COLUMN 17 PEAK WIND IN M.P.H.
PRELIMINARY LOCAL CLIMATOLOGICAL DATA (WS FORM: F-6) , PAGE 2
STATION: LEA AIRPORT, HOBBS
MONTH: DECEMBER
YEAR: 2022
LATITUDE: 32 40 N
LONGITUDE: 103-12 E
[TEMPERATURE DATA] [PRECIPITATION DATA] SYMBOLS USED IN COLUMN 16
AVERAGE MONTHLY: 50.3 TOTAL FOR MONTH: 0.08 1 = FOG OR MIST
DPTR FM NORMAL: 0.0 DPTR FM NORMAL: M 2 = FOG REDUCING VISIBILITY
HIGHEST: 426 ON 8 GRTST 24HR 0.05 ON 7- 7 TO 1/4 MILE OR LESS
LOWEST: 9 ON 23,22 3 = THUNDER
SNOW, ICE PELLETS, HAIL 4 = ICE PELLETS
TOTAL MONTH: M 5 = HAIL
GRTST 24HR M ON M 6 = FREEZING RAIN OR DRIZZLE
GRTST DEPTH: M ON M 7 = DUSTSTORM OR SANDSTORM:
VSBY 1/2 MILE OR LESS
8 = SMOKE OR HAZE
[NO. OF DAYS WITH] [WEATHER - DAYS WITH] 9 = BLOWING SNOW
X = TORNADO
MAX 32 OR BELOW: 1 0.01 INCH OR MORE: 3
MAX 90 OR ABOVE: 1 0.10 INCH OR MORE: 0
MIN 32 OR BELOW: 17 0.50 INCH OR MORE: 0
MIN 0 OR BELOW: 0 1.00 INCH OR MORE: 0
[HDD (BASE 65) ]
TOTAL THIS MO. 617 CLEAR (SCALE 0-3) 22
DPTR FM NORMAL M PTCLDY (SCALE 4-7) 7
TOTAL FM JUL 1 1308 CLOUDY (SCALE 8-10) 2
DPTR FM NORMAL M
[CDD (BASE 65) ]
TOTAL THIS MO. 170
DPTR FM NORMAL M [PRESSURE DATA]
TOTAL FM JAN 1 2401 HIGHEST SLP M ON M
DPTR FM NORMAL M LOWEST SLP M ON M
[REMARKS]
#FINAL-12-22#