000
CDUS43 KFSD 152223
CLIHON


CLIMATE REPORT
NATIONAL WEATHER SERVICE SIOUX FALLS SD
523 PM CDT TUE MAY 15 2018


...................................

...THE HURON SD CLIMATE SUMMARY FOR MAY 15 2018...
VALID TODAY AS OF 0500 PM LOCAL TIME.

CLIMATE NORMAL PERIOD 1981 TO 2010
CLIMATE RECORD PERIOD 1881 TO 2018


WEATHER ITEM   OBSERVED TIME   RECORD YEAR NORMAL DEPARTURE LAST
                VALUE   (LST)  VALUE       VALUE  FROM      YEAR
                                                  NORMAL
..................................................................
TEMPERATURE (F)
 TODAY
  MAXIMUM         79    352 PM  96    1931  70      9       79
                                      1894
  MINIMUM         51   1228 AM  24    2014  46      5       52
                                      1959
  AVERAGE         65                        58      7       66

PRECIPITATION (IN)
  TODAY            0.00          1.55 1962   0.09  -0.09     0.28
  MONTH TO DATE    1.21                      1.40  -0.19     0.32
  SINCE MAR 1      5.46                      5.17   0.29     2.27
  SINCE JAN 1      6.80                      6.27   0.53     3.07

SNOWFALL (IN)
  TODAY            0.0           T    1929   0.0    0.0      0.0
                                      1916
  MONTH TO DATE    0.0                       0.1   -0.1      0.0
  SINCE MAR 1     30.8                      13.0   17.8     13.9
  SINCE JUL 1     58.7                      44.0   14.7     35.9
  SNOW DEPTH       0

DEGREE DAYS
 HEATING
  TODAY            0                         8     -8        0
  MONTH TO DATE   85                       151    -66       88
  SINCE MAR 1   1957                      1697    260     1578
  SINCE JUL 1   7905                      7529    376     6727

 COOLING
  TODAY            0                         1     -1        1
  MONTH TO DATE    8                        12     -4       16
  SINCE MAR 1     10                        16     -6       16
  SINCE JAN 1     10                        16     -6       16
..................................................................


WIND (MPH)
  HIGHEST WIND SPEED    16   HIGHEST WIND DIRECTION     S (180)
  HIGHEST GUST SPEED    22   HIGHEST GUST DIRECTION     S (190)
  AVERAGE WIND SPEED     5.7


SKY COVER
  POSSIBLE SUNSHINE  MM
  AVERAGE SKY COVER 0.3


WEATHER CONDITIONS
 THE FOLLOWING WEATHER WAS RECORDED TODAY.
  FOG


RELATIVE HUMIDITY (PERCENT)
 HIGHEST   100           100 AM
 LOWEST     45           300 PM
 AVERAGE    73

..........................................................


THE HURON SD CLIMATE NORMALS FOR TOMORROW
                         NORMAL    RECORD    YEAR
 MAXIMUM TEMPERATURE (F)   70        98      1934
 MINIMUM TEMPERATURE (F)   46        29      1929
                                             1891


SUNRISE AND SUNSET
MAY 15 2018...........SUNRISE   606 AM CDT   SUNSET   853 PM CDT
MAY 16 2018...........SUNRISE   605 AM CDT   SUNSET   855 PM CDT


-  INDICATES NEGATIVE NUMBERS.
R  INDICATES RECORD WAS SET OR TIED.
MM INDICATES DATA IS MISSING.
T  INDICATES TRACE AMOUNT.




$$
