000
CDUS43 KFSD 230853
CLIHON


CLIMATE REPORT
NATIONAL WEATHER SERVICE SIOUX FALLS SD
352 AM CDT WED MAY 23 2018


...................................

...THE HURON SD CLIMATE SUMMARY FOR MAY 22 2018...

CLIMATE NORMAL PERIOD 1981 TO 2010
CLIMATE RECORD PERIOD 1881 TO 2018


WEATHER ITEM   OBSERVED TIME   RECORD YEAR NORMAL DEPARTURE LAST
                VALUE   (LST)  VALUE       VALUE  FROM      YEAR
                                                  NORMAL
..................................................................
TEMPERATURE (F)
 YESTERDAY
  MAXIMUM         83    459 PM  92    1967  72     11       58
  MINIMUM         52    512 AM  21    1963  48      4       42
  AVERAGE         68                        60      8       50

PRECIPITATION (IN)
  YESTERDAY        0.00          1.43 2010   0.10  -0.10     0.15
  MONTH TO DATE    1.25                      2.13  -0.88     1.32
  SINCE MAR 1      5.50                      5.90  -0.40     3.27
  SINCE JAN 1      6.84                      7.00  -0.16     4.07

SNOWFALL (IN)
  YESTERDAY        0.0           0.0    MM   0.0    0.0      0.0
  MONTH TO DATE    0.0                       0.1   -0.1      0.0
  SINCE MAR 1     30.8                      13.0   17.8     13.9
  SINCE JUL 1     58.7                      44.0   14.7     35.9
  SNOW DEPTH       0

DEGREE DAYS
 HEATING
  YESTERDAY        0                         6     -6       15
  MONTH TO DATE  111                       199    -88      171
  SINCE MAR 1   1983                      1745    238     1661
  SINCE JUL 1   7931                      7577    354     6810

 COOLING
  YESTERDAY        3                         1      2        0
  MONTH TO DATE   26                        19      7       21
  SINCE MAR 1     28                        23      5       21
  SINCE JAN 1     28                        23      5       21
..................................................................


WIND (MPH)
  HIGHEST WIND SPEED    15   HIGHEST WIND DIRECTION    SE (140)
  HIGHEST GUST SPEED    25   HIGHEST GUST DIRECTION    SE (150)
  AVERAGE WIND SPEED     8.1


SKY COVER
  POSSIBLE SUNSHINE  MM
  AVERAGE SKY COVER 0.0


WEATHER CONDITIONS
 THE FOLLOWING WEATHER WAS RECORDED YESTERDAY.
  FOG


RELATIVE HUMIDITY (PERCENT)
 HIGHEST   100           500 AM
 LOWEST     43           200 PM
 AVERAGE    72

..........................................................


THE HURON SD CLIMATE NORMALS FOR TODAY
                         NORMAL    RECORD    YEAR
 MAXIMUM TEMPERATURE (F)   72        97      1926
 MINIMUM TEMPERATURE (F)   49        32      1947


SUNRISE AND SUNSET
MAY 23 2018...........SUNRISE   558 AM CDT   SUNSET   902 PM CDT
MAY 24 2018...........SUNRISE   557 AM CDT   SUNSET   903 PM CDT


-  INDICATES NEGATIVE NUMBERS.
R  INDICATES RECORD WAS SET OR TIED.
MM INDICATES DATA IS MISSING.
T  INDICATES TRACE AMOUNT.




$$
