000
CDUS43 KFSD 240633
CLIHON


CLIMATE REPORT
NATIONAL WEATHER SERVICE SIOUX FALLS SD
131 AM CDT TUE APR 24 2018


...................................

...THE HURON SD CLIMATE SUMMARY FOR APRIL 23 2018...

CLIMATE NORMAL PERIOD 1981 TO 2010
CLIMATE RECORD PERIOD 1881 TO 2018


WEATHER ITEM   OBSERVED TIME   RECORD YEAR NORMAL DEPARTURE LAST
                VALUE   (LST)  VALUE       VALUE  FROM      YEAR
                                                  NORMAL
..................................................................
TEMPERATURE (F)
 YESTERDAY
  MAXIMUM         70    355 PM  91    2009  63      7       74
  MINIMUM         38    557 AM   8    2013  37      1       35
  AVERAGE         54                        50      4       55

PRECIPITATION (IN)
  YESTERDAY        0.00          1.23 2010   0.08  -0.08     0.00
  MONTH TO DATE    2.21                      1.69   0.52     1.18
  SINCE MAR 1      4.17                      3.15   1.02     1.95
  SINCE JAN 1      5.51                      4.25   1.26     2.75

SNOWFALL (IN)
  YESTERDAY        0.0           2.8  2001   0.1   -0.1      0.0
  MONTH TO DATE   21.9                       3.6   18.3       T
  SINCE MAR 1     30.8                      12.5   18.3     13.9
  SINCE JUL 1     58.7                      43.5   15.2     35.9
  SNOW DEPTH       0

DEGREE DAYS
 HEATING
  YESTERDAY       11                        15     -4       10
  MONTH TO DATE  748                       462    286      376
  SINCE MAR 1   1782                      1449    333     1323
  SINCE JUL 1   7730                      7281    449     6472

 COOLING
  YESTERDAY        0                         0      0        0
  MONTH TO DATE    0                         0      0        0
  SINCE MAR 1      0                         0      0        0
  SINCE JAN 1      0                         0      0        0
..................................................................


WIND (MPH)
  HIGHEST WIND SPEED    13   HIGHEST WIND DIRECTION    SE (150)
  HIGHEST GUST SPEED    19   HIGHEST GUST DIRECTION    SE (140)
  AVERAGE WIND SPEED     6.9


SKY COVER
  POSSIBLE SUNSHINE  MM
  AVERAGE SKY COVER 0.4


WEATHER CONDITIONS
 THE FOLLOWING WEATHER WAS RECORDED YESTERDAY.
  FOG


RELATIVE HUMIDITY (PERCENT)
 HIGHEST    92           400 AM
 LOWEST     32           200 PM
 AVERAGE    62

..........................................................


THE HURON SD CLIMATE NORMALS FOR TODAY
                         NORMAL    RECORD    YEAR
 MAXIMUM TEMPERATURE (F)   63        90      1906
 MINIMUM TEMPERATURE (F)   37        21      2005


SUNRISE AND SUNSET
APRIL 24 2018.........SUNRISE   634 AM CDT   SUNSET   829 PM CDT
APRIL 25 2018.........SUNRISE   633 AM CDT   SUNSET   830 PM CDT


-  INDICATES NEGATIVE NUMBERS.
R  INDICATES RECORD WAS SET OR TIED.
MM INDICATES DATA IS MISSING.
T  INDICATES TRACE AMOUNT.




$$
