000
CDUS43 KFSD 190641
CLIHON


CLIMATE REPORT
NATIONAL WEATHER SERVICE SIOUX FALLS SD
138 AM CDT SAT MAY 19 2018


...................................

...THE HURON SD CLIMATE SUMMARY FOR MAY 18 2018...

CLIMATE NORMAL PERIOD 1981 TO 2010
CLIMATE RECORD PERIOD 1881 TO 2018


WEATHER ITEM   OBSERVED TIME   RECORD YEAR NORMAL DEPARTURE LAST
                VALUE   (LST)  VALUE       VALUE  FROM      YEAR
                                                  NORMAL
..................................................................
TEMPERATURE (F)
 YESTERDAY
  MAXIMUM         76    359 PM 100    1934  71      5       63
  MINIMUM         49   1159 PM  26    2002  47      2       43
  AVERAGE         63                        59      4       53

PRECIPITATION (IN)
  YESTERDAY        0.01          1.44 1882   0.11  -0.10     0.06
  MONTH TO DATE    1.22                      1.71  -0.49     0.53
  SINCE MAR 1      5.47                      5.48  -0.01     2.48
  SINCE JAN 1      6.81                      6.58   0.23     3.28

SNOWFALL (IN)
  YESTERDAY        0.0           0.3  1968   0.0    0.0      0.0
  MONTH TO DATE    0.0                       0.1   -0.1      0.0
  SINCE MAR 1     30.8                      13.0   17.8     13.9
  SINCE JUL 1     58.7                      44.0   14.7     35.9
  SNOW DEPTH       0

DEGREE DAYS
 HEATING
  YESTERDAY        2                         7     -5       12
  MONTH TO DATE   87                       173    -86      109
  SINCE MAR 1   1959                      1719    240     1599
  SINCE JUL 1   7907                      7551    356     6748

 COOLING
  YESTERDAY        0                         1     -1        0
  MONTH TO DATE   23                        15      8       21
  SINCE MAR 1     25                        19      6       21
  SINCE JAN 1     25                        19      6       21
..................................................................


WIND (MPH)
  HIGHEST WIND SPEED    26   HIGHEST WIND DIRECTION     N (360)
  HIGHEST GUST SPEED    37   HIGHEST GUST DIRECTION     N (360)
  AVERAGE WIND SPEED    12.4


SKY COVER
  POSSIBLE SUNSHINE  MM
  AVERAGE SKY COVER 0.4


WEATHER CONDITIONS
 THE FOLLOWING WEATHER WAS RECORDED YESTERDAY.
  LIGHT RAIN


RELATIVE HUMIDITY (PERCENT)
 HIGHEST    90           400 AM
 LOWEST     44          1200 AM
 AVERAGE    67

..........................................................


THE HURON SD CLIMATE NORMALS FOR TODAY
                         NORMAL    RECORD    YEAR
 MAXIMUM TEMPERATURE (F)   71        99      1934
 MINIMUM TEMPERATURE (F)   47        26      1895


SUNRISE AND SUNSET
MAY 19 2018...........SUNRISE   601 AM CDT   SUNSET   858 PM CDT
MAY 20 2018...........SUNRISE   601 AM CDT   SUNSET   859 PM CDT


-  INDICATES NEGATIVE NUMBERS.
R  INDICATES RECORD WAS SET OR TIED.
MM INDICATES DATA IS MISSING.
T  INDICATES TRACE AMOUNT.




$$
