000
CDUS43 KFSD 130631
CLIHON


CLIMATE REPORT
NATIONAL WEATHER SERVICE SIOUX FALLS SD
130 AM CDT FRI APR 13 2018


...................................

...THE HURON SD CLIMATE SUMMARY FOR APRIL 12 2018...

CLIMATE NORMAL PERIOD 1981 TO 2010
CLIMATE RECORD PERIOD 1881 TO 2018


WEATHER ITEM   OBSERVED TIME   RECORD YEAR NORMAL DEPARTURE LAST
                VALUE   (LST)  VALUE       VALUE  FROM      YEAR
                                                  NORMAL
..................................................................
TEMPERATURE (F)
 YESTERDAY
  MAXIMUM         52    320 PM  89    1931  58     -6       60
  MINIMUM         28    455 AM   6    1961  33     -5       33
  AVERAGE         40                        45     -5       47

PRECIPITATION (IN)
  YESTERDAY        0.00          2.28 1970   0.08  -0.08     0.00
  MONTH TO DATE    0.46                      0.83  -0.37     0.70
  SINCE MAR 1      2.42                      2.29   0.13     1.47
  SINCE JAN 1      3.76                      3.39   0.37     2.27

SNOWFALL (IN)
  YESTERDAY        0.0           4.6  1970   0.1   -0.1      0.0
  MONTH TO DATE    4.3                       2.1    2.2       T
  SINCE MAR 1     13.2                      11.0    2.2     13.9
  SINCE JUL 1     41.1                      42.0   -0.9     35.9
  SNOW DEPTH       0

DEGREE DAYS
 HEATING
  YESTERDAY       25                        20      5       18
  MONTH TO DATE  434                       270    164      213
  SINCE MAR 1   1468                      1257    211     1160
  SINCE JUL 1   7416                      7089    327     6309

 COOLING
  YESTERDAY        0                         0      0        0
  MONTH TO DATE    0                         0      0        0
  SINCE MAR 1      0                         0      0        0
  SINCE JAN 1      0                         0      0        0
..................................................................


WIND (MPH)
  HIGHEST WIND SPEED    18   HIGHEST WIND DIRECTION    NE (60)
  HIGHEST GUST SPEED    24   HIGHEST GUST DIRECTION    NE (50)
  AVERAGE WIND SPEED     8.4


SKY COVER
  POSSIBLE SUNSHINE  MM
  AVERAGE SKY COVER 0.8


WEATHER CONDITIONS
 THE FOLLOWING WEATHER WAS RECORDED YESTERDAY.
  FOG
  FOG W/VISIBILITY <= 1/4 MILE


RELATIVE HUMIDITY (PERCENT)
 HIGHEST   100          1200 AM
 LOWEST     74           200 PM
 AVERAGE    87

..........................................................


THE HURON SD CLIMATE NORMALS FOR TODAY
                         NORMAL    RECORD    YEAR
 MAXIMUM TEMPERATURE (F)   58        90      1908
 MINIMUM TEMPERATURE (F)   33        14      1950
                                             1928


SUNRISE AND SUNSET
APRIL 13 2018.........SUNRISE   652 AM CDT   SUNSET   815 PM CDT
APRIL 14 2018.........SUNRISE   651 AM CDT   SUNSET   816 PM CDT


-  INDICATES NEGATIVE NUMBERS.
R  INDICATES RECORD WAS SET OR TIED.
MM INDICATES DATA IS MISSING.
T  INDICATES TRACE AMOUNT.




$$
