000
CDUS43 KFSD 180650
CLIHON


CLIMATE REPORT
NATIONAL WEATHER SERVICE SIOUX FALLS SD
149 AM CDT FRI MAY 18 2018


...................................

...THE HURON SD CLIMATE SUMMARY FOR MAY 17 2018...

CLIMATE NORMAL PERIOD 1981 TO 2010
CLIMATE RECORD PERIOD 1881 TO 2018


WEATHER ITEM   OBSERVED TIME   RECORD YEAR NORMAL DEPARTURE LAST
                VALUE   (LST)  VALUE       VALUE  FROM      YEAR
                                                  NORMAL
..................................................................
TEMPERATURE (F)
 YESTERDAY
  MAXIMUM         85    312 PM 104    1934  71     14       61
  MINIMUM         61    541 AM  28    1968  47     14       50
  AVERAGE         73                        58     15       56

PRECIPITATION (IN)
  YESTERDAY        0.00          2.27 1892   0.10  -0.10     0.14
  MONTH TO DATE    1.21                      1.60  -0.39     0.47
  SINCE MAR 1      5.46                      5.37   0.09     2.42
  SINCE JAN 1      6.80                      6.47   0.33     3.22

SNOWFALL (IN)
  YESTERDAY        0.0           0.0    MM   0.0    0.0      0.0
  MONTH TO DATE    0.0                       0.1   -0.1      0.0
  SINCE MAR 1     30.8                      13.0   17.8     13.9
  SINCE JUL 1     58.7                      44.0   14.7     35.9
  SNOW DEPTH       0

DEGREE DAYS
 HEATING
  YESTERDAY        0                         7     -7        9
  MONTH TO DATE   85                       166    -81       97
  SINCE MAR 1   1957                      1712    245     1587
  SINCE JUL 1   7905                      7544    361     6736

 COOLING
  YESTERDAY        8                         1      7        0
  MONTH TO DATE   23                        14      9       21
  SINCE MAR 1     25                        18      7       21
  SINCE JAN 1     25                        18      7       21
..................................................................


WIND (MPH)
  HIGHEST WIND SPEED    24   HIGHEST WIND DIRECTION     S (160)
  HIGHEST GUST SPEED    38   HIGHEST GUST DIRECTION     S (170)
  AVERAGE WIND SPEED    12.3


SKY COVER
  POSSIBLE SUNSHINE  MM
  AVERAGE SKY COVER 0.1


WEATHER CONDITIONS
 THE FOLLOWING WEATHER WAS RECORDED YESTERDAY.
  NO SIGNIFICANT WEATHER WAS OBSERVED.


RELATIVE HUMIDITY (PERCENT)
 HIGHEST    78           400 AM
 LOWEST     32           400 PM
 AVERAGE    55

..........................................................


THE HURON SD CLIMATE NORMALS FOR TODAY
                         NORMAL    RECORD    YEAR
 MAXIMUM TEMPERATURE (F)   71       100      1934
 MINIMUM TEMPERATURE (F)   47        26      2002


SUNRISE AND SUNSET
MAY 18 2018...........SUNRISE   602 AM CDT   SUNSET   857 PM CDT
MAY 19 2018...........SUNRISE   601 AM CDT   SUNSET   858 PM CDT


-  INDICATES NEGATIVE NUMBERS.
R  INDICATES RECORD WAS SET OR TIED.
MM INDICATES DATA IS MISSING.
T  INDICATES TRACE AMOUNT.




$$
