000
CDUS43 KFSD 120644
CLIHON


CLIMATE REPORT
NATIONAL WEATHER SERVICE SIOUX FALLS SD
143 AM CDT THU APR 12 2018


...................................

...THE HURON SD CLIMATE SUMMARY FOR APRIL 11 2018...

CLIMATE NORMAL PERIOD 1981 TO 2010
CLIMATE RECORD PERIOD 1881 TO 2018


WEATHER ITEM   OBSERVED TIME   RECORD YEAR NORMAL DEPARTURE LAST
                VALUE   (LST)  VALUE       VALUE  FROM      YEAR
                                                  NORMAL
..................................................................
TEMPERATURE (F)
 YESTERDAY
  MAXIMUM         52    245 PM  86    1931  57     -5       60
  MINIMUM         29   1139 PM   7    1997  32     -3       21
  AVERAGE         41                        44     -3       41

PRECIPITATION (IN)
  YESTERDAY        T             1.51 1991   0.07  -0.07     0.00
                                      1979
  MONTH TO DATE    0.46                      0.75  -0.29     0.70
  SINCE MAR 1      2.42                      2.21   0.21     1.47
  SINCE JAN 1      3.76                      3.31   0.45     2.27

SNOWFALL (IN)
  YESTERDAY        0.0           6.4  1995   0.2   -0.2      0.0
  MONTH TO DATE    4.3                       2.0    2.3       T
  SINCE MAR 1     13.2                      10.9    2.3     13.9
  SINCE JUL 1     41.1                      41.9   -0.8     35.9
  SNOW DEPTH       0

DEGREE DAYS
 HEATING
  YESTERDAY       24                        21      3       24
  MONTH TO DATE  409                       250    159      195
  SINCE MAR 1   1443                      1237    206     1142
  SINCE JUL 1   7391                      7069    322     6291

 COOLING
  YESTERDAY        0                         0      0        0
  MONTH TO DATE    0                         0      0        0
  SINCE MAR 1      0                         0      0        0
  SINCE JAN 1      0                         0      0        0
..................................................................


WIND (MPH)
  HIGHEST WIND SPEED    21   HIGHEST WIND DIRECTION    SE (130)
  HIGHEST GUST SPEED    28   HIGHEST GUST DIRECTION    SE (140)
  AVERAGE WIND SPEED     8.3


SKY COVER
  POSSIBLE SUNSHINE  MM
  AVERAGE SKY COVER 0.2


WEATHER CONDITIONS
 THE FOLLOWING WEATHER WAS RECORDED YESTERDAY.
  LIGHT RAIN
  FOG
  FOG W/VISIBILITY <= 1/4 MILE


RELATIVE HUMIDITY (PERCENT)
 HIGHEST   100           900 PM
 LOWEST     56          1200 PM
 AVERAGE    78

..........................................................


THE HURON SD CLIMATE NORMALS FOR TODAY
                         NORMAL    RECORD    YEAR
 MAXIMUM TEMPERATURE (F)   58        89      1931
 MINIMUM TEMPERATURE (F)   33         6      1961


SUNRISE AND SUNSET
APRIL 12 2018.........SUNRISE   654 AM CDT   SUNSET   814 PM CDT
APRIL 13 2018.........SUNRISE   652 AM CDT   SUNSET   815 PM CDT


-  INDICATES NEGATIVE NUMBERS.
R  INDICATES RECORD WAS SET OR TIED.
MM INDICATES DATA IS MISSING.
T  INDICATES TRACE AMOUNT.




$$
