178
CDUS43 KFSD 140654
CLIHON


CLIMATE REPORT
NATIONAL WEATHER SERVICE SIOUX FALLS SD
153 AM CDT SAT APR 14 2018


...................................

...THE HURON SD CLIMATE SUMMARY FOR APRIL 13 2018...

CLIMATE NORMAL PERIOD 1981 TO 2010
CLIMATE RECORD PERIOD 1881 TO 2018


WEATHER ITEM   OBSERVED TIME   RECORD YEAR NORMAL DEPARTURE LAST
                VALUE   (LST)  VALUE       VALUE  FROM      YEAR
                                                  NORMAL
..................................................................
TEMPERATURE (F)
 YESTERDAY
  MAXIMUM         37    131 AM  90    1908  58    -21       64
  MINIMUM         26   1052 PM  14    1950  33     -7       31
                                      1928
  AVERAGE         32                        45    -13       48

PRECIPITATION (IN)
  YESTERDAY       MM             1.98 1892   0.08  MM        0.00
  MONTH TO DATE    0.46                      0.91  -0.45     0.70
  SINCE MAR 1      2.42                      2.37   0.05     1.47
  SINCE JAN 1      3.76                      3.47   0.29     2.27

SNOWFALL (IN)
  YESTERDAY        8.0 R         4.6  1928   0.2    7.8      0.0
  MONTH TO DATE   12.3                       2.3   10.0       T
  SINCE MAR 1     21.2                      11.2   10.0     13.9
  SINCE JUL 1     49.1                      42.2    6.9     35.9
  SNOW DEPTH       8

DEGREE DAYS
 HEATING
  YESTERDAY       33                        20     13       17
  MONTH TO DATE  467                       290    177      230
  SINCE MAR 1   1501                      1277    224     1177
  SINCE JUL 1   7449                      7109    340     6326

 COOLING
  YESTERDAY        0                         0      0        0
  MONTH TO DATE    0                         0      0        0
  SINCE MAR 1      0                         0      0        0
  SINCE JAN 1      0                         0      0        0
..................................................................


WIND (MPH)
  HIGHEST WIND SPEED    37   HIGHEST WIND DIRECTION     N (350)
  HIGHEST GUST SPEED    53   HIGHEST GUST DIRECTION     N (20)
  AVERAGE WIND SPEED    23.5


SKY COVER
  POSSIBLE SUNSHINE  MM
  AVERAGE SKY COVER 1.0


WEATHER CONDITIONS
 THE FOLLOWING WEATHER WAS RECORDED YESTERDAY.
  HEAVY SNOW
  SNOW
  LIGHT SNOW
  FOG
  FOG W/VISIBILITY <= 1/4 MILE


RELATIVE HUMIDITY (PERCENT)
 HIGHEST   100          1100 AM
 LOWEST     70           900 AM
 AVERAGE    85

..........................................................


THE HURON SD CLIMATE NORMALS FOR TODAY
                         NORMAL    RECORD    YEAR
 MAXIMUM TEMPERATURE (F)   59        91      2003
 MINIMUM TEMPERATURE (F)   33         6      1928


SUNRISE AND SUNSET
APRIL 14 2018.........SUNRISE   651 AM CDT   SUNSET   816 PM CDT
APRIL 15 2018.........SUNRISE   649 AM CDT   SUNSET   818 PM CDT


-  INDICATES NEGATIVE NUMBERS.
R  INDICATES RECORD WAS SET OR TIED.
MM INDICATES DATA IS MISSING.
T  INDICATES TRACE AMOUNT.




$$
