000
CDUS43 KFSD 060650
CLIHON


CLIMATE REPORT
NATIONAL WEATHER SERVICE SIOUX FALLS SD
150 AM CDT FRI APR 6 2018


...................................

...THE HURON SD CLIMATE SUMMARY FOR APRIL 5 2018...

CLIMATE NORMAL PERIOD 1981 TO 2010
CLIMATE RECORD PERIOD 1881 TO 2018


WEATHER ITEM   OBSERVED TIME   RECORD YEAR NORMAL DEPARTURE LAST
                VALUE   (LST)  VALUE       VALUE  FROM      YEAR
                                                  NORMAL
..................................................................
TEMPERATURE (F)
 YESTERDAY
  MAXIMUM         43    217 PM  85    1992  54    -11       53
  MINIMUM         15    605 AM   7    1926  30    -15       29
  AVERAGE         29                        42    -13       41

PRECIPITATION (IN)
  YESTERDAY        T             1.05 1997   0.07  -0.07     0.09
  MONTH TO DATE    0.16                      0.32  -0.16     0.18
  SINCE MAR 1      2.12                      1.78   0.34     0.95
  SINCE JAN 1      3.46                      2.88   0.58     1.75

SNOWFALL (IN)
  YESTERDAY        0.0          12.4  1938   0.1   -0.1      0.0
  MONTH TO DATE    2.0                       0.9    1.1      0.0
  SINCE MAR 1     10.9                       9.8    1.1     13.9
  SINCE JUL 1     38.8                      40.8   -2.0     35.9
  SNOW DEPTH       T

DEGREE DAYS
 HEATING
  YESTERDAY       36                        23     13       24
  MONTH TO DATE  202                       120     82       85
  SINCE MAR 1   1236                      1107    129     1032
  SINCE JUL 1   7184                      6939    245     6181

 COOLING
  YESTERDAY        0                         0      0        0
  MONTH TO DATE    0                         0      0        0
  SINCE MAR 1      0                         0      0        0
  SINCE JAN 1      0                         0      0        0
..................................................................


WIND (MPH)
  HIGHEST WIND SPEED    29   HIGHEST WIND DIRECTION     N (350)
  HIGHEST GUST SPEED    38   HIGHEST GUST DIRECTION     N (340)
  AVERAGE WIND SPEED     9.1


SKY COVER
  POSSIBLE SUNSHINE  MM
  AVERAGE SKY COVER 0.2


WEATHER CONDITIONS
 THE FOLLOWING WEATHER WAS RECORDED YESTERDAY.
  LIGHT SNOW
  FOG
  HAZE


RELATIVE HUMIDITY (PERCENT)
 HIGHEST    92           100 AM
 LOWEST     59           100 PM
 AVERAGE    76

..........................................................


THE HURON SD CLIMATE NORMALS FOR TODAY
                         NORMAL    RECORD    YEAR
 MAXIMUM TEMPERATURE (F)   54        88      1991
 MINIMUM TEMPERATURE (F)   30         8      1990


SUNRISE AND SUNSET
APRIL  6 2018.........SUNRISE   705 AM CDT   SUNSET   806 PM CDT
APRIL  7 2018.........SUNRISE   703 AM CDT   SUNSET   808 PM CDT


-  INDICATES NEGATIVE NUMBERS.
R  INDICATES RECORD WAS SET OR TIED.
MM INDICATES DATA IS MISSING.
T  INDICATES TRACE AMOUNT.




$$
