000
CDUS43 KFSD 170631
CLIHON


CLIMATE REPORT
NATIONAL WEATHER SERVICE SIOUX FALLS SD
130 AM CDT THU MAY 17 2018


...................................

...THE HURON SD CLIMATE SUMMARY FOR MAY 16 2018...

CLIMATE NORMAL PERIOD 1981 TO 2010
CLIMATE RECORD PERIOD 1881 TO 2018


WEATHER ITEM   OBSERVED TIME   RECORD YEAR NORMAL DEPARTURE LAST
                VALUE   (LST)  VALUE       VALUE  FROM      YEAR
                                                  NORMAL
..................................................................
TEMPERATURE (F)
 YESTERDAY
  MAXIMUM         86    443 PM  98    1934  70     16       80
  MINIMUM         57    517 AM  29    1929  46     11       59
                                      1891
  AVERAGE         72                        58     14       70

PRECIPITATION (IN)
  YESTERDAY        0.00          1.88 1904   0.10  -0.10     0.01
  MONTH TO DATE    1.21                      1.50  -0.29     0.33
  SINCE MAR 1      5.46                      5.27   0.19     2.28
  SINCE JAN 1      6.80                      6.37   0.43     3.08

SNOWFALL (IN)
  YESTERDAY        0.0           T    1930   0.0    0.0      0.0
                                      1925
  MONTH TO DATE    0.0                       0.1   -0.1      0.0
  SINCE MAR 1     30.8                      13.0   17.8     13.9
  SINCE JUL 1     58.7                      44.0   14.7     35.9
  SNOW DEPTH       0

DEGREE DAYS
 HEATING
  YESTERDAY        0                         8     -8        0
  MONTH TO DATE   85                       159    -74       88
  SINCE MAR 1   1957                      1705    252     1578
  SINCE JUL 1   7905                      7537    368     6727

 COOLING
  YESTERDAY        7                         1      6        5
  MONTH TO DATE   15                        13      2       21
  SINCE MAR 1     17                        17      0       21
  SINCE JAN 1     17                        17      0       21
..................................................................


WIND (MPH)
  HIGHEST WIND SPEED    16   HIGHEST WIND DIRECTION     S (180)
  HIGHEST GUST SPEED    22   HIGHEST GUST DIRECTION     S (180)
  AVERAGE WIND SPEED     8.6


SKY COVER
  POSSIBLE SUNSHINE  MM
  AVERAGE SKY COVER 0.0


WEATHER CONDITIONS
 THE FOLLOWING WEATHER WAS RECORDED YESTERDAY.
  FOG
  HAZE


RELATIVE HUMIDITY (PERCENT)
 HIGHEST    86           500 AM
 LOWEST     34           200 PM
 AVERAGE    60

..........................................................


THE HURON SD CLIMATE NORMALS FOR TODAY
                         NORMAL    RECORD    YEAR
 MAXIMUM TEMPERATURE (F)   71       104      1934
 MINIMUM TEMPERATURE (F)   47        28      1968


SUNRISE AND SUNSET
MAY 17 2018...........SUNRISE   603 AM CDT   SUNSET   856 PM CDT
MAY 18 2018...........SUNRISE   602 AM CDT   SUNSET   857 PM CDT


-  INDICATES NEGATIVE NUMBERS.
R  INDICATES RECORD WAS SET OR TIED.
MM INDICATES DATA IS MISSING.
T  INDICATES TRACE AMOUNT.




$$
