000
CDUS43 KFSD 302222
CLIHON


CLIMATE REPORT
NATIONAL WEATHER SERVICE SIOUX FALLS SD
522 PM CDT FRI MAR 30 2018


...................................

...THE HURON SD CLIMATE SUMMARY FOR MARCH 30 2018...
VALID TODAY AS OF 0500 PM LOCAL TIME.

CLIMATE NORMAL PERIOD 1981 TO 2010
CLIMATE RECORD PERIOD 1881 TO 2018


WEATHER ITEM   OBSERVED TIME   RECORD YEAR NORMAL DEPARTURE LAST
                VALUE   (LST)  VALUE       VALUE  FROM      YEAR
                                                  NORMAL
..................................................................
TEMPERATURE (F)
 TODAY
  MAXIMUM         42    358 PM  89    1943  51     -9       48
  MINIMUM         26    524 AM  -4    1969  28     -2       36
  AVERAGE         34                        39     -5       42

PRECIPITATION (IN)
  TODAY            0.00          0.62 1891   0.07  -0.07     0.00
  MONTH TO DATE    1.96                      1.39   0.57     0.77
  SINCE MAR 1      1.96                      1.39   0.57     0.77
  SINCE JAN 1      3.30                      2.49   0.81     1.57

SNOWFALL (IN)
  TODAY            0.0           1.8  2009   0.3   -0.3      0.0
                                      1949
  MONTH TO DATE    8.9                       8.7    0.2     13.9
  SINCE MAR 1      8.9                       8.7    0.2     13.9
  SINCE JUL 1     36.8                      39.7   -2.9     35.9
  SNOW DEPTH       0

DEGREE DAYS
 HEATING
  TODAY           31                        26      5       23
  MONTH TO DATE  995                       962     33      930
  SINCE MAR 1    995                       962     33      930
  SINCE JUL 1   6943                      6794    149     6079

 COOLING
  TODAY            0                         0      0        0
  MONTH TO DATE    0                         0      0        0
  SINCE MAR 1      0                         0      0        0
  SINCE JAN 1      0                         0      0        0
..................................................................


WIND (MPH)
  HIGHEST WIND SPEED    17   HIGHEST WIND DIRECTION    NW (320)
  HIGHEST GUST SPEED    22   HIGHEST GUST DIRECTION    NW (320)
  AVERAGE WIND SPEED     7.8


SKY COVER
  POSSIBLE SUNSHINE  MM
  AVERAGE SKY COVER 0.8


WEATHER CONDITIONS
 THE FOLLOWING WEATHER WAS RECORDED TODAY.
  NO SIGNIFICANT WEATHER WAS OBSERVED.


RELATIVE HUMIDITY (PERCENT)
 HIGHEST    92           500 AM
 LOWEST     62           400 PM
 AVERAGE    77

..........................................................


THE HURON SD CLIMATE NORMALS FOR TOMORROW
                         NORMAL    RECORD    YEAR
 MAXIMUM TEMPERATURE (F)   51        86      1963
                                             1946
 MINIMUM TEMPERATURE (F)   28         2      1975
                                             1924


SUNRISE AND SUNSET
MARCH 30 2018.........SUNRISE   718 AM CDT   SUNSET   758 PM CDT
MARCH 31 2018.........SUNRISE   716 AM CDT   SUNSET   759 PM CDT


-  INDICATES NEGATIVE NUMBERS.
R  INDICATES RECORD WAS SET OR TIED.
MM INDICATES DATA IS MISSING.
T  INDICATES TRACE AMOUNT.




$$
