000
CDUS43 KFSD 072226
CLIHON


CLIMATE REPORT
NATIONAL WEATHER SERVICE SIOUX FALLS SD
524 PM CDT SAT APR 7 2018


...................................

...THE HURON SD CLIMATE SUMMARY FOR APRIL 7 2018...
VALID TODAY AS OF 0500 PM LOCAL TIME.

CLIMATE NORMAL PERIOD 1981 TO 2010
CLIMATE RECORD PERIOD 1881 TO 2018


WEATHER ITEM   OBSERVED TIME   RECORD YEAR NORMAL DEPARTURE LAST
                VALUE   (LST)  VALUE       VALUE  FROM      YEAR
                                                  NORMAL
..................................................................
TEMPERATURE (F)
 TODAY
  MAXIMUM         38    355 PM  82    1988  55    -17       71
                                      1970
  MINIMUM          9R   558 AM   9    1936  31    -22       35
  AVERAGE         24                        43    -19       53

PRECIPITATION (IN)
  TODAY            0.00          1.10 2000   0.07  -0.07     0.00
  MONTH TO DATE    0.16                      0.46  -0.30     0.18
  SINCE MAR 1      2.12                      1.92   0.20     0.95
  SINCE JAN 1      3.46                      3.02   0.44     1.75

SNOWFALL (IN)
  TODAY            0.0          11.0  2000   0.2   -0.2      0.0
  MONTH TO DATE    2.0                       1.3    0.7      0.0
  SINCE MAR 1     10.9                      10.2    0.7     13.9
  SINCE JUL 1     38.8                      41.2   -2.4     35.9
  SNOW DEPTH       0

DEGREE DAYS
 HEATING
  TODAY           41                        22     19       12
  MONTH TO DATE  291                       165    126      122
  SINCE MAR 1   1325                      1152    173     1069
  SINCE JUL 1   7273                      6984    289     6218

 COOLING
  TODAY            0                         0      0        0
  MONTH TO DATE    0                         0      0        0
  SINCE MAR 1      0                         0      0        0
  SINCE JAN 1      0                         0      0        0
..................................................................


WIND (MPH)
  HIGHEST WIND SPEED    13   HIGHEST WIND DIRECTION     S (160)
  HIGHEST GUST SPEED    18   HIGHEST GUST DIRECTION    SW (210)
  AVERAGE WIND SPEED     3.7


SKY COVER
  POSSIBLE SUNSHINE  MM
  AVERAGE SKY COVER 0.0


WEATHER CONDITIONS
 THE FOLLOWING WEATHER WAS RECORDED TODAY.
  NO SIGNIFICANT WEATHER WAS OBSERVED.


RELATIVE HUMIDITY (PERCENT)
 HIGHEST    92           200 AM
 LOWEST     35           400 PM
 AVERAGE    64

..........................................................


THE HURON SD CLIMATE NORMALS FOR TOMORROW
                         NORMAL    RECORD    YEAR
 MAXIMUM TEMPERATURE (F)   55        94      1887
 MINIMUM TEMPERATURE (F)   31         7      2007


SUNRISE AND SUNSET
APRIL  7 2018.........SUNRISE   703 AM CDT   SUNSET   808 PM CDT
APRIL  8 2018.........SUNRISE   701 AM CDT   SUNSET   809 PM CDT


-  INDICATES NEGATIVE NUMBERS.
R  INDICATES RECORD WAS SET OR TIED.
MM INDICATES DATA IS MISSING.
T  INDICATES TRACE AMOUNT.




$$
