986
CDUS43 KFSD 220628
CLIHON


CLIMATE REPORT
NATIONAL WEATHER SERVICE SIOUX FALLS SD
127 AM CDT SUN APR 22 2018


...................................

...THE HURON SD CLIMATE SUMMARY FOR APRIL 21 2018...

CLIMATE NORMAL PERIOD 1981 TO 2010
CLIMATE RECORD PERIOD 1881 TO 2018


WEATHER ITEM   OBSERVED TIME   RECORD YEAR NORMAL DEPARTURE LAST
                VALUE   (LST)  VALUE       VALUE  FROM      YEAR
                                                  NORMAL
..................................................................
TEMPERATURE (F)
 YESTERDAY
  MAXIMUM         53    514 PM  97    1980  62     -9       65
  MINIMUM         37   1159 PM  13    1927  36      1       30
  AVERAGE         45                        49     -4       48

PRECIPITATION (IN)
  YESTERDAY        T             1.19 1964   0.08  -0.08     0.00
  MONTH TO DATE    2.21                      1.53   0.68     1.18
  SINCE MAR 1      4.17                      2.99   1.18     1.95
  SINCE JAN 1      5.51                      4.09   1.42     2.75

SNOWFALL (IN)
  YESTERDAY        0.0           1.4  2002   0.1   -0.1      0.0
  MONTH TO DATE   21.9                       3.4   18.5       T
  SINCE MAR 1     30.8                      12.3   18.5     13.9
  SINCE JUL 1     58.7                      43.3   15.4     35.9
  SNOW DEPTH       0

DEGREE DAYS
 HEATING
  YESTERDAY       20                        16      4       17
  MONTH TO DATE  721                       431    290      352
  SINCE MAR 1   1755                      1418    337     1299
  SINCE JUL 1   7703                      7250    453     6448

 COOLING
  YESTERDAY        0                         0      0        0
  MONTH TO DATE    0                         0      0        0
  SINCE MAR 1      0                         0      0        0
  SINCE JAN 1      0                         0      0        0
..................................................................


WIND (MPH)
  HIGHEST WIND SPEED    14   HIGHEST WIND DIRECTION    SE (130)
  HIGHEST GUST SPEED    21   HIGHEST GUST DIRECTION     S (170)
  AVERAGE WIND SPEED     6.0


SKY COVER
  POSSIBLE SUNSHINE  MM
  AVERAGE SKY COVER 0.7


WEATHER CONDITIONS
 THE FOLLOWING WEATHER WAS RECORDED YESTERDAY.
  LIGHT RAIN
  FOG


RELATIVE HUMIDITY (PERCENT)
 HIGHEST    85          1200 AM
 LOWEST     50           500 PM
 AVERAGE    68

..........................................................


THE HURON SD CLIMATE NORMALS FOR TODAY
                         NORMAL    RECORD    YEAR
 MAXIMUM TEMPERATURE (F)   62        92      1990
 MINIMUM TEMPERATURE (F)   37        19      2015


SUNRISE AND SUNSET
APRIL 22 2018.........SUNRISE   637 AM CDT   SUNSET   826 PM CDT
APRIL 23 2018.........SUNRISE   636 AM CDT   SUNSET   827 PM CDT


-  INDICATES NEGATIVE NUMBERS.
R  INDICATES RECORD WAS SET OR TIED.
MM INDICATES DATA IS MISSING.
T  INDICATES TRACE AMOUNT.




$$
