943
CDUS43 KFSD 250644
CLIHON


CLIMATE REPORT
NATIONAL WEATHER SERVICE SIOUX FALLS SD
143 AM CDT WED APR 25 2018


...................................

...THE HURON SD CLIMATE SUMMARY FOR APRIL 24 2018...

CLIMATE NORMAL PERIOD 1981 TO 2010
CLIMATE RECORD PERIOD 1881 TO 2018


WEATHER ITEM   OBSERVED TIME   RECORD YEAR NORMAL DEPARTURE LAST
                VALUE   (LST)  VALUE       VALUE  FROM      YEAR
                                                  NORMAL
..................................................................
TEMPERATURE (F)
 YESTERDAY
  MAXIMUM         56    122 AM  90    1906  63     -7       64
  MINIMUM         31   1148 PM  21    2005  37     -6       39
  AVERAGE         44                        50     -6       52

PRECIPITATION (IN)
  YESTERDAY        0.08          1.29 1935   0.09  -0.01     0.00
  MONTH TO DATE    2.29                      1.78   0.51     1.18
  SINCE MAR 1      4.25                      3.24   1.01     1.95
  SINCE JAN 1      5.59                      4.34   1.25     2.75

SNOWFALL (IN)
  YESTERDAY        0.0           1.0  2009   0.1   -0.1      0.0
                                      1937
  MONTH TO DATE   21.9                       3.7   18.2       T
  SINCE MAR 1     30.8                      12.6   18.2     13.9
  SINCE JUL 1     58.7                      43.6   15.1     35.9
  SNOW DEPTH       0

DEGREE DAYS
 HEATING
  YESTERDAY       21                        15      6       13
  MONTH TO DATE  769                       477    292      389
  SINCE MAR 1   1803                      1464    339     1336
  SINCE JUL 1   7751                      7296    455     6485

 COOLING
  YESTERDAY        0                         0      0        0
  MONTH TO DATE    0                         0      0        0
  SINCE MAR 1      0                         0      0        0
  SINCE JAN 1      0                         0      0        0
..................................................................


WIND (MPH)
  HIGHEST WIND SPEED    26   HIGHEST WIND DIRECTION    NE (30)
  HIGHEST GUST SPEED    37   HIGHEST GUST DIRECTION    NE (50)
  AVERAGE WIND SPEED    12.5


SKY COVER
  POSSIBLE SUNSHINE  MM
  AVERAGE SKY COVER 0.8


WEATHER CONDITIONS
 THE FOLLOWING WEATHER WAS RECORDED YESTERDAY.
  LIGHT RAIN
  FOG


RELATIVE HUMIDITY (PERCENT)
 HIGHEST    89          1000 PM
 LOWEST     61           100 AM
 AVERAGE    75

..........................................................


THE HURON SD CLIMATE NORMALS FOR TODAY
                         NORMAL    RECORD    YEAR
 MAXIMUM TEMPERATURE (F)   64        93      1962
 MINIMUM TEMPERATURE (F)   38        22      2013


SUNRISE AND SUNSET
APRIL 25 2018.........SUNRISE   633 AM CDT   SUNSET   830 PM CDT
APRIL 26 2018.........SUNRISE   631 AM CDT   SUNSET   831 PM CDT


-  INDICATES NEGATIVE NUMBERS.
R  INDICATES RECORD WAS SET OR TIED.
MM INDICATES DATA IS MISSING.
T  INDICATES TRACE AMOUNT.




$$
