235
CDUS43 KFSD 190634
CLIHON


CLIMATE REPORT
NATIONAL WEATHER SERVICE SIOUX FALLS SD
132 AM CDT THU APR 19 2018


...................................

...THE HURON SD CLIMATE SUMMARY FOR APRIL 18 2018...

CLIMATE NORMAL PERIOD 1981 TO 2010
CLIMATE RECORD PERIOD 1881 TO 2018


WEATHER ITEM   OBSERVED TIME   RECORD YEAR NORMAL DEPARTURE LAST
                VALUE   (LST)  VALUE       VALUE  FROM      YEAR
                                                  NORMAL
..................................................................
TEMPERATURE (F)
 YESTERDAY
  MAXIMUM         44    425 PM  91    1985  60    -16       63
  MINIMUM         30   1152 PM  14    1988  35     -5       41
  AVERAGE         37                        48    -11       52

PRECIPITATION (IN)
  YESTERDAY        0.17          1.82 1995   0.08   0.09     0.08
  MONTH TO DATE    2.21                      1.29   0.92     0.89
  SINCE MAR 1      4.17                      2.75   1.42     1.66
  SINCE JAN 1      5.51                      3.85   1.66     2.46

SNOWFALL (IN)
  YESTERDAY        2.0           3.3  2013   0.1    1.9      0.0
  MONTH TO DATE   21.9                       3.0   18.9       T
  SINCE MAR 1     30.8                      11.9   18.9     13.9
  SINCE JUL 1     58.7                      42.9   15.8     35.9
  SNOW DEPTH       6

DEGREE DAYS
 HEATING
  YESTERDAY       28                        17     11       13
  MONTH TO DATE  645                       381    264      295
  SINCE MAR 1   1679                      1368    311     1242
  SINCE JUL 1   7627                      7200    427     6391

 COOLING
  YESTERDAY        0                         0      0        0
  MONTH TO DATE    0                         0      0        0
  SINCE MAR 1      0                         0      0        0
  SINCE JAN 1      0                         0      0        0
..................................................................


WIND (MPH)
  HIGHEST WIND SPEED    21   HIGHEST WIND DIRECTION     N (340)
  HIGHEST GUST SPEED    28   HIGHEST GUST DIRECTION    NW (330)
  AVERAGE WIND SPEED    10.5


SKY COVER
  POSSIBLE SUNSHINE  MM
  AVERAGE SKY COVER 0.8


WEATHER CONDITIONS
 THE FOLLOWING WEATHER WAS RECORDED YESTERDAY.
  SNOW
  LIGHT SNOW
  FOG
  FOG W/VISIBILITY <= 1/4 MILE


RELATIVE HUMIDITY (PERCENT)
 HIGHEST    96          1100 AM
 LOWEST     57           600 PM
 AVERAGE    77

..........................................................


THE HURON SD CLIMATE NORMALS FOR TODAY
                         NORMAL    RECORD    YEAR
 MAXIMUM TEMPERATURE (F)   61        88      1923
 MINIMUM TEMPERATURE (F)   35        16      1928


SUNRISE AND SUNSET
APRIL 19 2018.........SUNRISE   642 AM CDT   SUNSET   822 PM CDT
APRIL 20 2018.........SUNRISE   641 AM CDT   SUNSET   824 PM CDT


-  INDICATES NEGATIVE NUMBERS.
R  INDICATES RECORD WAS SET OR TIED.
MM INDICATES DATA IS MISSING.
T  INDICATES TRACE AMOUNT.




$$
