000
CDUS43 KFSD 082224
CLIHON


CLIMATE REPORT
NATIONAL WEATHER SERVICE SIOUX FALLS SD
523 PM CDT TUE MAY 8 2018


...................................

...THE HURON SD CLIMATE SUMMARY FOR MAY 8 2018...
VALID TODAY AS OF 0500 PM LOCAL TIME.

CLIMATE NORMAL PERIOD 1981 TO 2010
CLIMATE RECORD PERIOD 1881 TO 2018


WEATHER ITEM   OBSERVED TIME   RECORD YEAR NORMAL DEPARTURE LAST
                VALUE   (LST)  VALUE       VALUE  FROM      YEAR
                                                  NORMAL
..................................................................
TEMPERATURE (F)
 TODAY
  MAXIMUM         80    222 PM 101    1934  68     12       75
  MINIMUM         57    553 AM  22    1980  43     14       48
  AVERAGE         69                        56     13       62

PRECIPITATION (IN)
  TODAY            T             1.45 1986   0.10  -0.10      T
  MONTH TO DATE    0.05                      0.74  -0.69     0.01
  SINCE MAR 1      4.30                      4.51  -0.21     1.96
  SINCE JAN 1      5.64                      5.61   0.03     2.76

SNOWFALL (IN)
  TODAY            0.0           T    1966   0.0    0.0      0.0
  MONTH TO DATE    0.0                       0.1   -0.1      0.0
  SINCE MAR 1     30.8                      13.0   17.8     13.9
  SINCE JUL 1     58.7                      44.0   14.7     35.9
  SNOW DEPTH       0

DEGREE DAYS
 HEATING
  TODAY            0                        10    -10        3
  MONTH TO DATE   34                        89    -55       63
  SINCE MAR 1   1906                      1635    271     1553
  SINCE JUL 1   7854                      7467    387     6702

 COOLING
  TODAY            4                         1      3        0
  MONTH TO DATE    9                         5      4        4
  SINCE MAR 1     11                         9      2        4
  SINCE JAN 1     11                         9      2        4
..................................................................


WIND (MPH)
  HIGHEST WIND SPEED    18   HIGHEST WIND DIRECTION    SW (240)
  HIGHEST GUST SPEED    27   HIGHEST GUST DIRECTION     S (170)
  AVERAGE WIND SPEED    10.5


SKY COVER
  POSSIBLE SUNSHINE  MM
  AVERAGE SKY COVER 0.3


WEATHER CONDITIONS
 THE FOLLOWING WEATHER WAS RECORDED TODAY.
  LIGHT RAIN


RELATIVE HUMIDITY (PERCENT)
 HIGHEST    80           700 AM
 LOWEST     47          1200 PM
 AVERAGE    64

..........................................................


THE HURON SD CLIMATE NORMALS FOR TOMORROW
                         NORMAL    RECORD    YEAR
 MAXIMUM TEMPERATURE (F)   68        95      1928
                                             1911
 MINIMUM TEMPERATURE (F)   44        24      1966


SUNRISE AND SUNSET
MAY  8 2018...........SUNRISE   614 AM CDT   SUNSET   845 PM CDT
MAY  9 2018...........SUNRISE   613 AM CDT   SUNSET   847 PM CDT


-  INDICATES NEGATIVE NUMBERS.
R  INDICATES RECORD WAS SET OR TIED.
MM INDICATES DATA IS MISSING.
T  INDICATES TRACE AMOUNT.




$$
