000
CDUS43 KFSD 120632
CLIHON


CLIMATE REPORT
NATIONAL WEATHER SERVICE SIOUX FALLS SD
131 AM CDT SAT MAY 12 2018


...................................

...THE HURON SD CLIMATE SUMMARY FOR MAY 11 2018...

CLIMATE NORMAL PERIOD 1981 TO 2010
CLIMATE RECORD PERIOD 1881 TO 2018


WEATHER ITEM   OBSERVED TIME   RECORD YEAR NORMAL DEPARTURE LAST
                VALUE   (LST)  VALUE       VALUE  FROM      YEAR
                                                  NORMAL
..................................................................
TEMPERATURE (F)
 YESTERDAY
  MAXIMUM         53    611 PM  93    1906  69    -16       73
  MINIMUM         43    534 AM  20    1946  44     -1       33
  AVERAGE         48                        57     -9       53

PRECIPITATION (IN)
  YESTERDAY        0.54          1.48 1998   0.09   0.45     0.00
  MONTH TO DATE    1.21                      1.02   0.19     0.04
  SINCE MAR 1      5.46                      4.79   0.67     1.99
  SINCE JAN 1      6.80                      5.89   0.91     2.79

SNOWFALL (IN)
  YESTERDAY        0.0           2.0  1905   0.0    0.0      0.0
  MONTH TO DATE    0.0                       0.1   -0.1      0.0
  SINCE MAR 1     30.8                      13.0   17.8     13.9
  SINCE JUL 1     58.7                      44.0   14.7     35.9
  SNOW DEPTH       0

DEGREE DAYS
 HEATING
  YESTERDAY       17                         9      8       12
  MONTH TO DATE   68                       117    -49       88
  SINCE MAR 1   1940                      1663    277     1578
  SINCE JUL 1   7888                      7495    393     6727

 COOLING
  YESTERDAY        0                         1     -1        0
  MONTH TO DATE    8                         8      0        4
  SINCE MAR 1     10                        12     -2        4
  SINCE JAN 1     10                        12     -2        4
..................................................................


WIND (MPH)
  HIGHEST WIND SPEED    20   HIGHEST WIND DIRECTION     E (80)
  HIGHEST GUST SPEED    26   HIGHEST GUST DIRECTION     E (80)
  AVERAGE WIND SPEED     9.4


SKY COVER
  POSSIBLE SUNSHINE  MM
  AVERAGE SKY COVER 1.0


WEATHER CONDITIONS
 THE FOLLOWING WEATHER WAS RECORDED YESTERDAY.
  RAIN
  LIGHT RAIN
  FOG


RELATIVE HUMIDITY (PERCENT)
 HIGHEST    93          1200 PM
 LOWEST     83          1200 AM
 AVERAGE    88

..........................................................


THE HURON SD CLIMATE NORMALS FOR TODAY
                         NORMAL    RECORD    YEAR
 MAXIMUM TEMPERATURE (F)   69        88      1988
                                             1940
                                             1915
 MINIMUM TEMPERATURE (F)   45        20      1946


SUNRISE AND SUNSET
MAY 12 2018...........SUNRISE   609 AM CDT   SUNSET   850 PM CDT
MAY 13 2018...........SUNRISE   608 AM CDT   SUNSET   851 PM CDT


-  INDICATES NEGATIVE NUMBERS.
R  INDICATES RECORD WAS SET OR TIED.
MM INDICATES DATA IS MISSING.
T  INDICATES TRACE AMOUNT.




$$
