000
CDUS43 KFSD 030740
CLIHON


CLIMATE REPORT
NATIONAL WEATHER SERVICE SIOUX FALLS SD
239 AM CDT TUE APR 3 2018


...................................

...THE HURON SD CLIMATE SUMMARY FOR APRIL 2 2018...

CLIMATE NORMAL PERIOD 1981 TO 2010
CLIMATE RECORD PERIOD 1881 TO 2018


WEATHER ITEM   OBSERVED TIME   RECORD YEAR NORMAL DEPARTURE LAST
                VALUE   (LST)  VALUE       VALUE  FROM      YEAR
                                                  NORMAL
..................................................................
TEMPERATURE (F)
 YESTERDAY
  MAXIMUM         40    308 PM  81    1882  52    -12       67
  MINIMUM         27    802 AM   7    1975  29     -2       39
  AVERAGE         34                        40     -6       53

PRECIPITATION (IN)
  YESTERDAY        0.05          0.75 1988   0.07  -0.02     0.00
  MONTH TO DATE    0.05                      0.13  -0.08     0.00
  SINCE MAR 1      2.01                      1.59   0.42     0.77
  SINCE JAN 1      3.35                      2.69   0.66     1.57

SNOWFALL (IN)
  YESTERDAY        0.3           2.5  1937   0.2    0.1      0.0
  MONTH TO DATE    0.3                       0.4   -0.1      0.0
  SINCE MAR 1      9.2                       9.3   -0.1     13.9
  SINCE JUL 1     37.1                      40.3   -3.2     35.9
  SNOW DEPTH       0

DEGREE DAYS
 HEATING
  YESTERDAY       31                        24      7       12
  MONTH TO DATE   71                        49     22       28
  SINCE MAR 1   1105                      1036     69      975
  SINCE JUL 1   7053                      6868    185     6124

 COOLING
  YESTERDAY        0                         0      0        0
  MONTH TO DATE    0                         0      0        0
  SINCE MAR 1      0                         0      0        0
  SINCE JAN 1      0                         0      0        0
..................................................................


WIND (MPH)
  HIGHEST WIND SPEED    25   HIGHEST WIND DIRECTION    SE (130)
  HIGHEST GUST SPEED    34   HIGHEST GUST DIRECTION    SE (130)
  AVERAGE WIND SPEED    13.2


SKY COVER
  POSSIBLE SUNSHINE  MM
  AVERAGE SKY COVER 0.7


WEATHER CONDITIONS
 THE FOLLOWING WEATHER WAS RECORDED YESTERDAY.
  LIGHT SNOW
  FOG


RELATIVE HUMIDITY (PERCENT)
 HIGHEST    85           900 PM
 LOWEST     59           200 PM
 AVERAGE    72

..........................................................


THE HURON SD CLIMATE NORMALS FOR TODAY
                         NORMAL    RECORD    YEAR
 MAXIMUM TEMPERATURE (F)   53        81      1910
 MINIMUM TEMPERATURE (F)   29        -2      1975


SUNRISE AND SUNSET
APRIL  3 2018.........SUNRISE   710 AM CDT   SUNSET   803 PM CDT
APRIL  4 2018.........SUNRISE   708 AM CDT   SUNSET   804 PM CDT


-  INDICATES NEGATIVE NUMBERS.
R  INDICATES RECORD WAS SET OR TIED.
MM INDICATES DATA IS MISSING.
T  INDICATES TRACE AMOUNT.




$$
