649
CDUS43 KFSD 160624
CLIHON


CLIMATE REPORT
NATIONAL WEATHER SERVICE SIOUX FALLS SD
124 AM CDT MON APR 16 2018


...................................

...THE HURON SD CLIMATE SUMMARY FOR APRIL 15 2018...

CLIMATE NORMAL PERIOD 1981 TO 2010
CLIMATE RECORD PERIOD 1881 TO 2018


WEATHER ITEM   OBSERVED TIME   RECORD YEAR NORMAL DEPARTURE LAST
                VALUE   (LST)  VALUE       VALUE  FROM      YEAR
                                                  NORMAL
..................................................................
TEMPERATURE (F)
 YESTERDAY
  MAXIMUM         33    621 PM  86    1926  59    -26       63
                                      1898
  MINIMUM         20    642 AM  14    2014  34    -14       39
  AVERAGE         27                        46    -19       51

PRECIPITATION (IN)
  YESTERDAY        0.01          1.85 2012   0.08  -0.07     0.11
  MONTH TO DATE    0.47                      1.06  -0.59     0.81
  SINCE MAR 1      2.43                      2.52  -0.09     1.58
  SINCE JAN 1      3.77                      3.62   0.15     2.38

SNOWFALL (IN)
  YESTERDAY        0.1           4.0  2011   0.1    0.0      0.0
  MONTH TO DATE   19.9                       2.6   17.3       T
  SINCE MAR 1     28.8                      11.5   17.3     13.9
  SINCE JUL 1     56.7                      42.5   14.2     35.9
  SNOW DEPTH      16

DEGREE DAYS
 HEATING
  YESTERDAY       38                        19     19       14
  MONTH TO DATE  543                       328    215      250
  SINCE MAR 1   1577                      1315    262     1197
  SINCE JUL 1   7525                      7147    378     6346

 COOLING
  YESTERDAY        0                         0      0        0
  MONTH TO DATE    0                         0      0        0
  SINCE MAR 1      0                         0      0        0
  SINCE JAN 1      0                         0      0        0
..................................................................


WIND (MPH)
  HIGHEST WIND SPEED    21   HIGHEST WIND DIRECTION     N (20)
  HIGHEST GUST SPEED    26   HIGHEST GUST DIRECTION    NE (30)
  AVERAGE WIND SPEED    12.3


SKY COVER
  POSSIBLE SUNSHINE  MM
  AVERAGE SKY COVER 1.0


WEATHER CONDITIONS
 THE FOLLOWING WEATHER WAS RECORDED YESTERDAY.
  LIGHT SNOW
  FOG
  HAZE


RELATIVE HUMIDITY (PERCENT)
 HIGHEST    91           600 AM
 LOWEST     61           400 PM
 AVERAGE    76

..........................................................


THE HURON SD CLIMATE NORMALS FOR TODAY
                         NORMAL    RECORD    YEAR
 MAXIMUM TEMPERATURE (F)   60        92      1964
 MINIMUM TEMPERATURE (F)   34        14      1904


SUNRISE AND SUNSET
APRIL 16 2018.........SUNRISE   647 AM CDT   SUNSET   819 PM CDT
APRIL 17 2018.........SUNRISE   646 AM CDT   SUNSET   820 PM CDT


-  INDICATES NEGATIVE NUMBERS.
R  INDICATES RECORD WAS SET OR TIED.
MM INDICATES DATA IS MISSING.
T  INDICATES TRACE AMOUNT.




$$
