000
CDUS43 KFSD 290011
CLIHON


CLIMATE REPORT
NATIONAL WEATHER SERVICE SIOUX FALLS SD
711 PM CDT WED MAR 28 2018


...................................

...THE HURON SD CLIMATE SUMMARY FOR MARCH 28 2018...
VALID TODAY AS OF 0500 PM LOCAL TIME.

CLIMATE NORMAL PERIOD 1981 TO 2010
CLIMATE RECORD PERIOD 1881 TO 2018


WEATHER ITEM   OBSERVED TIME   RECORD YEAR NORMAL DEPARTURE LAST
                VALUE   (LST)  VALUE       VALUE  FROM      YEAR
                                                  NORMAL
..................................................................
TEMPERATURE (F)
 TODAY
  MAXIMUM         46    901 AM  82    1946  50     -4       62
  MINIMUM         37    703 AM   0    1899  27     10       32
  AVERAGE         42                        38      4       47

PRECIPITATION (IN)
  TODAY            0.00          0.97 1940   0.07  -0.07     0.00
  MONTH TO DATE    1.96                      1.26   0.70     0.77
  SINCE MAR 1      1.96                      1.26   0.70     0.77
  SINCE JAN 1      3.30                      2.36   0.94     1.57

SNOWFALL (IN)
  TODAY            0.0          10.3  1965   0.2   -0.2      0.0
  MONTH TO DATE    8.9                       8.2    0.7     13.9
  SINCE MAR 1      8.9                       8.2    0.7     13.9
  SINCE JUL 1     36.8                      39.2   -2.4     35.9
  SNOW DEPTH       0

DEGREE DAYS
 HEATING
  TODAY           23                        27     -4       18
  MONTH TO DATE  925                       910     15      890
  SINCE MAR 1    925                       910     15      890
  SINCE JUL 1   6873                      6742    131     6039

 COOLING
  TODAY            0                         0      0        0
  MONTH TO DATE    0                         0      0        0
  SINCE MAR 1      0                         0      0        0
  SINCE JAN 1      0                         0      0        0
..................................................................


WIND (MPH)
  HIGHEST WIND SPEED    26   HIGHEST WIND DIRECTION     N (350)
  HIGHEST GUST SPEED    33   HIGHEST GUST DIRECTION     N (360)
  AVERAGE WIND SPEED    15.0


SKY COVER
  POSSIBLE SUNSHINE  MM
  AVERAGE SKY COVER 0.6


WEATHER CONDITIONS
 THE FOLLOWING WEATHER WAS RECORDED TODAY.
  NO SIGNIFICANT WEATHER WAS OBSERVED.


RELATIVE HUMIDITY (PERCENT)
 HIGHEST    76           400 AM
 LOWEST     64          1200 AM
 AVERAGE    70

..........................................................


THE HURON SD CLIMATE NORMALS FOR TOMORROW
                         NORMAL    RECORD    YEAR
 MAXIMUM TEMPERATURE (F)   50        82      1943
 MINIMUM TEMPERATURE (F)   27        -4      1965


SUNRISE AND SUNSET
MARCH 28 2018.........SUNRISE   721 AM CDT   SUNSET   755 PM CDT
MARCH 29 2018.........SUNRISE   719 AM CDT   SUNSET   757 PM CDT


-  INDICATES NEGATIVE NUMBERS.
R  INDICATES RECORD WAS SET OR TIED.
MM INDICATES DATA IS MISSING.
T  INDICATES TRACE AMOUNT.




$$
