000
CXUS53 KFSD 020111
CLMHON

CLIMATE REPORT
NATIONAL WEATHER SERVICE SIOUX FALLS SD
710 PM CST THU MAR 1 2018

...................................

...THE HURON CLIMATE SUMMARY FOR THE MONTH OF FEBRUARY 2018...

CLIMATE NORMAL PERIOD 1981 TO 2010
CLIMATE RECORD PERIOD 1881 TO 2018

WEATHER         OBSERVED          NORMAL  DEPART  LAST YEAR`S
                 VALUE   DATE(S)  VALUE   FROM    VALUE  DATE(S)
                                          NORMAL
................................................................
TEMPERATURE (F)
RECORD
 HIGH              71   02/25/1958
 LOW              -41   02/09/1994
HIGHEST            42   02/14        MM      MM       69  02/21
LOWEST            -17   02/10        MM      MM        0  02/08
AVG. MAXIMUM     22.1              31.8    -9.7     41.5
AVG. MINIMUM     -1.1              11.4   -12.5     20.2
MEAN             10.5              21.6   -11.1     30.9
DAYS MAX >= 90      0               0.0     0.0        0
DAYS MAX <= 32     24              13.7    10.3        7
DAYS MIN <= 32     28              26.8     1.2       24
DAYS MIN <= 0      16               6.6     9.4        1

PRECIPITATION (INCHES)
RECORD
 MAXIMUM         3.87   1962
 MINIMUM         0.03   1968
                        1921
TOTALS           0.96              0.60    0.36     0.22
DAILY AVG.       0.03              0.02    0.01     0.01
DAYS >= .01        10               6.3     3.7        3
DAYS >= .10         3               1.9     1.1        1
DAYS >= .50         0               0.1    -0.1        0
DAYS >= 1.00        0               0.0     0.0        0
GREATEST
 24 HR. TOTAL    0.30   02/24 TO 02/24

SNOWFALL (INCHES)
RECORDS
 TOTAL           39.9   1962
TOTALS           13.6               7.4     6.2      0.3
SINCE 7/1        27.9              31.0    -3.1     22.0
SNOWDEPTH AVG.      2                 4      -2        0
DAYS >= 1.0         4               2.2     1.8        0
GREATEST
 SNOW DEPTH         8   02/25                          0  MM
 24 HR TOTAL      4.5   02/24 TO 02/24

DEGREE_DAYS
HEATING TOTAL    1517              1215     302      946
 SINCE 7/1       5948              5832     116     5149
COOLING TOTAL       0                 0       0        0
 SINCE 1/1          0                 0       0        0
.................................................................

WIND (MPH)
AVERAGE WIND SPEED              9.6
HIGHEST WIND SPEED/DIRECTION    33/360    DATE  02/19
HIGHEST GUST SPEED/DIRECTION    42/360    DATE  02/19

SKY COVER
POSSIBLE SUNSHINE (PERCENT)   MM
AVERAGE SKY COVER           0.40
NUMBER OF DAYS FAIR           11
NUMBER OF DAYS PC             11
NUMBER OF DAYS CLOUDY          6

AVERAGE RH (PERCENT)     78

WEATHER CONDITIONS. NUMBER OF DAYS WITH
THUNDERSTORM              0     MIXED PRECIP               0
HEAVY RAIN                0     RAIN                       0
LIGHT RAIN                0     FREEZING RAIN              0
LT FREEZING RAIN          0     HAIL                       0
HEAVY SNOW                1     SNOW                       3
LIGHT SNOW               15     SLEET                      0
FOG                      18     FOG W/VIS <= 1/4 MILE      4
HAZE                      0

-  INDICATES NEGATIVE NUMBERS.
R  INDICATES RECORD WAS SET OR TIED.
MM INDICATES DATA IS MISSING.
T  INDICATES TRACE AMOUNT.

$$
