606
CXUS54 KLZK 011130
CF6HOT
PRELIMINARY LOCAL CLIMATOLOGICAL DATA (WS FORM: F-6)
STATION: Hot Springs Memorial Field
MONTH: MAY
YEAR: 2020
LATITUDE: 34 28 N
LONGITUDE: 93 6 W
TEMPERATURE IN F: :PCPN: SNOW: WIND :SUNSHINE: SKY :PK WND
================================================================================
1 2 3 4 5 6A 6B 7 8 9 10 11 12 13 14 15 16 17 18
12Z AVG MX 2MIN
DY MAX MIN AVG DEP HDD CDD WTR SNW DPTH SPD SPD DIR MIN PSBL S-S WX SPD DR
================================================================================
1 83 48 66 -1 0 1 0.00 M M 4.7 13 170 M M 0 18 200
2 85 64 75 8 0 10 0.00 M M 8.3 16 240 M M 1 21 250
3 81 69 75 8 0 10 T M M 4.6 14 240 M M 8 3 19 250
4 85 68 77 10 0 12 0.00 M M 4.8 14 170 M M 5 1 21 160
5 76 54 65 -3 0 0 T M M 5.3 15 360 M M 2 23 10
6 77 50 64 -4 1 0 0.00 M M 4.8 16 360 M M 0 27 10
7 73 47 60 -8 5 0 0.01 M M 5.0 17 60 M M 2 20 70
8 72 55 64 -4 1 0 0.99 M M 7.8 17 360 M M 6 13 29 360
9 70 46 58 -11 7 0 0.00 M M 4.6 13 90 M M 0 18 130
10 77 45 61 -8 4 0 T M M 3.0 10 270 M M 2 18 360
11 68 54 61 -8 4 0 0.00 M M 7.0 15 80 M M 7 20 70
12 56 51 54 -16 11 0 0.16 M M 7.7 16 80 M M 10 1 20 80
13 83 54 69 -1 0 4 T M M 5.7 14 150 M M 5 1 20 150
14 83 68 76 6 0 11 0.01 M M 6.4 13 160 M M 5 1 21 170
15 82 64 73 3 0 8 0.55 M M 6.7 20 50 M M 8 138 24 300
16 78 64 71 0 0 6 2.99 M M 7.1 18 120 M M 8 13 27 120
17 82 59 71 0 0 6 0.11 M M 3.5 12 310 M M 5 1 19 320
18 82 55 69 -2 0 4 0.00 M M 4.9 14 290 M M 0 23 280
19 77 54 66 -6 0 1 0.00 M M 3.5 14 60 M M 2 18 350
20 79 54 67 -5 0 2 0.00 M M 4.0 12 110 M M 2 14 130
21 80 60 70 -2 0 5 0.00 M M 4.8 12 80 M M 6 17 130
22 86 67 77 5 0 12 T M M 6.3 21 330 M M 6 3 34 330
23 83 64 74 1 0 9 1.46 M M 6.7 21 270 M M 3 13 33 270
24 85 66 76 3 0 11 0.10 M M 3.7 21 250 M M 5 13 27 260
25 88 66 77 4 0 12 0.39 M M 7.9 20 140 M M 4 13 27 160
26 78 66 72 -2 0 7 0.00 M M 5.5 16 200 M M 6 22 200
27 81 65 73 -1 0 8 T M M 2.5 20 250 M M 4 13 26 240
28 78 64 71 -3 0 6 1.11 M M 2.7 20 260 M M 7 138 29 260
29 85 63 74 0 0 9 0.00 M M 3.8 13 40 M M 1 19 30
30 84 59 72 -3 0 7 0.00 M M 3.4 13 60 M M 1 18 80
31 84 58 71 -4 0 6 0.00 M M 4.3 15 60 M M 0 19 60
================================================================================
SM 2461 1821 33 167 7.88 M 161.0 M 121
================================================================================
AV 79.4 58.7 5.2 FASTST M M 4 MAX(MPH)
MISC ----> # 21 330 # 34 330
================================================================================
NOTES:
# LAST OF SEVERAL OCCURRENCES
COLUMN 17 PEAK WIND IN M.P.H.
PRELIMINARY LOCAL CLIMATOLOGICAL DATA (WS FORM: F-6) , PAGE 2
STATION: Hot Springs Memorial Field
MONTH: MAY
YEAR: 2020
LATITUDE: 34 28 N
LONGITUDE: 93 6 W
[TEMPERATURE DATA] [PRECIPITATION DATA] SYMBOLS USED IN COLUMN 16
AVERAGE MONTHLY: 69.1 TOTAL FOR MONTH: 7.88 1 = FOG OR MIST
DPTR FM NORMAL: -1.6 DPTR FM NORMAL: 1.73 2 = FOG REDUCING VISIBILITY
HIGHEST: 88 ON 25 GRTST 24HR 2.99 ON 16-16 TO 1/4 MILE OR LESS
LOWEST: 45 ON 10 3 = THUNDER
SNOW, ICE PELLETS, HAIL 4 = ICE PELLETS
TOTAL MONTH: M 5 = HAIL
GRTST 24HR M ON M 6 = FREEZING RAIN OR DRIZZLE
GRTST DEPTH: M ON M 7 = DUSTSTORM OR SANDSTORM:
VSBY 1/2 MILE OR LESS
8 = SMOKE OR HAZE
[NO. OF DAYS WITH] [WEATHER - DAYS WITH] 9 = BLOWING SNOW
X = TORNADO
MAX 32 OR BELOW: 0 0.01 INCH OR MORE: 11
MAX 90 OR ABOVE: 0 0.10 INCH OR MORE: 9
MIN 32 OR BELOW: 0 0.50 INCH OR MORE: 5
MIN 0 OR BELOW: 0 1.00 INCH OR MORE: 3
[HDD (BASE 65) ]
TOTAL THIS MO. 33 CLEAR (SCALE 0-3) 13
DPTR FM NORMAL 10 PTCLDY (SCALE 4-7) 16
TOTAL FM JUL 1 2660 CLOUDY (SCALE 8-10) 2
DPTR FM NORMAL -275
[CDD (BASE 65) ]
TOTAL THIS MO. 167
DPTR FM NORMAL -32 [PRESSURE DATA]
TOTAL FM JAN 1 237 HIGHEST SLP 30.34 ON 11
DPTR FM NORMAL -43 LOWEST SLP 29.66 ON 17
[REMARKS]
#FINAL-05-20#