000
CXUS54 KHGX 011510
CF6HOU
PRELIMINARY LOCAL CLIMATOLOGICAL DATA (WS FORM: F-6)
STATION: HOUSTON/HOBBY AIRPORT
MONTH: DECEMBER
YEAR: 2023
LATITUDE: 29 38 N
LONGITUDE: 95 17 W
TEMPERATURE IN F: :PCPN: SNOW: WIND :SUNSHINE: SKY :PK WND
================================================================================
1 2 3 4 5 6A 6B 7 8 9 10 11 12 13 14 15 16 17 18
12Z AVG MX 2MIN
DY MAX MIN AVG DEP HDD CDD WTR SNW DPTH SPD SPD DIR MIN PSBL S-S WX SPD DR
================================================================================
1 75 64 70 11 0 5 0.05 0.0 0 6.6 15 10 M M 10 18 19 360
2 68 57 63 4 2 0 T 0.0 0 6.3 13 360 M M 9 18 16 350
3 72 49 61 2 4 0 0.00 0.0 0 5.4 12 220 M M 7 1 14 220
4 72 51 62 3 3 0 0.00 0.0 0 5.8 16 10 M M 6 21 10
5 71 47 59 0 6 0 0.00 0.0 0 2.5 8 40 M M 8 10 60
6 66 49 58 0 7 0 0.00 0.0 0 6.9 20 70 M M 6 25 80
7 73 45 59 1 6 0 0.00 0.0 0 7.2 17 160 M M 6 23 140
8 78 63 71 13 0 6 0.33 0.0 0 11.4 24 190 M M 8 13 31 190
9 82 58 70 12 0 5 0.11 0.0 0 9.8 28 340 M M 8 3 35 330
10 62 42 52 -6 13 0 0.00 0.0 0 13.8 31 350 M M 2 41 10
11 65 37 51 -7 14 0 0.00 0.0 0 4.7 12 110 M M 2 16 160
12 68 48 58 1 7 0 0.00 0.0 0 9.3 18 120 M M 4 24 130
13 63 53 58 1 7 0 0.00 0.0 0 9.7 16 70 M M 9 8 22 70
14 71 56 64 7 1 0 0.00 0.0 0 13.1 23 100 M M 6 32 100
15 66 59 63 6 2 0 0.49 0.0 0 9.9 17 110 M M 10 1 23 90
16 64 50 57 0 8 0 0.07 0.0 0 12.9 20 340 M M 4 1 37 350
17 68 43 56 0 9 0 0.00 0.0 0 5.4 9 350 M M 1 13 340
18 74 46 60 4 5 0 0.00 0.0 0 6.5 13 20 M M 1 19 10
19 65 47 56 0 9 0 0.00 0.0 0 10.8 20 100 M M 6 28 110
20 68 56 62 6 3 0 0.00 0.0 0 13.4 18 100 M M 8 8 24 110
21 66 60 63 7 2 0 0.00 0.0 0 10.4 17 100 M M 10 22 100
22 71 59 65 9 0 0 0.00 0.0 0 6.3 13 90 M M 10 1 16 130
23 75 64 70 14 0 5 0.22 0.0 0 8.9 22 130 M M 10 1 26 130
24 69 57 63 7 2 0 1.44 0.0 0 7.8 25 310 M M 7 1 33 320
25 60 47 54 -2 11 0 0.00 0.0 0 12.7 20 330 M M 4 30 340
26 59 45 52 -3 13 0 0.00 0.0 0 7.2 14 110 M M 7 18 120
27 68 45 57 2 8 0 0.00 0.0 0 8.1 18 330 M M 4 28 350
28 59 40 50 -5 15 0 0.00 0.0 0 8.7 18 320 M M 1 25 320
29 56 38 47 -8 18 0 0.00 0.0 0 7.0 16 270 M M 0 25 280
30 67 37 52 -3 13 0 0.00 0.0 0 4.0 12 260 M M 0 15 250
31 74 43 59 4 6 0 T 0.0 0 5.5 16 200 M M 5 18 20 190
================================================================================
SM 2115 1555 194 21 2.71 0.0 258.0 M 179
================================================================================
AV 68.2 50.2 8.3 FASTST M M 6 MAX(MPH)
MISC ----> 31 350 41 10
================================================================================
NOTES:
# LAST OF SEVERAL OCCURRENCES
COLUMN 17 PEAK WIND IN M.P.H.
PRELIMINARY LOCAL CLIMATOLOGICAL DATA (WS FORM: F-6) , PAGE 2
STATION: HOUSTON/HOBBY AIRPORT
MONTH: DECEMBER
YEAR: 2023
LATITUDE: 29 38 N
LONGITUDE: 95 17 W
[TEMPERATURE DATA] [PRECIPITATION DATA] SYMBOLS USED IN COLUMN 16
AVERAGE MONTHLY: 59.2 TOTAL FOR MONTH: 2.71 1 = FOG OR MIST
DPTR FM NORMAL: 2.3 DPTR FM NORMAL: -1.63 2 = FOG REDUCING VISIBILITY
HIGHEST: 82 ON 9 GRTST 24HR 1.66 ON 23-24 TO 1/4 MILE OR LESS
LOWEST: 37 ON 30,11 3 = THUNDER
SNOW, ICE PELLETS, HAIL 4 = ICE PELLETS
TOTAL MONTH: 0.0 INCH 5 = HAIL
GRTST 24HR 0.0 6 = FREEZING RAIN OR DRIZZLE
GRTST DEPTH: 0 7 = DUSTSTORM OR SANDSTORM:
VSBY 1/2 MILE OR LESS
8 = SMOKE OR HAZE
[NO. OF DAYS WITH] [WEATHER - DAYS WITH] 9 = BLOWING SNOW
X = TORNADO
MAX 32 OR BELOW: 0 0.01 INCH OR MORE: 7
MAX 90 OR ABOVE: 0 0.10 INCH OR MORE: 5
MIN 32 OR BELOW: 0 0.50 INCH OR MORE: 1
MIN 0 OR BELOW: 0 1.00 INCH OR MORE: 1
[HDD (BASE 65) ]
TOTAL THIS MO. 194 CLEAR (SCALE 0-3) 7
DPTR FM NORMAL -92 PTCLDY (SCALE 4-7) 16
TOTAL FM JUL 1 352 CLOUDY (SCALE 8-10) 8
DPTR FM NORMAL -88
[CDD (BASE 65) ]
TOTAL THIS MO. 21
DPTR FM NORMAL -12 [PRESSURE DATA]
TOTAL FM JAN 1 4245 HIGHEST SLP 30.46 ON 13
DPTR FM NORMAL 884 LOWEST SLP 29.76 ON 24
[REMARKS]
#FINAL-12-23#