000
CXUS55 KSEW 010930
CF6HQM
PRELIMINARY LOCAL CLIMATOLOGICAL DATA (WS FORM: F-6)
STATION: HOQUIAM WA AIRPORT
MONTH: MAY
YEAR: 2021
LATITUDE: 46 58 N
LONGITUDE: 123 56 W
TEMPERATURE IN F: :PCPN: SNOW: WIND :SUNSHINE: SKY :PK WND
================================================================================
1 2 3 4 5 6A 6B 7 8 9 10 11 12 13 14 15 16 17 18
12Z AVG MX 2MIN
DY MAX MIN AVG DEP HDD CDD WTR SNW DPTH SPD SPD DIR MIN PSBL S-S WX SPD DR
================================================================================
1 57 44 51 0 14 0 0.00 M M 9.1 21 260 M M 6 25 260
2 58 39 49 -2 16 0 0.00 M M 6.5 20 260 M M 2 23 260
3 54 45 50 -1 15 0 0.34 M M 7.2 14 240 M M 10 1 17 310
4 58 42 50 -2 15 0 0.00 M M 7.6 18 290 M M 2 24 270
5 73 41 57 5 8 0 0.00 M M 10.8 18 70 M M 0 23 80
6 56 47 52 0 13 0 0.07 M M 11.3 26 260 M M 7 1 30 260
7 54 43 49 -3 16 0 0.11 M M 10.0 21 280 M M 6 1 25 280
8 52 40 46 -6 19 0 0.03 M M 6.2 18 200 M M 9 1 21 190
9 59 48 54 2 11 0 0.05 M M 7.4 18 290 M M 7 1 22 280
10 57 45 51 -1 14 0 0.00 M M 7.1 18 290 M M 5 23 290
11 60 40 50 -3 15 0 0.00 M M 6.1 17 270 M M 2 12 22 270
12 64 48 56 3 9 0 0.00 M M 7.2 22 290 M M 3 1 26 290
13 60 48 54 1 11 0 0.00 M M 7.0 16 260 M M 6 1 19 250
14 57 47 52 -1 13 0 0.00 M M 7.1 20 260 M M 8 1 24 290
15 57 46 52 -1 13 0 0.00 M M 7.1 20 260 M M 8 1 24 260
16 57 47 52 -2 13 0 0.00 M M 9.0 18 260 M M 10 1 23 270
17 55 47 51 -3 14 0 0.07 M M 13.2 26 240 M M 10 1 32 250
18 55 42 49 -5 16 0 0.07 M M 9.8 29 250 M M 3 1 35 250
19 55 38 47 -7 18 0 0.01 M M 8.0 24 290 M M 2 30 280
20 56 41 49 -5 16 0 0.00 M M 9.7 18 270 M M 6 1 24 280
21 54 47 51 -3 14 0 0.00 M M 7.9 14 310 M M 10 19 320
22 57 46 52 -2 13 0 0.00 M M 8.4 20 260 M M 9 1 23 260
23 55 49 52 -2 13 0 0.01 M M 11.4 17 240 M M 10 1 19 250
24 56 50 53 -1 12 0 0.33 M M 10.5 23 190 M M 10 1 28 180
25 59 50 55 0 10 0 0.00 M M 9.2 18 240 M M 9 1 21 250
26 60 50 55 0 10 0 0.01 M M 7.0 16 250 M M 7 19 250
27 59 52 56 1 9 0 0.40 M M 19.5 32 220 M M 9 18 41 230
28 60 47 54 -1 11 0 0.02 M M 8.5 18 260 M M 6 1 24 280
29 69 43 56 1 9 0 0.00 M M 6.3 18 260 M M 0 23 260
30 73 47 60 5 5 0 0.00 M M 4.6 16 270 M M 1 21 280
31 77 50 64 9 1 0 0.00 M M 6.2 18 290 M M 1 25 280
================================================================================
SM 1833 1409 386 0 1.52 M 266.9 M 184
================================================================================
AV 59.1 45.5 8.6 FASTST M M 6 MAX(MPH)
MISC ----> 32 220 41 230
================================================================================
NOTES:
# LAST OF SEVERAL OCCURRENCES
COLUMN 17 PEAK WIND IN M.P.H.
PRELIMINARY LOCAL CLIMATOLOGICAL DATA (WS FORM: F-6) , PAGE 2
STATION: HOQUIAM WA AIRPORT
MONTH: MAY
YEAR: 2021
LATITUDE: 46 58 N
LONGITUDE: 123 56 W
[TEMPERATURE DATA] [PRECIPITATION DATA] SYMBOLS USED IN COLUMN 16
AVERAGE MONTHLY: 52.3 TOTAL FOR MONTH: 1.52 1 = FOG OR MIST
DPTR FM NORMAL: -1.1 DPTR FM NORMAL: -1.47 2 = FOG REDUCING VISIBILITY
HIGHEST: 77 ON 31 GRTST 24HR 0.40 ON 27-27 TO 1/4 MILE OR LESS
LOWEST: 38 ON 19 3 = THUNDER
SNOW, ICE PELLETS, HAIL 4 = ICE PELLETS
TOTAL MONTH: M 5 = HAIL
GRTST 24HR M ON M 6 = FREEZING RAIN OR DRIZZLE
GRTST DEPTH: M ON M 7 = DUSTSTORM OR SANDSTORM:
VSBY 1/2 MILE OR LESS
8 = SMOKE OR HAZE
[NO. OF DAYS WITH] [WEATHER - DAYS WITH] 9 = BLOWING SNOW
X = TORNADO
MAX 32 OR BELOW: 0 0.01 INCH OR MORE: 13
MAX 90 OR ABOVE: 0 0.10 INCH OR MORE: 4
MIN 32 OR BELOW: 0 0.50 INCH OR MORE: 0
MIN 0 OR BELOW: 0 1.00 INCH OR MORE: 0
[HDD (BASE 65) ]
TOTAL THIS MO. 386 CLEAR (SCALE 0-3) 9
DPTR FM NORMAL 24 PTCLDY (SCALE 4-7) 12
TOTAL FM JUL 1 4781 CLOUDY (SCALE 8-10) 10
DPTR FM NORMAL -94
[CDD (BASE 65) ]
TOTAL THIS MO. 0
DPTR FM NORMAL -1 [PRESSURE DATA]
TOTAL FM JAN 1 0 HIGHEST SLP M ON M
DPTR FM NORMAL -1 LOWEST SLP 29.81 ON 5
[REMARKS]
#FINAL-05-21#