000
CXUS55 KSEW 010930
CF6HQM
PRELIMINARY LOCAL CLIMATOLOGICAL DATA (WS FORM: F-6)
STATION: HOQUIAM WA AIRPORT
MONTH: APRIL
YEAR: 2021
LATITUDE: 46 58 N
LONGITUDE: 123 56 W
TEMPERATURE IN F: :PCPN: SNOW: WIND :SUNSHINE: SKY :PK WND
================================================================================
1 2 3 4 5 6A 6B 7 8 9 10 11 12 13 14 15 16 17 18
12Z AVG MX 2MIN
DY MAX MIN AVG DEP HDD CDD WTR SNW DPTH SPD SPD DIR MIN PSBL S-S WX SPD DR
================================================================================
1 50 40 45 -2 20 0 0.00 M M 7.6 16 260 M M 5 1 20 260
2 53 42 48 1 17 0 0.00 M M 3.8 13 260 M M 6 16 260
3 55 40 48 1 17 0 0.00 M M 7.1 14 250 M M 8 1 17 330
4 50 36 43 -5 22 0 0.00 M M 10.7 24 280 M M 4 32 290
5 50 30 40 -8 25 0 0.00 M M 6.0 16 260 M M 5 20 260
6 52 33 43 -5 22 0 0.00 M M 7.7 16 290 M M 3 21 260
7 47 43 45 -3 20 0 0.17 M M 15.0 28 290 M M 10 1 32 240
8 50 38 44 -4 21 0 0.06 M M 9.3 24 290 M M 2 30 270
9 48 31 40 -8 25 0 0.09 M M 14.0 30 230 M M 8 1 37 290
10 48 37 43 -5 22 0 0.11 M M 13.9 36 290 M M 4 1 45 290
11 51 30 41 -7 24 0 0.00 M M 6.8 20 290 M M 1 24 290
12 62 33 48 0 17 0 0.00 M M 7.4 21 70 M M 0 27 70
13 65 33 49 1 16 0 0.00 M M 8.4 24 80 M M 0 34 60
14 65 34 50 2 15 0 0.00 M M 7.5 17 250 M M 0 20 260
15 71 39 55 6 10 0 0.00 M M 6.9 15 290 M M 0 19 320
16 79 42 61 12 4 0 0.00 M M 7.4 18 100 M M 0 25 110
17 80 46 63 14 2 0 0.00 M M 7.7 17 270 M M 0 23 280
18 63 44 54 5 11 0 0.00 M M 9.3 18 280 M M 1 22 280
19 58 48 53 4 12 0 0.00 M M 7.9 20 260 M M 5 22 250
20 60 47 54 5 11 0 0.00 M M 6.7 17 260 M M 6 20 260
21 54 47 51 2 14 0 0.00 M M 7.6 17 260 M M 8 1 21 260
22 54 47 51 2 14 0 0.00 M M 9.2 16 240 M M 8 19 260
23 51 47 49 -1 16 0 0.00 M M 7.5 16 220 M M 10 19 220
24 49 45 47 -3 18 0 0.77 M M 6.2 24 180 M M 10 1 30 180
25 52 42 47 -3 18 0 0.17 M M 9.3 29 170 M M 8 1 34 170
26 55 42 49 -1 16 0 0.02 M M 6.2 17 260 M M 6 1 20 260
27 55 45 50 0 15 0 0.00 M M 6.4 17 240 M M 7 19 250
28 61 42 52 2 13 0 0.00 M M 3.9 12 260 M M 0 12 270
29 58 47 53 3 12 0 0.00 M M 8.0 17 260 M M 2 21 260
30 56 47 52 1 13 0 0.18 M M 9.5 18 220 M M 9 1 21 220
================================================================================
SM 1702 1217 482 0 1.57 M 244.9 M 136
================================================================================
AV 56.7 40.6 8.2 FASTST M M 5 MAX(MPH)
MISC ----> 36 290 45 290
================================================================================
NOTES:
# LAST OF SEVERAL OCCURRENCES
COLUMN 17 PEAK WIND IN M.P.H.
PRELIMINARY LOCAL CLIMATOLOGICAL DATA (WS FORM: F-6) , PAGE 2
STATION: HOQUIAM WA AIRPORT
MONTH: APRIL
YEAR: 2021
LATITUDE: 46 58 N
LONGITUDE: 123 56 W
[TEMPERATURE DATA] [PRECIPITATION DATA] SYMBOLS USED IN COLUMN 16
AVERAGE MONTHLY: 48.7 TOTAL FOR MONTH: 1.57 1 = FOG OR MIST
DPTR FM NORMAL: 0.0 DPTR FM NORMAL: -3.53 2 = FOG REDUCING VISIBILITY
HIGHEST: 80 ON 17 GRTST 24HR 0.80 ON 24-25 TO 1/4 MILE OR LESS
LOWEST: 30 ON 11, 5 3 = THUNDER
SNOW, ICE PELLETS, HAIL 4 = ICE PELLETS
TOTAL MONTH: M 5 = HAIL
GRTST 24HR M ON M 6 = FREEZING RAIN OR DRIZZLE
GRTST DEPTH: M ON M 7 = DUSTSTORM OR SANDSTORM:
VSBY 1/2 MILE OR LESS
8 = SMOKE OR HAZE
[NO. OF DAYS WITH] [WEATHER - DAYS WITH] 9 = BLOWING SNOW
X = TORNADO
MAX 32 OR BELOW: 0 0.01 INCH OR MORE: 8
MAX 90 OR ABOVE: 0 0.10 INCH OR MORE: 5
MIN 32 OR BELOW: 3 0.50 INCH OR MORE: 1
MIN 0 OR BELOW: 0 1.00 INCH OR MORE: 0
[HDD (BASE 65) ]
TOTAL THIS MO. 482 CLEAR (SCALE 0-3) 12
DPTR FM NORMAL -7 PTCLDY (SCALE 4-7) 13
TOTAL FM JUL 1 4395 CLOUDY (SCALE 8-10) 5
DPTR FM NORMAL -175
[CDD (BASE 65) ]
TOTAL THIS MO. 0
DPTR FM NORMAL 0 [PRESSURE DATA]
TOTAL FM JAN 1 0 HIGHEST SLP M ON M
DPTR FM NORMAL 0 LOWEST SLP 29.68 ON 25
[REMARKS]
#FINAL-04-21#