000
CXUS52 KMHX 010700
CF6HSE
PRELIMINARY LOCAL CLIMATOLOGICAL DATA (WS FORM: F-6)
STATION: CAPE HATTERAS NC
MONTH: JUNE
YEAR: 2020
LATITUDE: 35 13 N
LONGITUDE: 75 37 W
TEMPERATURE IN F: :PCPN: SNOW: WIND :SUNSHINE: SKY :PK WND
================================================================================
1 2 3 4 5 6A 6B 7 8 9 10 11 12 13 14 15 16 17 18
12Z AVG MX 2MIN
DY MAX MIN AVG DEP HDD CDD WTR SNW DPTH SPD SPD DIR MIN PSBL S-S WX SPD DR
================================================================================
1 73 57 65 -7 0 0 0.00 0.0 0 6.3 14 60 M M 0 23 40
2 80 58 69 -3 0 4 0.00 0.0 0 12.3 23 240 M M 1 31 220
3 82 75 79 7 0 14 0.00 0.0 0 18.5 25 230 M M 1 38 220
4 83 77 80 8 0 15 0.00 0.0 0 14.0 18 220 M M 0 27 230
5 84 77 81 8 0 16 0.00 0.0 0 9.5 18 220 M M 2 24 220
6 86 77 82 9 0 17 0.06 0.0 0 10.8 20 250 M M 1 18 36 250
7 84 67 76 3 0 11 0.01 0.0 0 6.9 14 40 M M 3 18 21 40
8 88 64 76 3 0 11 0.00 0.0 0 5.4 13 120 M M 0 16 120
9 87 76 82 8 0 17 0.00 0.0 0 8.7 14 210 M M 1 20 210
10 84 76 80 6 0 15 0.00 0.0 0 11.9 17 200 M M 1 8 25 190
11 85 77 81 7 0 16 0.00 0.0 0 11.8 17 190 M M 2 25 200
12 81 72 77 3 0 12 0.50 0.0 0 4.7 12 250 M M 7 1 17 250
13 74 65 70 -5 0 5 1.46 0.0 0 6.4 14 30 M M 9 1 22 30
14 76 69 73 -2 0 8 2.34 0.0 0 8.1 16 50 M M 10 1 28 40
15 73 68 71 -4 0 6 0.71 0.0 0 9.7 18 50 M M 9 1 28 40
16 73 69 71 -5 0 6 3.49 0.0 0 8.1 17 80 M M 10 13 28 90
17 81 70 76 0 0 11 0.03 0.0 0 8.5 18 150 M M 4 1 24 160
18 83 66 75 -1 0 10 0.00 0.0 0 5.7 12 220 M M 0 1 15 210
19 87 70 79 3 0 14 0.00 0.0 0 7.1 17 160 M M 3 1 26 160
20 86 72 79 3 0 14 0.20 0.0 0 5.7 17 130 M M 4 13 23 140
21 84 71 78 1 0 13 0.00 0.0 0 5.2 12 210 M M 1 14 210
22 87 77 82 5 0 17 T 0.0 0 9.0 15 220 M M 0 1 21 240
23 87 79 83 6 0 18 T 0.0 0 12.8 21 230 M M 0 8 29 230
24 86 79 83 6 0 18 0.00 0.0 0 8.9 18 240 M M 1 8 27 230
25 85 75 80 3 0 15 0.21 0.0 0 5.4 13 180 M M 7 18 19 270
26 89 77 83 5 0 18 0.00 0.0 0 6.8 13 290 M M 1 19 270
27 88 79 84 6 0 19 0.00 0.0 0 8.5 16 230 M M 0 22 220
28 90 80 85 7 0 20 0.00 0.0 0 8.6 14 240 M M 0 8 19 230
29 91 76 84 6 0 19 0.00 0.0 0 5.1 12 280 M M 1 8 18 290
30 90 73 82 4 0 17 0.00 0.0 0 3.2 8 170 M M 1 18 11 160
================================================================================
SM 2507 2168 0 396 9.01 0.0 253.6 M 80
================================================================================
AV 83.6 72.3 8.5 FASTST M M 3 MAX(MPH)
MISC ----> # 25 230 # 38 220
================================================================================
NOTES:
# LAST OF SEVERAL OCCURRENCES
COLUMN 17 PEAK WIND IN M.P.H.
PRELIMINARY LOCAL CLIMATOLOGICAL DATA (WS FORM: F-6) , PAGE 2
STATION: CAPE HATTERAS NC
MONTH: JUNE
YEAR: 2020
LATITUDE: 35 13 N
LONGITUDE: 75 37 W
[TEMPERATURE DATA] [PRECIPITATION DATA] SYMBOLS USED IN COLUMN 16
AVERAGE MONTHLY: 77.9 TOTAL FOR MONTH: 9.01 1 = FOG OR MIST
DPTR FM NORMAL: 2.8 DPTR FM NORMAL: 4.98 2 = FOG REDUCING VISIBILITY
HIGHEST: 91 ON 29 GRTST 24HR 3.49 ON 16-16 TO 1/4 MILE OR LESS
LOWEST: 57 ON 1 3 = THUNDER
SNOW, ICE PELLETS, HAIL 4 = ICE PELLETS
TOTAL MONTH: 0.0 INCH 5 = HAIL
GRTST 24HR 0.0 6 = FREEZING RAIN OR DRIZZLE
GRTST DEPTH: 0 7 = DUSTSTORM OR SANDSTORM:
VSBY 1/2 MILE OR LESS
8 = SMOKE OR HAZE
[NO. OF DAYS WITH] [WEATHER - DAYS WITH] 9 = BLOWING SNOW
X = TORNADO
MAX 32 OR BELOW: 0 0.01 INCH OR MORE: 10
MAX 90 OR ABOVE: 3 0.10 INCH OR MORE: 7
MIN 32 OR BELOW: 0 0.50 INCH OR MORE: 5
MIN 0 OR BELOW: 0 1.00 INCH OR MORE: 3
[HDD (BASE 65) ]
TOTAL THIS MO. 0 CLEAR (SCALE 0-3) 21
DPTR FM NORMAL -3 PTCLDY (SCALE 4-7) 5
TOTAL FM JUL 1 1583 CLOUDY (SCALE 8-10) 4
DPTR FM NORMAL -1004
[CDD (BASE 65) ]
TOTAL THIS MO. 396
DPTR FM NORMAL 88 [PRESSURE DATA]
TOTAL FM JAN 1 629 HIGHEST SLP M ON M
DPTR FM NORMAL 178 LOWEST SLP 29.79 ON 28
[REMARKS]
#FINAL-06-20#