000
CXUS53 KGID 010830
CF6HSI
PRELIMINARY LOCAL CLIMATOLOGICAL DATA (WS FORM: F-6)
STATION: HASTINGS NE
MONTH: MARCH
YEAR: 2023
LATITUDE: 40 35 N
LONGITUDE: 98 26 W
TEMPERATURE IN F: :PCPN: SNOW: WIND :SUNSHINE: SKY :PK WND
================================================================================
1 2 3 4 5 6A 6B 7 8 9 10 11 12 13 14 15 16 17 18
12Z AVG MX 2MIN
DY MAX MIN AVG DEP HDD CDD WTR SNW DPTH SPD SPD DIR MIN PSBL S-S WX SPD DR
================================================================================
1 51 26 39 4 26 0 0.00 0.0 0 12.6 21 40 M M 2 26 300
2 44 23 34 -1 31 0 0.00 0.0 0 7.1 16 60 M M 4 22 50
3 54 22 38 2 27 0 0.00 0.0 0 5.6 13 340 M M 1 18 340
4 50 30 40 4 25 0 0.00 0.0 0 9.7 23 310 M M 2 29 310
5 60 34 47 11 18 0 0.00 0.0 0 12.1 20 110 M M 3 30 110
6 37 29 33 -4 32 0 0.00 0.0 0 14.5 21 360 M M 8 12 30 10
7 39 29 34 -3 31 0 0.00 0.0 0 12.2 17 40 M M 10 21 350
8 35 29 32 -6 33 0 T T 0 13.5 20 20 M M 10 16 24 10
9 36 28 32 -6 33 0 0.07 0.5 1 13.0 22 350 M M 10 16 28 320
10 37 25 31 -7 34 0 0.00 0.0 0 10.7 20 130 M M 7 28 120
11 51 25 38 -1 27 0 0.01 0.0 0 9.1 22 10 M M 6 1 28 10
12 38 20 29 -10 36 0 0.00 0.0 0 16.2 30 330 M M 0 39 340
13 36 18 27 -13 38 0 0.00 0.0 0 7.8 17 350 M M 3 22 350
14 57 21 39 -1 26 0 0.00 0.0 0 14.0 24 190 M M 0 39 190
15 68 37 53 12 12 0 0.00 0.0 0 14.6 24 200 M M 0 38 180
16 50 26 38 -3 27 0 0.13 0.3 0 24.2 40 350 M M 5 1 53 340
17 43 19 31 -11 34 0 T T 0 17.2 35 330 M M 3 43 350
18 32 14 23 -19 42 0 0.00 0.0 0 15.4 30 340 M M 1 40 330
19 53 12 33 -9 32 0 0.00 0.0 0 12.1 25 200 M M 0 37 200
20 64 29 47 4 18 0 0.00 0.0 0 10.0 20 160 M M 0 32 170
21 54 33 44 1 21 0 0.00 0.0 0 10.6 17 160 M M 4 1 24 160
22 53 29 41 -3 24 0 T 0.0 0 15.0 25 40 M M 6 1 32 40
23 46 29 38 -6 27 0 T T 0 9.5 20 360 M M 5 26 10
24 54 21 38 -6 27 0 0.00 0.0 0 3.9 10 130 M M 3 18 14 130
25 55 29 42 -3 23 0 0.51 0.6 0 8.8 18 360 M M 4 1 30 130
26 34 26 30 -15 35 0 0.17 1.2 2 11.7 28 340 M M 7 1 35 350
27 32 17 25 -20 40 0 0.10 1.0 0 6.9 14 320 M M 6 12 17 10
28 48 10 29 -17 36 0 0.00 0.0 1 6.6 18 260 M M 1 1 24 270
29 46 24 35 -11 30 0 0.00 0.0 0 15.6 24 60 M M 0 32 50
30 74 31 53 7 12 0 0.00 0.0 0 15.6 29 160 M M 3 46 200
31 62 29 46 -1 19 0 T T 0 24.8 41 310 M M 7 1 55 310
================================================================================
SM 1493 774 876 0 0.99 3.6 380.6 M 121
================================================================================
AV 48.2 25.0 12.3 FASTST M M 4 MAX(MPH)
MISC ----> 41 310 55 310
================================================================================
NOTES:
# LAST OF SEVERAL OCCURRENCES
COLUMN 17 PEAK WIND IN M.P.H.
PRELIMINARY LOCAL CLIMATOLOGICAL DATA (WS FORM: F-6) , PAGE 2
STATION: HASTINGS NE
MONTH: MARCH
YEAR: 2023
LATITUDE: 40 35 N
LONGITUDE: 98 26 W
[TEMPERATURE DATA] [PRECIPITATION DATA] SYMBOLS USED IN COLUMN 16
AVERAGE MONTHLY: 36.6 TOTAL FOR MONTH: 0.99 1 = FOG OR MIST
DPTR FM NORMAL: -4.3 DPTR FM NORMAL: -0.34 2 = FOG REDUCING VISIBILITY
HIGHEST: 74 ON 30 GRTST 24HR 0.51 ON 25-25 TO 1/4 MILE OR LESS
LOWEST: 10 ON 28 3 = THUNDER
SNOW, ICE PELLETS, HAIL 4 = ICE PELLETS
TOTAL MONTH: 3.6 INCHES 5 = HAIL
GRTST 24HR 1.2 ON 26-26 6 = FREEZING RAIN OR DRIZZLE
GRTST DEPTH: 2 ON 26 7 = DUSTSTORM OR SANDSTORM:
VSBY 1/2 MILE OR LESS
8 = SMOKE OR HAZE
[NO. OF DAYS WITH] [WEATHER - DAYS WITH] 9 = BLOWING SNOW
X = TORNADO
MAX 32 OR BELOW: 2 0.01 INCH OR MORE: 6
MAX 90 OR ABOVE: 0 0.10 INCH OR MORE: 4
MIN 32 OR BELOW: 28 0.50 INCH OR MORE: 1
MIN 0 OR BELOW: 0 1.00 INCH OR MORE: 0
[HDD (BASE 65) ]
TOTAL THIS MO. 876 CLEAR (SCALE 0-3) 15
DPTR FM NORMAL 128 PTCLDY (SCALE 4-7) 13
TOTAL FM JUL 1 5427 CLOUDY (SCALE 8-10) 3
DPTR FM NORMAL 168
[CDD (BASE 65) ]
TOTAL THIS MO. 0
DPTR FM NORMAL -1 [PRESSURE DATA]
TOTAL FM JAN 1 0 HIGHEST SLP 30.55 ON 18
DPTR FM NORMAL -1 LOWEST SLP 29.31 ON 31
[REMARKS]
#FINAL-03-23#