000
CXUS54 KHUN 010910
CF6HSV
PRELIMINARY LOCAL CLIMATOLOGICAL DATA (WS FORM: F-6)
STATION: HUNTSVILLE
MONTH: NOVEMBER
YEAR: 2020
LATITUDE: 34 39 N
LONGITUDE: 86 46 W
TEMPERATURE IN F: :PCPN: SNOW: WIND :SUNSHINE: SKY :PK WND
================================================================================
1 2 3 4 5 6A 6B 7 8 9 10 11 12 13 14 15 16 17 18
12Z AVG MX 2MIN
DY MAX MIN AVG DEP HDD CDD WTR SNW DPTH SPD SPD DIR MIN PSBL S-S WX SPD DR
================================================================================
1 68 43 56 -2 9 0 0.00 0.0 0 8.6 20 10 M M 2 26 330
2 57 33 45 -12 20 0 0.00 0.0 0 4.5 14 10 M M 0 19 20
3 66 34 50 -7 15 0 0.00 0.0 0 2.5 9 260 M M 0 1 11 270
4 71 39 55 -2 10 0 0.00 0.0 0 3.4 7 150 M M 1 10 180
5 70 44 57 1 8 0 0.00 0.0 0 3.8 9 130 M M 7 11 140
6 76 46 61 5 4 0 0.00 0.0 0 3.7 13 120 M M 2 16 110
7 75 48 62 6 3 0 T 0.0 0 6.6 21 120 M M 5 25 110
8 79 59 69 14 0 4 0.00 0.0 0 9.1 25 120 M M 4 32 130
9 78 62 70 15 0 5 0.00 0.0 0 9.0 21 130 M M 5 26 130
10 74 65 70 15 0 5 T 0.0 0 10.3 20 130 M M 8 18 23 130
11 77 58 68 14 0 3 0.04 0.0 0 4.8 17 350 M M 10 1 22 340
12 68 44 56 2 9 0 0.00 0.0 0 5.2 12 20 M M 6 12 15 10
13 71 42 57 3 8 0 0.00 0.0 0 3.3 12 340 M M 4 12 15 350
14 73 41 57 4 8 0 0.00 0.0 0 7.1 17 160 M M 2 21 160
15 69 40 55 2 10 0 0.02 0.0 0 10.7 31 290 M M 3 8 43 290
16 63 32 48 -5 17 0 0.00 0.0 0 3.9 13 360 M M 0 16 10
17 62 34 48 -4 17 0 0.00 0.0 0 7.3 20 340 M M 0 8 27 320
18 64 31 48 -4 17 0 0.00 0.0 0 3.9 9 120 M M 0 11 100
19 66 38 52 0 13 0 0.00 0.0 0 7.0 18 150 M M 1 24 150
20 72 40 56 5 9 0 0.00 0.0 0 3.8 8 170 M M 0 12 50
21 73 42 58 7 7 0 0.00 0.0 0 2.7 8 160 M M 3 12 130
22 69 46 58 8 7 0 0.02 0.0 0 8.1 21 320 M M 9 1 27 310
23 57 35 46 -4 19 0 0.00 0.0 0 7.6 16 40 M M 2 21 40
24 65 32 49 -1 16 0 0.00 0.0 0 8.3 20 150 M M 5 27 120
25 65 53 59 10 6 0 0.48 0.0 0 11.5 25 130 M M 7 1 49 110
26 62 40 51 2 14 0 0.00 0.0 0 2.6 14 290 M M 2 12 16 290
27 66 38 52 3 13 0 0.58 0.0 0 4.1 14 150 M M 6 13 15 140
28 57 41 49 1 16 0 T 0.0 0 6.0 14 340 M M 7 1 18 350
29 55 39 47 -1 18 0 0.73 0.0 0 5.1 22 350 M M 8 1 33 360
30 44 30 37 -11 28 0 0.08 T 0 13.1 22 310 M M 10 18 29 300
================================================================================
SM 2012 1269 321 17 1.95 T 187.6 M 119
================================================================================
AV 67.1 42.3 6.3 FASTST M M 4 MAX(MPH)
MISC ----> 31 290 49 110
================================================================================
NOTES:
# LAST OF SEVERAL OCCURRENCES
COLUMN 17 PEAK WIND IN M.P.H.
PRELIMINARY LOCAL CLIMATOLOGICAL DATA (WS FORM: F-6) , PAGE 2
STATION: HUNTSVILLE
MONTH: NOVEMBER
YEAR: 2020
LATITUDE: 34 39 N
LONGITUDE: 86 46 W
[TEMPERATURE DATA] [PRECIPITATION DATA] SYMBOLS USED IN COLUMN 16
AVERAGE MONTHLY: 54.7 TOTAL FOR MONTH: 1.95 1 = FOG OR MIST
DPTR FM NORMAL: 2.0 DPTR FM NORMAL: -2.99 2 = FOG REDUCING VISIBILITY
HIGHEST: 79 ON 8 GRTST 24HR 0.81 ON 29-30 TO 1/4 MILE OR LESS
LOWEST: 30 ON 30 3 = THUNDER
SNOW, ICE PELLETS, HAIL 4 = ICE PELLETS
TOTAL MONTH: T 5 = HAIL
GRTST 24HR T ON 30-30 6 = FREEZING RAIN OR DRIZZLE
GRTST DEPTH: 0 7 = DUSTSTORM OR SANDSTORM:
VSBY 1/2 MILE OR LESS
8 = SMOKE OR HAZE
[NO. OF DAYS WITH] [WEATHER - DAYS WITH] 9 = BLOWING SNOW
X = TORNADO
MAX 32 OR BELOW: 0 0.01 INCH OR MORE: 7
MAX 90 OR ABOVE: 0 0.10 INCH OR MORE: 3
MIN 32 OR BELOW: 4 0.50 INCH OR MORE: 2
MIN 0 OR BELOW: 0 1.00 INCH OR MORE: 0
[HDD (BASE 65) ]
TOTAL THIS MO. 321 CLEAR (SCALE 0-3) 14
DPTR FM NORMAL -55 PTCLDY (SCALE 4-7) 13
TOTAL FM JUL 1 428 CLOUDY (SCALE 8-10) 3
DPTR FM NORMAL -99
[CDD (BASE 65) ]
TOTAL THIS MO. 17
DPTR FM NORMAL 8 [PRESSURE DATA]
TOTAL FM JAN 1 1872 HIGHEST SLP 30.59 ON 18
DPTR FM NORMAL -77 LOWEST SLP 29.75 ON 29
[REMARKS]
#FINAL-11-20#