000
CXUS53 KAPX 180730
CF6HTL
PRELIMINARY LOCAL CLIMATOLOGICAL DATA (WS FORM: F-6)
STATION: HOUGHTON LAKE MI
MONTH: APRIL
YEAR: 2024
LATITUDE: 44 22 N
LONGITUDE: 84 41 W
TEMPERATURE IN F: :PCPN: SNOW: WIND :SUNSHINE: SKY :PK WND
================================================================================
1 2 3 4 5 6A 6B 7 8 9 10 11 12 13 14 15 16 17 18
12Z AVG MX 2MIN
DY MAX MIN AVG DEP HDD CDD WTR SNW DPTH SPD SPD DIR MIN PSBL S-S WX SPD DR
================================================================================
1 48 29 39 3 26 0 0.00 0.0 0 6.9 15 110 M M 4 21 100
2 40 35 38 2 27 0 0.64 T 0 16.8 32 80 M M 10 13 46 70
3 42 30 36 -1 29 0 0.06 T 0 6.9 18 80 M M 9 1 24 70
4 41 32 37 0 28 0 0.08 T 0 8.0 20 60 M M 10 1 30 40
5 50 29 40 2 25 0 0.00 0.0 0 10.8 21 10 M M 6 30 360
6 59 29 44 6 21 0 0.00 0.0 0 6.7 17 10 M M 1 28 340
7 58 24 41 2 24 0 0.00 0.0 0 7.7 22 100 M M 1 29 100
8 68 41 55 16 10 0 T 0.0 0 M 21 240 M M M 33 200
9 67 38 53 14 12 0 T 0.0 0 M 21 270 M M M 31 280
10 66 39 53 13 12 0 0.00 0.0 0 5.0 13 240 M M 5 20 240
11 53 43 48 8 17 0 0.21 0.0 0 9.9 22 20 M M 8 1 37 10
12 45 38 42 1 23 0 0.34 0.0 0 19.7 30 330 M M 8 1 48 330
13 57 37 47 6 18 0 T 0.0 0 11.3 25 320 M M 2 37 300
14 69 43 56 14 9 0 0.17 0.0 0 9.3 22 300 M M 3 13 30 300
15 66 32 49 7 16 0 0.00 0.0 0 6.9 20 310 M M 1 1 28 290
16 63 29 46 4 19 0 T 0.0 0 10.7 23 100 M M 1 33 100
17 56 44 50 7 15 0 0.66 0.0 0 12.7 24 100 M M 10 13 36 100
================================================================================
SM 948 592 331 0 2.16 T 149.3 M 79
================================================================================
AV 55.8 34.8 10.0 FASTST M M 5 MAX(MPH)
MISC ----> 32 80 48 330
================================================================================
NOTES:
# LAST OF SEVERAL OCCURRENCES
COLUMN 17 PEAK WIND IN M.P.H.
PRELIMINARY LOCAL CLIMATOLOGICAL DATA (WS FORM: F-6) , PAGE 2
STATION: HOUGHTON LAKE MI
MONTH: APRIL
YEAR: 2024
LATITUDE: 44 22 N
LONGITUDE: 84 41 W
[TEMPERATURE DATA] [PRECIPITATION DATA] SYMBOLS USED IN COLUMN 16
AVERAGE MONTHLY: 45.3 TOTAL FOR MONTH: 2.16 1 = FOG OR MIST
DPTR FM NORMAL: 5.9 DPTR FM NORMAL: 0.43 2 = FOG REDUCING VISIBILITY
HIGHEST: 69 ON 14 GRTST 24HR 0.69 ON 2- 3 TO 1/4 MILE OR LESS
LOWEST: 24 ON 7 3 = THUNDER
SNOW, ICE PELLETS, HAIL 4 = ICE PELLETS
TOTAL MONTH: T 5 = HAIL
GRTST 24HR T ON 2- 2 6 = FREEZING RAIN OR DRIZZLE
GRTST DEPTH: 0 7 = DUSTSTORM OR SANDSTORM:
VSBY 1/2 MILE OR LESS
8 = SMOKE OR HAZE
[NO. OF DAYS WITH] [WEATHER - DAYS WITH] 9 = BLOWING SNOW
X = TORNADO
MAX 32 OR BELOW: 0 0.01 INCH OR MORE: 7
MAX 90 OR ABOVE: 0 0.10 INCH OR MORE: 5
MIN 32 OR BELOW: 8 0.50 INCH OR MORE: 2
MIN 0 OR BELOW: 0 1.00 INCH OR MORE: 0
[HDD (BASE 65) ]
TOTAL THIS MO. 331 CLEAR (SCALE 0-3) 6
DPTR FM NORMAL -104 PTCLDY (SCALE 4-7) 5
TOTAL FM JUL 1 6068 CLOUDY (SCALE 8-10) 6
DPTR FM NORMAL -1142
[CDD (BASE 65) ]
TOTAL THIS MO. 0
DPTR FM NORMAL 0 [PRESSURE DATA]
TOTAL FM JAN 1 0 HIGHEST SLP M ON M
DPTR FM NORMAL 0 LOWEST SLP 29.17 ON 3
[REMARKS]