000
CXUS53 KIND 010600
CF6HUF
PRELIMINARY LOCAL CLIMATOLOGICAL DATA (WS FORM: F-6)
STATION: TERRE HAUTE IN
MONTH: JUNE
YEAR: 2023
LATITUDE: 39 27 N
LONGITUDE: 87 18 W
TEMPERATURE IN F: :PCPN: SNOW: WIND :SUNSHINE: SKY :PK WND
================================================================================
1 2 3 4 5 6A 6B 7 8 9 10 11 12 13 14 15 16 17 18
12Z AVG MX 2MIN
DY MAX MIN AVG DEP HDD CDD WTR SNW DPTH SPD SPD DIR MIN PSBL S-S WX SPD DR
================================================================================
1 90 62 76 7 0 11 0.00 M M 3.1 13 70 M M 0 20 90
2 91 62 77 7 0 12 0.00 M M 4.2 17 80 M M 0 24 70
3 93 60 77 7 0 12 0.00 M M 6.4 17 80 M M 1 22 90
4 88 61 75 5 0 10 0.00 M M 8.0 17 60 M M 0 8 23 60
5 83 53 68 -2 0 3 0.00 M M 5.7 14 40 M M 0 8 18 40
6 89 52 71 0 0 6 T M M 4.2 15 10 M M 3 1 23 10
7 80 60 70 -1 0 5 0.06 M M 6.1 15 10 M M 5 18 21 10
8 79 50 65 -6 0 0 0.00 M M 4.4 14 10 M M 0 19 20
9 81 46 64 -8 1 0 0.00 M M 3.0 12 340 M M 0 16 70
10 85 51 68 -4 0 3 0.00 M M 3.9 13 190 M M 0 18 190
11 70 58 64 -8 1 0 1.01 M M 8.1 21 20 M M 8 13 30 10
12 70 52 61 -11 4 0 0.00 M M 8.7 17 340 M M 7 25 330
13 79 57 68 -4 0 3 T M M 12.5 29 270 M M 7 40 270
14 80 60 70 -3 0 5 0.00 M M 4.9 15 310 M M 1 20 310
15 89 58 74 1 0 9 0.00 M M 5.3 16 240 M M 1 18 22 360
16 76 56 66 -7 0 1 0.00 M M 7.0 16 40 M M 1 22 40
17 82 52 67 -6 0 2 0.00 M M 2.0 8 150 M M 1 1 14 100
18 84 53 69 -5 0 4 0.00 M M 5.8 16 140 M M 0 8 23 190
19 85 64 75 1 0 10 0.00 M M 7.5 20 70 M M 3 28 70
20 91 66 79 5 0 14 0.00 M M 11.5 22 60 M M 2 29 70
21 87 64 76 2 0 11 0.00 M M 8.5 22 100 M M 1 29 100
22 85 62 74 0 0 9 0.00 M M 7.6 17 60 M M 3 27 70
23 84 66 75 1 0 10 0.00 M M 2.7 13 360 M M 8 16 360
24 92 61 77 2 0 12 0.00 M M 4.0 13 260 M M 0 19 250
25 93 70 82 7 0 17 0.20 M M 12.1 25 260 M M 1 13 40 240
26 83 65 74 -1 0 9 T M M 10.3 22 270 M M 5 32 260
27 83 63 73 -2 0 8 0.00 M M 6.5 14 300 M M 5 18 21 290
28 79 55 67 -8 0 2 T M M 3.4 14 170 M M 9 18 17 180
29 78 68 73 -2 0 8 1.13 M M 8.4 28 290 M M 3 138 43 270
30 87 62 75 0 0 10 T M M 4.8 14 310 M M 1 13 21 320
================================================================================
SM 2516 1769 6 206 2.40 M 190.6 M 76
================================================================================
AV 83.9 59.0 6.4 FASTST M M 3 MAX(MPH)
MISC ----> 29 270 43 270
================================================================================
NOTES:
# LAST OF SEVERAL OCCURRENCES
COLUMN 17 PEAK WIND IN M.P.H.
PRELIMINARY LOCAL CLIMATOLOGICAL DATA (WS FORM: F-6) , PAGE 2
STATION: TERRE HAUTE IN
MONTH: JUNE
YEAR: 2023
LATITUDE: 39 27 N
LONGITUDE: 87 18 W
[TEMPERATURE DATA] [PRECIPITATION DATA] SYMBOLS USED IN COLUMN 16
AVERAGE MONTHLY: 71.4 TOTAL FOR MONTH: 2.40 1 = FOG OR MIST
DPTR FM NORMAL: -1.3 DPTR FM NORMAL: -2.24 2 = FOG REDUCING VISIBILITY
HIGHEST: 93 ON 25, 3 GRTST 24HR 1.13 ON 28-29 TO 1/4 MILE OR LESS
LOWEST: 46 ON 9 3 = THUNDER
SNOW, ICE PELLETS, HAIL 4 = ICE PELLETS
TOTAL MONTH: M 5 = HAIL
GRTST 24HR M ON M 6 = FREEZING RAIN OR DRIZZLE
GRTST DEPTH: M ON M 7 = DUSTSTORM OR SANDSTORM:
VSBY 1/2 MILE OR LESS
8 = SMOKE OR HAZE
[NO. OF DAYS WITH] [WEATHER - DAYS WITH] 9 = BLOWING SNOW
X = TORNADO
MAX 32 OR BELOW: 0 0.01 INCH OR MORE: 4
MAX 90 OR ABOVE: 6 0.10 INCH OR MORE: 3
MIN 32 OR BELOW: 0 0.50 INCH OR MORE: 2
MIN 0 OR BELOW: 0 1.00 INCH OR MORE: 2
[HDD (BASE 65) ]
TOTAL THIS MO. 6 CLEAR (SCALE 0-3) 20
DPTR FM NORMAL -5 PTCLDY (SCALE 4-7) 9
TOTAL FM JUL 1 4593 CLOUDY (SCALE 8-10) 1
DPTR FM NORMAL -639
[CDD (BASE 65) ]
TOTAL THIS MO. 206
DPTR FM NORMAL -37 [PRESSURE DATA]
TOTAL FM JAN 1 297 HIGHEST SLP M ON M
DPTR FM NORMAL -54 LOWEST SLP 29.60 ON 11
[REMARKS]
#FINAL-06-23#