000
CXUS53 KIND 010600
CF6HUF
PRELIMINARY LOCAL CLIMATOLOGICAL DATA (WS FORM: F-6)
STATION: TERRE HAUTE IN
MONTH: APRIL
YEAR: 2022
LATITUDE: 39 27 N
LONGITUDE: 87 18 W
TEMPERATURE IN F: :PCPN: SNOW: WIND :SUNSHINE: SKY :PK WND
================================================================================
1 2 3 4 5 6A 6B 7 8 9 10 11 12 13 14 15 16 17 18
12Z AVG MX 2MIN
DY MAX MIN AVG DEP HDD CDD WTR SNW DPTH SPD SPD DIR MIN PSBL S-S WX SPD DR
================================================================================
1 45 30 38 -11 27 0 0.00 M M 6.3 16 290 M M 8 24 310
2 57 26 42 -7 23 0 0.06 M M 9.0 25 290 M M 4 37 300
3 60 31 46 -4 19 0 0.00 M M 5.1 16 290 M M 2 1 25 290
4 65 43 54 4 11 0 0.00 M M 9.2 21 200 M M 5 28 190
5 61 40 51 1 14 0 0.16 M M 6.8 13 150 M M 4 1 18 150
6 59 48 54 3 11 0 0.32 M M 10.7 22 300 M M 7 1 32 310
7 51 40 46 -5 19 0 T M M 12.3 26 250 M M 5 39 240
8 47 37 42 -9 23 0 0.06 M M 10.4 20 280 M M 9 1 26 300
9 50 34 42 -10 23 0 0.01 M M 7.9 20 320 M M 8 1 28 300
10 69 28 49 -3 16 0 0.00 M M 12.2 25 160 M M 0 34 170
11 65 54 60 8 5 0 0.05 M M 6.4 17 190 M M 7 3 27 180
12 71 46 59 6 6 0 0.00 M M 11.6 24 180 M M 6 1 35 160
13 69 45 57 4 8 0 0.77 M M 14.1 29 260 M M 8 13 45 260
14 60 34 47 -6 18 0 0.01 M M 13.3 29 250 M M 2 43 260
15 67 39 53 -1 12 0 0.10 M M 10.1 29 210 M M 3 1 43 230
16 58 41 50 -4 15 0 0.04 M M 10.3 21 310 M M 3 1 30 330
17 55 34 45 -9 20 0 T M M 11.4 20 90 M M 1 26 100
18 48 36 42 -13 23 0 0.11 M M 12.8 28 310 M M 10 40 290
19 54 33 44 -11 21 0 0.00 M M 9.0 18 290 M M 3 29 290
20 65 44 55 -1 10 0 0.13 M M 12.6 29 200 M M 8 42 180
21 69 51 60 4 5 0 0.15 M M 6.5 20 210 M M 6 1 31 180
22 81 51 66 10 0 1 0.01 M M 9.2 21 180 M M 5 1 27 210
23 84 66 75 19 0 10 0.00 M M 16.2 30 180 M M 0 41 180
24 81 64 73 16 0 8 0.46 M M 15.5 30 190 M M 5 13 47 190
25 64 44 54 -3 11 0 0.42 M M 8.5 20 310 M M 7 1 27 330
26 56 37 47 -11 18 0 0.00 M M 9.2 18 310 M M 0 26 260
27 68 33 51 -7 14 0 0.00 M M 4.4 12 240 M M 1 16 250
28 67 47 57 -1 8 0 0.02 M M 7.9 15 130 M M 5 20 140
29 72 53 63 5 2 0 0.11 M M 8.2 25 150 M M 9 1 34 150
30 79 59 69 10 0 4 0.35 M M 12.3 28 180 M M 5 13 38 170
================================================================================
SM 1897 1268 382 23 3.34 M 299.4 M 146
================================================================================
AV 63.2 42.3 10.0 FASTST M M 5 MAX(MPH)
MISC ----> # 30 180 47 190
================================================================================
NOTES:
# LAST OF SEVERAL OCCURRENCES
COLUMN 17 PEAK WIND IN M.P.H.
PRELIMINARY LOCAL CLIMATOLOGICAL DATA (WS FORM: F-6) , PAGE 2
STATION: TERRE HAUTE IN
MONTH: APRIL
YEAR: 2022
LATITUDE: 39 27 N
LONGITUDE: 87 18 W
[TEMPERATURE DATA] [PRECIPITATION DATA] SYMBOLS USED IN COLUMN 16
AVERAGE MONTHLY: 52.8 TOTAL FOR MONTH: 3.34 1 = FOG OR MIST
DPTR FM NORMAL: -1.2 DPTR FM NORMAL: -1.37 2 = FOG REDUCING VISIBILITY
HIGHEST: 84 ON 23 GRTST 24HR 0.88 ON 24-25 TO 1/4 MILE OR LESS
LOWEST: 26 ON 2 3 = THUNDER
SNOW, ICE PELLETS, HAIL 4 = ICE PELLETS
TOTAL MONTH: M 5 = HAIL
GRTST 24HR M ON M 6 = FREEZING RAIN OR DRIZZLE
GRTST DEPTH: M ON M 7 = DUSTSTORM OR SANDSTORM:
VSBY 1/2 MILE OR LESS
8 = SMOKE OR HAZE
[NO. OF DAYS WITH] [WEATHER - DAYS WITH] 9 = BLOWING SNOW
X = TORNADO
MAX 32 OR BELOW: 0 0.01 INCH OR MORE: 19
MAX 90 OR ABOVE: 0 0.10 INCH OR MORE: 11
MIN 32 OR BELOW: 4 0.50 INCH OR MORE: 1
MIN 0 OR BELOW: 0 1.00 INCH OR MORE: 0
[HDD (BASE 65) ]
TOTAL THIS MO. 382 CLEAR (SCALE 0-3) 9
DPTR FM NORMAL 35 PTCLDY (SCALE 4-7) 18
TOTAL FM JUL 1 4743 CLOUDY (SCALE 8-10) 3
DPTR FM NORMAL -358
[CDD (BASE 65) ]
TOTAL THIS MO. 23
DPTR FM NORMAL 9 [PRESSURE DATA]
TOTAL FM JAN 1 23 HIGHEST SLP M ON M
DPTR FM NORMAL 6 LOWEST SLP 29.45 ON 13
[REMARKS]
#FINAL-04-22#