000
CXUS51 KCAR 010700
CF6HUL
PRELIMINARY LOCAL CLIMATOLOGICAL DATA (WS FORM: F-6)
STATION: HOULTON ME
MONTH: DECEMBER
YEAR: 2023
LATITUDE: 46 7 N
LONGITUDE: 67 48 W
TEMPERATURE IN F: :PCPN: SNOW: WIND :SUNSHINE: SKY :PK WND
================================================================================
1 2 3 4 5 6A 6B 7 8 9 10 11 12 13 14 15 16 17 18
12Z AVG MX 2MIN
DY MAX MIN AVG DEP HDD CDD WTR SNW DPTH SPD SPD DIR MIN PSBL S-S WX SPD DR
================================================================================
1 44 28 36 10 29 0 0.02 M M 4.4 14 220 M M 8 1 23 230
2 36 33 35 9 30 0 0.35 M M 4.4 10 80 M M 10 1 15 90
3 33 28 31 5 34 0 0.01 M M 4.9 12 50 M M 10 1 16 50
4 28 21 25 0 40 0 0.13 M M 8.1 15 30 M M 10 1 18 20
5 21 0 11 -14 54 0 0.01 M M 6.8 17 360 M M 7 1 22 360
6 22 -5 9 -15 56 0 0.00 M M 4.4 16 340 M M 1 23 340
7 18 9 14 -10 51 0 T M M 6.9 13 320 M M 9 19 320
8 28 -1 14 -10 51 0 0.00 M M 3.2 12 280 M M 0 20 300
9 36 1 19 -4 46 0 0.00 M M 2.3 9 160 M M 5 1 20 160
10 46 36 41 18 24 0 0.76 M M 6.0 14 180 M M 10 1 25 180
11 42 30 36 14 29 0 1.68 M M 7.3 17 270 M M 9 1 30 280
12 32 24 28 6 37 0 0.00 M M 9.9 25 280 M M 6 37 290
13 35 17 26 4 39 0 T M M 9.6 30 280 M M 5 46 280
14 26 13 20 -1 45 0 0.00 M M 8.3 15 250 M M 0 21 250
15 41 23 32 11 33 0 0.00 M M 10.7 22 290 M M 4 34 280
16 39 15 27 6 38 0 0.00 M M 5.9 17 330 M M 1 30 330
17 43 16 30 10 35 0 T M M 8.3 15 150 M M 7 25 160
18 59 44 52 32 13 0 1.47 M M 15.4 31 160 M M 10 54 180
19 51 30 41 21 24 0 0.02 M M 6.4 15 220 M M 7 1 27 170
20 32 25 29 10 36 0 0.00 M M 8.9 22 350 M M 3 30 350
21 25 15 20 1 45 0 0.00 M M 17.6 28 360 M M 5 48 360
22 22 9 16 -3 49 0 0.00 M M 8.3 22 340 M M 2 36 340
23 32 11 22 4 43 0 0.00 M M 3.5 12 220 M M 5 16 220
24 35 16 26 8 39 0 0.00 M M 2.1 7 220 M M 8 11 190
25 41 29 35 17 30 0 0.00 M M 3.7 13 230 M M 10 20 240
26 49 34 42 24 23 0 T M M 4.2 15 260 M M 8 21 250
27 39 34 37 20 28 0 0.00 M M 2.1 7 10 M M 10 10 40
28 40 30 35 18 30 0 0.03 M M 3.2 9 60 M M 8 4 13 90
29 33 31 32 15 33 0 0.38 M M 5.8 14 50 M M 10 16 22 50
30 32 29 31 15 34 0 0.12 M M 4.1 12 10 M M 10 1 15 340
31 30 21 26 10 39 0 T M M 6.0 13 290 M M 10 18 20 280
================================================================================
SM 1090 646 1137 0 4.98 M 202.7 M 208
================================================================================
AV 35.2 20.8 6.5 FASTST M M 7 MAX(MPH)
MISC ----> 31 160 54 180
================================================================================
NOTES:
# LAST OF SEVERAL OCCURRENCES
COLUMN 17 PEAK WIND IN M.P.H.
PRELIMINARY LOCAL CLIMATOLOGICAL DATA (WS FORM: F-6) , PAGE 2
STATION: HOULTON ME
MONTH: DECEMBER
YEAR: 2023
LATITUDE: 46 7 N
LONGITUDE: 67 48 W
[TEMPERATURE DATA] [PRECIPITATION DATA] SYMBOLS USED IN COLUMN 16
AVERAGE MONTHLY: 28.0 TOTAL FOR MONTH: 4.98 1 = FOG OR MIST
DPTR FM NORMAL: 7.1 DPTR FM NORMAL: 1.61 2 = FOG REDUCING VISIBILITY
HIGHEST: 59 ON 18 GRTST 24HR 2.43 ON 10-11 TO 1/4 MILE OR LESS
LOWEST: -5 ON 6 3 = THUNDER
SNOW, ICE PELLETS, HAIL 4 = ICE PELLETS
TOTAL MONTH: M 5 = HAIL
GRTST 24HR M ON M 6 = FREEZING RAIN OR DRIZZLE
GRTST DEPTH: M ON M 7 = DUSTSTORM OR SANDSTORM:
VSBY 1/2 MILE OR LESS
8 = SMOKE OR HAZE
[NO. OF DAYS WITH] [WEATHER - DAYS WITH] 9 = BLOWING SNOW
X = TORNADO
MAX 32 OR BELOW: 13 0.01 INCH OR MORE: 12
MAX 90 OR ABOVE: 0 0.10 INCH OR MORE: 7
MIN 32 OR BELOW: 26 0.50 INCH OR MORE: 3
MIN 0 OR BELOW: 3 1.00 INCH OR MORE: 2
[HDD (BASE 65) ]
TOTAL THIS MO. 1137 CLEAR (SCALE 0-3) 6
DPTR FM NORMAL -230 PTCLDY (SCALE 4-7) 11
TOTAL FM JUL 1 2854 CLOUDY (SCALE 8-10) 14
DPTR FM NORMAL -534
[CDD (BASE 65) ]
TOTAL THIS MO. 0
DPTR FM NORMAL 0 [PRESSURE DATA]
TOTAL FM JAN 1 312 HIGHEST SLP 30.65 ON 16
DPTR FM NORMAL 106 LOWEST SLP 29.11 ON 18
[REMARKS]
#FINAL-12-23#