000
CXUS52 KMFL 011130
CF6HWO
PRELIMINARY LOCAL CLIMATOLOGICAL DATA (WS FORM: F-6)
STATION: NORTH PERRY ARPT
MONTH: FEBRUARY
YEAR: 2021
LATITUDE: 26 0 N
LONGITUDE: 80 14 W
TEMPERATURE IN F: :PCPN: SNOW: WIND :SUNSHINE: SKY :PK WND
================================================================================
1 2 3 4 5 6A 6B 7 8 9 10 11 12 13 14 15 16 17 18
12Z AVG MX 2MIN
DY MAX MIN AVG DEP HDD CDD WTR SNW DPTH SPD SPD DIR MIN PSBL S-S WX SPD DR
================================================================================
1 76 54 65 -3 0 0 0.10 0.0 M 15.7 30 270 M M 4 1 42 260
2 65 50 58 -10 7 0 0.00 0.0 0 15.9 26 280 M M 3 34 270
3 68 45 57 -11 8 0 0.00 M 0 8.6 20 320 M M 0 25 330
4 73 43 58 -10 7 0 0.00 0.0 M 4.2 14 160 M M 0 19 160
5 80 53 67 -1 0 2 0.00 0.0 M 5.1 16 160 M M 1 20 160
6 84 65 75 7 0 10 0.68 0.0 M 7.6 21 190 M M 7 18 30 190
7 86 72 79 11 0 14 0.00 0.0 M 10.0 25 240 M M 4 36 230
8 85 71 78 10 0 13 1.61 M M 5.4 15 150 M M 6 138 19 150
9 85 67 76 7 0 11 0.00 M M 5.7 15 140 M M 4 18 21 130
10 83 67 75 6 0 10 0.00 M M 6.8 15 110 M M 2 1 20 110
11 83 70 77 8 0 12 0.00 0.0 M 8.1 17 140 M M 4 22 130
12 84 66 75 6 0 10 0.00 M M 6.0 17 150 M M 4 22 130
13 84 73 79 10 0 14 0.02 M M 10.4 18 150 M M 6 23 150
14 87 75 81 12 0 16 T M M 10.5 20 150 M M 4 25 150
15 87 74 81 12 0 16 0.01 M M 9.3 20 150 M M 4 3 26 140
16 85 71 78 9 0 13 0.52 M M 8.6 21 180 M M 8 13 25 170
17 84 71 78 8 0 13 T M M 8.7 18 150 M M 5 3 25 160
18 86 73 80 10 0 15 0.00 0.0 M 10.7 20 150 M M 2 26 150
19 85 67 76 6 0 11 0.25 0.0 M 9.3 22 250 M M 6 3 28 250
20 75 60 68 -2 0 3 0.00 0.0 M 13.2 22 10 M M 5 28 20
21 77 61 69 -1 0 4 T 0.0 M 16.8 29 80 M M 5 35 70
22 81 69 75 5 0 10 0.01 0.0 M 11.5 20 120 M M 5 24 120
23 84 69 77 7 0 12 0.02 0.0 M 7.4 16 50 M M 6 20 50
24 82 66 74 4 0 9 0.39 M M 4.5 15 70 M M 7 19 130
25 86 65 76 6 0 11 0.00 M M 4.4 12 110 M M 2 12 15 330
26 83 67 75 4 0 10 0.00 M M 7.2 15 130 M M 3 19 90
27 83 73 78 7 0 13 0.00 M M 11.9 21 130 M M 3 26 140
28 83 73 78 7 0 13 T M M 12.6 22 120 M M 4 28 120
================================================================================
SM 2284 1830 22 265 3.61 0.0 256.1 M 114
================================================================================
AV 81.6 65.4 9.1 FASTST M M 4 MAX(MPH)
MISC ----> 30 270 42 260
================================================================================
NOTES:
# LAST OF SEVERAL OCCURRENCES
COLUMN 17 PEAK WIND IN M.P.H.
PRELIMINARY LOCAL CLIMATOLOGICAL DATA (WS FORM: F-6) , PAGE 2
STATION: NORTH PERRY ARPT
MONTH: FEBRUARY
YEAR: 2021
LATITUDE: 26 0 N
LONGITUDE: 80 14 W
[TEMPERATURE DATA] [PRECIPITATION DATA] SYMBOLS USED IN COLUMN 16
AVERAGE MONTHLY: 73.5 TOTAL FOR MONTH: 3.61 1 = FOG OR MIST
DPTR FM NORMAL: 4.2 DPTR FM NORMAL: 0.61 2 = FOG REDUCING VISIBILITY
HIGHEST: 87 ON 15,14 GRTST 24HR 1.61 ON 8- 8 TO 1/4 MILE OR LESS
LOWEST: 43 ON 4 3 = THUNDER
SNOW, ICE PELLETS, HAIL 4 = ICE PELLETS
TOTAL MONTH: 0.0 INCH 5 = HAIL
GRTST 24HR 0.0 6 = FREEZING RAIN OR DRIZZLE
GRTST DEPTH: 0 7 = DUSTSTORM OR SANDSTORM:
VSBY 1/2 MILE OR LESS
8 = SMOKE OR HAZE
[NO. OF DAYS WITH] [WEATHER - DAYS WITH] 9 = BLOWING SNOW
X = TORNADO
MAX 32 OR BELOW: 0 0.01 INCH OR MORE: 10
MAX 90 OR ABOVE: 0 0.10 INCH OR MORE: 6
MIN 32 OR BELOW: 0 0.50 INCH OR MORE: 3
MIN 0 OR BELOW: 0 1.00 INCH OR MORE: 1
[HDD (BASE 65) ]
TOTAL THIS MO. 22 CLEAR (SCALE 0-3) 8
DPTR FM NORMAL -8 PTCLDY (SCALE 4-7) 20
TOTAL FM JUL 1 91 CLOUDY (SCALE 8-10) 0
DPTR FM NORMAL -41
[CDD (BASE 65) ]
TOTAL THIS MO. 265
DPTR FM NORMAL 116 [PRESSURE DATA]
TOTAL FM JAN 1 378 HIGHEST SLP 30.30 ON 21
DPTR FM NORMAL 102 LOWEST SLP 29.81 ON 1
[REMARKS]
#FINAL-02-21#