000
CXUS54 KHGX 011625
CF6IAH
PRELIMINARY LOCAL CLIMATOLOGICAL DATA (WS FORM: F-6)
STATION: HOUSTON INTERCONTINENTAL
MONTH: NOVEMBER
YEAR: 2021
LATITUDE: 29 58 N
LONGITUDE: 95 21 W
TEMPERATURE IN F: :PCPN: SNOW: WIND :SUNSHINE: SKY :PK WND
================================================================================
1 2 3 4 5 6A 6B 7 8 9 10 11 12 13 14 15 16 17 18
12Z AVG MX 2MIN
DY MAX MIN AVG DEP HDD CDD WTR SNW DPTH SPD SPD DIR MIN PSBL S-S WX SPD DR
================================================================================
1 79 51 65 -1 0 0 0.00 0.0 0 3.9 13 110 M M 1 16 130
2 80 57 69 3 0 4 0.00 0.0 0 4.4 12 140 M M 2 1 15 120
3 67 54 61 -5 4 0 0.78 0.0 0 8.3 21 360 M M 8 123 25 10
4 57 50 54 -11 11 0 T 0.0 0 9.0 18 20 M M 9 1 22 20
5 66 44 55 -10 10 0 0.00 0.0 0 4.3 13 10 M M 1 17 350
6 70 44 57 -8 8 0 0.00 0.0 0 2.5 10 50 M M 0 14 20
7 72 45 59 -5 6 0 0.00 0.0 0 3.7 12 130 M M 1 2 14 120
8 76 47 62 -2 3 0 0.00 0.0 0 5.5 14 140 M M 1 1 20 170
9 78 50 64 0 1 0 0.00 0.0 0 4.5 15 140 M M 6 1 17 130
10 82 58 70 6 0 5 0.00 0.0 0 6.9 20 150 M M 6 12 26 160
11 74 55 65 2 0 0 1.02 0.0 0 7.9 18 330 M M 4 13 25 320
12 78 49 64 1 1 0 0.00 0.0 0 5.6 18 340 M M 1 26 350
13 68 46 57 -6 8 0 0.00 0.0 0 5.8 13 360 M M 1 20 40
14 79 44 62 0 3 0 0.00 0.0 0 4.2 12 130 M M 2 28 90
15 82 53 68 6 0 3 0.00 0.0 0 4.6 12 160 M M 2 1 18 250
16 83 57 70 8 0 5 0.00 0.0 0 8.1 18 160 M M 2 1 25 150
17 85 62 74 12 0 9 0.00 0.0 0 7.3 16 190 M M 4 26 190
18 71 51 61 0 4 0 0.00 0.0 0 11.5 23 20 M M 6 12 28 10
19 67 47 57 -4 8 0 0.00 0.0 0 5.6 15 60 M M 1 18 60
20 75 46 61 0 4 0 0.00 0.0 0 6.6 16 120 M M 3 19 120
21 81 60 71 11 0 6 0.01 0.0 0 5.6 16 330 M M 6 1 22 340
22 72 48 60 0 5 0 0.00 0.0 0 9.4 18 350 M M 5 25 360
23 71 43 57 -3 8 0 0.00 0.0 0 6.8 16 120 M M 2 19 140
24 77 53 65 5 0 0 T 0.0 0 9.7 23 160 M M 8 29 150
25 73 53 63 4 2 0 1.87 0.0 0 10.0 21 350 M M 10 13 27 330
26 60 44 52 -7 13 0 0.00 0.0 0 7.3 15 30 M M 8 24 30
27 60 45 53 -6 12 0 0.13 0.0 0 2.3 10 30 M M 10 1 14 20
28 59 47 53 -6 12 0 0.04 0.0 0 4.6 13 360 M M 8 1 17 10
29 72 45 59 1 6 0 0.00 0.0 0 2.7 9 130 M M 0 1 11 140
30 75 47 61 3 4 0 0.00 0.0 0 4.0 14 130 M M 5 128 16 160
================================================================================
SM 2189 1495 133 32 3.85 0.0 182.6 M 123
================================================================================
AV 73.0 49.8 6.1 FASTST M M 4 MAX(MPH)
MISC ----> # 23 20 29 150
================================================================================
NOTES:
# LAST OF SEVERAL OCCURRENCES
COLUMN 17 PEAK WIND IN M.P.H.
PRELIMINARY LOCAL CLIMATOLOGICAL DATA (WS FORM: F-6) , PAGE 2
STATION: HOUSTON INTERCONTINENTAL
MONTH: NOVEMBER
YEAR: 2021
LATITUDE: 29 58 N
LONGITUDE: 95 21 W
[TEMPERATURE DATA] [PRECIPITATION DATA] SYMBOLS USED IN COLUMN 16
AVERAGE MONTHLY: 61.4 TOTAL FOR MONTH: 3.85 1 = FOG OR MIST
DPTR FM NORMAL: -0.6 DPTR FM NORMAL: -0.02 2 = FOG REDUCING VISIBILITY
HIGHEST: 85 ON 17 GRTST 24HR 1.87 ON 24-25 TO 1/4 MILE OR LESS
LOWEST: 43 ON 23 3 = THUNDER
SNOW, ICE PELLETS, HAIL 4 = ICE PELLETS
TOTAL MONTH: 0.0 INCH 5 = HAIL
GRTST 24HR 0.0 6 = FREEZING RAIN OR DRIZZLE
GRTST DEPTH: 0 7 = DUSTSTORM OR SANDSTORM:
VSBY 1/2 MILE OR LESS
8 = SMOKE OR HAZE
[NO. OF DAYS WITH] [WEATHER - DAYS WITH] 9 = BLOWING SNOW
X = TORNADO
MAX 32 OR BELOW: 0 0.01 INCH OR MORE: 6
MAX 90 OR ABOVE: 0 0.10 INCH OR MORE: 4
MIN 32 OR BELOW: 0 0.50 INCH OR MORE: 3
MIN 0 OR BELOW: 0 1.00 INCH OR MORE: 2
[HDD (BASE 65) ]
TOTAL THIS MO. 133 CLEAR (SCALE 0-3) 14
DPTR FM NORMAL -25 PTCLDY (SCALE 4-7) 11
TOTAL FM JUL 1 138 CLOUDY (SCALE 8-10) 5
DPTR FM NORMAL -46
[CDD (BASE 65) ]
TOTAL THIS MO. 32
DPTR FM NORMAL -38 [PRESSURE DATA]
TOTAL FM JAN 1 3275 HIGHEST SLP 30.44 ON 19
DPTR FM NORMAL 16 LOWEST SLP 29.86 ON 10
[REMARKS]
#FINAL-11-21#