000
CXUS53 KUNR 010930
CF6ICR
PRELIMINARY LOCAL CLIMATOLOGICAL DATA (WS FORM: F-6)
STATION: WINNER REGIONAL AIRPORT SD
MONTH: MARCH
YEAR: 2022
LATITUDE: 43 23 N
LONGITUDE: 99 50 W
TEMPERATURE IN F: :PCPN: SNOW: WIND :SUNSHINE: SKY :PK WND
================================================================================
1 2 3 4 5 6A 6B 7 8 9 10 11 12 13 14 15 16 17 18
12Z AVG MX 2MIN
DY MAX MIN AVG DEP HDD CDD WTR SNW DPTH SPD SPD DIR MIN PSBL S-S WX SPD DR
================================================================================
1 68 42 55 23 10 0 0.00 M M 8.6 21 290 M M 5 27 290
2 61 28 45 12 20 0 0.00 M M 11.9 22 60 M M 4 28 60
3 38 22 30 -3 35 0 T M M 13.3 21 120 M M 8 27 120
4 49 25 37 3 28 0 0.00 M M 12.5 24 130 M M 2 31 130
5 32 21 27 -7 38 0 0.01 M M 18.1 29 310 M M 9 168 38 300
6 25 12 19 -15 46 0 M M M 15.0 29 310 M M 4 39 300
7 36 10 23 -12 42 0 M M M 11.4 17 280 M M 0 23 280
8 33 17 25 -10 40 0 M M M 13.7 26 310 M M 5 37 310
9 21 9 15 -21 50 0 M M M 11.5 24 360 M M 7 29 360
10 31 5 18 -18 47 0 M M M 12.7 26 280 M M 0 35 270
11 19 4 12 -24 53 0 M M M 13.0 25 330 M M 2 36 330
12 58 6 32 -5 33 0 M M M 12.4 25 250 M M 4 31 250
13 63 26 45 8 20 0 M M M 11.7 28 110 M M 1 35 110
14 49 25 37 -1 28 0 M M M 9.4 17 340 M M 3 22 300
15 75 35 55 17 10 0 M M M 16.3 23 230 M M 0 8 32 200
16 67 36 52 14 13 0 0.00 M M 11.8 26 320 M M 2 35 340
17 58 28 43 4 22 0 0.00 M M 7.0 21 350 M M 3 34 30
18 60 22 41 2 24 0 0.00 M M 5.9 16 310 M M 0 22 310
19 65 34 50 11 15 0 0.00 M M 11.5 20 140 M M 0 30 280
20 76 41 59 19 6 0 0.00 M M 16.6 31 190 M M 0 42 150
21 57 31 44 4 21 0 0.00 M M 19.6 38 320 M M 3 49 340
22 56 25 41 1 24 0 0.00 M M 15.2 37 350 M M 1 8 56 350
23 51 23 37 -4 28 0 0.00 M M 19.0 35 350 M M 4 46 340
24 67 20 44 3 21 0 0.00 M M 7.0 23 340 M M 3 32 350
25 56 29 43 2 22 0 0.00 M M 16.6 37 310 M M 0 51 310
26 44 18 31 -11 34 0 0.00 M M 6.4 15 60 M M 3 18 40
27 49 22 36 -6 29 0 0.00 M M 14.6 25 110 M M 3 32 100
28 62 32 47 5 18 0 0.00 M M 23.3 33 140 M M 0 45 140
29 52 32 42 -1 23 0 0.03 M M 18.3 35 320 M M 5 8 43 320
30 32 28 30 -13 35 0 0.01 M M 25.1 38 320 M M 10 18 51 320
31 43 17 30 -13 35 0 M M M 8.0 18 310 M M 2 22 310
================================================================================
SM 1553 725 870 0 0.05 M 417.4 M 93
================================================================================
AV 50.1 23.4 13.5 FASTST M M 3 MAX(MPH)
MISC ----> # 38 320 56 350
================================================================================
NOTES:
# LAST OF SEVERAL OCCURRENCES
COLUMN 17 PEAK WIND IN M.P.H.
PRELIMINARY LOCAL CLIMATOLOGICAL DATA (WS FORM: F-6) , PAGE 2
STATION: WINNER REGIONAL AIRPORT SD
MONTH: MARCH
YEAR: 2022
LATITUDE: 43 23 N
LONGITUDE: 99 50 W
[TEMPERATURE DATA] [PRECIPITATION DATA] SYMBOLS USED IN COLUMN 16
AVERAGE MONTHLY: 36.7 TOTAL FOR MONTH: 0.05 1 = FOG OR MIST
DPTR FM NORMAL: -1.4 DPTR FM NORMAL: -0.79 2 = FOG REDUCING VISIBILITY
HIGHEST: 76 ON 20 GRTST 24HR 0.04 ON 29-30 TO 1/4 MILE OR LESS
LOWEST: 4 ON 11 3 = THUNDER
SNOW, ICE PELLETS, HAIL 4 = ICE PELLETS
TOTAL MONTH: M 5 = HAIL
GRTST 24HR M ON M 6 = FREEZING RAIN OR DRIZZLE
GRTST DEPTH: M ON M 7 = DUSTSTORM OR SANDSTORM:
VSBY 1/2 MILE OR LESS
8 = SMOKE OR HAZE
[NO. OF DAYS WITH] [WEATHER - DAYS WITH] 9 = BLOWING SNOW
X = TORNADO
MAX 32 OR BELOW: 6 0.01 INCH OR MORE: 3
MAX 90 OR ABOVE: 0 0.10 INCH OR MORE: 0
MIN 32 OR BELOW: 26 0.50 INCH OR MORE: 0
MIN 0 OR BELOW: 0 1.00 INCH OR MORE: 0
[HDD (BASE 65) ]
TOTAL THIS MO. 870 CLEAR (SCALE 0-3) 18
DPTR FM NORMAL 35 PTCLDY (SCALE 4-7) 11
TOTAL FM JUL 1 5280 CLOUDY (SCALE 8-10) 2
DPTR FM NORMAL -364
[CDD (BASE 65) ]
TOTAL THIS MO. 0
DPTR FM NORMAL -1 [PRESSURE DATA]
TOTAL FM JAN 1 0 HIGHEST SLP 30.44 ON 11
DPTR FM NORMAL -1 LOWEST SLP 29.41 ON 29
[REMARKS]
#FINAL-03-22#