000
CXUS53 KICT 032232
CF6ICT
PRELIMINARY LOCAL CLIMATOLOGICAL DATA (WS FORM: F-6)
STATION: WICHITA EISENHOWER NATIONAL
MONTH: MAY
YEAR: 2021
LATITUDE: 37 39 N
LONGITUDE: 97 25 W
TEMPERATURE IN F: :PCPN: SNOW: WIND :SUNSHINE: SKY :PK WND
================================================================================
1 2 3 4 5 6A 6B 7 8 9 10 11 12 13 14 15 16 17 18
12Z AVG MX 2MIN
DY MAX MIN AVG DEP HDD CDD WTR SNW DPTH SPD SPD DIR MIN PSBL S-S WX SPD DR
================================================================================
1 78 47 63 2 2 0 0.00 0.0 0 15.0 28 180 M M 4 8 35 180
2 72 61 67 5 0 2 T 0.0 0 13.0 35 320 M M 9 18 50 330
3 74 56 65 3 0 0 0.12 0.0 0 14.4 35 320 M M 8 13 46 320
4 67 45 56 -6 9 0 0.01 0.0 0 14.0 25 360 M M 5 36 350
5 70 37 54 -8 11 0 0.01 0.0 0 5.8 21 320 M M 6 18 24 200
6 70 45 58 -5 7 0 0.00 0.0 0 9.8 21 10 M M 3 28 10
7 79 48 64 1 1 0 T 0.0 0 13.9 26 170 M M 6 3 37 160
8 86 57 72 8 0 7 0.00 0.0 0 19.1 33 190 M M 6 50 190
9 72 48 60 -4 5 0 T 0.0 0 19.0 37 320 M M 9 48 320
10 63 47 55 -9 10 0 T 0.0 0 8.2 18 70 M M 7 24 30
11 61 47 54 -11 11 0 0.00 0.0 0 11.5 23 40 M M 8 29 50
12 66 46 56 -9 9 0 0.00 0.0 0 7.9 14 60 M M 7 20 80
13 72 45 59 -7 6 0 0.00 0.0 0 4.2 14 160 M M 4 19 170
14 75 51 63 -3 2 0 0.30 0.0 0 13.6 26 200 M M 7 13 36 180
15 76 57 67 1 0 2 1.10 0.0 0 9.2 23 330 M M 9 13 29 320
16 76 60 68 1 0 3 0.04 0.0 0 11.1 25 180 M M 9 13 34 180
17 76 61 69 2 0 4 0.00 0.0 0 8.6 17 50 M M 9 23 50
18 71 61 66 -2 0 1 0.22 0.0 0 6.5 18 200 M M 9 13 25 200
19 71 61 66 -2 0 1 0.10 0.0 0 7.1 15 170 M M 9 1 18 160
20 72 62 67 -1 0 2 T 0.0 0 10.4 20 160 M M 9 1 25 170
21 82 61 72 3 0 7 T 0.0 0 15.4 25 150 M M 8 1 35 160
22 73 67 70 1 0 5 0.03 0.0 0 12.3 18 150 M M 9 1 25 150
23 73 64 69 0 0 4 0.02 0.0 0 11.4 20 160 M M 9 1 26 170
24 71 62 67 -3 0 2 T 0.0 0 12.5 24 180 M M 9 1 36 170
25 79 65 72 2 0 7 0.06 0.0 0 8.8 25 150 M M 8 13 34 140
26 86 62 74 4 0 9 0.02 0.0 0 11.2 47 170 M M 7 13 58 170
27 75 58 67 -4 0 2 0.04 0.0 0 10.9 23 160 M M 8 13 33 170
28 69 51 60 -11 5 0 0.00 0.0 0 11.7 21 20 M M 4 26 10
29 67 49 58 -14 7 0 T 0.0 0 9.5 15 120 M M 4 21 110
30 64 49 57 -15 8 0 0.15 0.0 0 6.9 16 140 M M 9 13 20 140
31 66 59 63 -9 2 0 1.76 0.0 0 7.0 14 120 M M 10 13 19 110
================================================================================
SM 2252 1689 95 58 3.98 0.0 339.9 M 228
================================================================================
AV 72.6 54.5 11.0 FASTST M M 7 MAX(MPH)
MISC ----> 47 170 58 170
================================================================================
NOTES:
# LAST OF SEVERAL OCCURRENCES
COLUMN 17 PEAK WIND IN M.P.H.
PRELIMINARY LOCAL CLIMATOLOGICAL DATA (WS FORM: F-6) , PAGE 2
STATION: WICHITA EISENHOWER NATIONAL
MONTH: MAY
YEAR: 2021
LATITUDE: 37 39 N
LONGITUDE: 97 25 W
[TEMPERATURE DATA] [PRECIPITATION DATA] SYMBOLS USED IN COLUMN 16
AVERAGE MONTHLY: 63.6 TOTAL FOR MONTH: 3.98 1 = FOG OR MIST
DPTR FM NORMAL: -3.1 DPTR FM NORMAL: -1.19 2 = FOG REDUCING VISIBILITY
HIGHEST: 86 ON 26, 8 GRTST 24HR 1.89 ON 30-31 TO 1/4 MILE OR LESS
LOWEST: 37 ON 5 3 = THUNDER
SNOW, ICE PELLETS, HAIL 4 = ICE PELLETS
TOTAL MONTH: 0.0 INCH 5 = HAIL
GRTST 24HR 0.0 6 = FREEZING RAIN OR DRIZZLE
GRTST DEPTH: 0 7 = DUSTSTORM OR SANDSTORM:
VSBY 1/2 MILE OR LESS
8 = SMOKE OR HAZE
[NO. OF DAYS WITH] [WEATHER - DAYS WITH] 9 = BLOWING SNOW
X = TORNADO
MAX 32 OR BELOW: 0 0.01 INCH OR MORE: 15
MAX 90 OR ABOVE: 0 0.10 INCH OR MORE: 7
MIN 32 OR BELOW: 0 0.50 INCH OR MORE: 2
MIN 0 OR BELOW: 0 1.00 INCH OR MORE: 2
[HDD (BASE 65) ]
TOTAL THIS MO. 95 CLEAR (SCALE 0-3) 1
DPTR FM NORMAL 16 PTCLDY (SCALE 4-7) 15
TOTAL FM JUL 1 4507 CLOUDY (SCALE 8-10) 15
DPTR FM NORMAL 98
[CDD (BASE 65) ]
TOTAL THIS MO. 58
DPTR FM NORMAL -74 [PRESSURE DATA]
TOTAL FM JAN 1 78 HIGHEST SLP 30.38 ON 13
DPTR FM NORMAL -81 LOWEST SLP 29.43 ON 8
[REMARKS]
#FINAL-05-21#