000
CXUS53 KUNR 011030
CF6IEN
PRELIMINARY LOCAL CLIMATOLOGICAL DATA (WS FORM: F-6)
STATION: PINE RIDGE SD
MONTH: JANUARY
YEAR: 2023
LATITUDE: 43 1 N
LONGITUDE: 102 31 W
TEMPERATURE IN F: :PCPN: SNOW: WIND :SUNSHINE: SKY :PK WND
================================================================================
1 2 3 4 5 6A 6B 7 8 9 10 11 12 13 14 15 16 17 18
12Z AVG MX 2MIN
DY MAX MIN AVG DEP HDD CDD WTR SNW DPTH SPD SPD DIR MIN PSBL S-S WX SPD DR
================================================================================
1 37 18 28 4 37 0 0.01 M M M M M M M 8 1 M M
2 32 26 29 5 36 0 0.07 M M M M M M M 10 1 M M
3 31 14 23 -1 42 0 T M M M M M M M 8 1 M M
4 30 7 19 -5 46 0 0.00 M M M M M M M 5 M M
5 30 2 16 -8 49 0 0.00 M M M M M M M 0 M M
6 25 5 15 -9 50 0 0.00 M M 2.4 8 310 M M 5 8 11 320
7 33 3 18 -6 47 0 0.00 M M 2.1 8 210 M M 2 10 260
8 36 3 20 -4 45 0 0.00 M M 5.7 17 190 M M 0 20 290
9 39 19 29 5 36 0 0.00 M M 8.0 16 240 M M 0 22 270
10 40 22 31 7 34 0 0.00 M M 7.2 21 180 M M 3 26 190
11 35 17 26 2 39 0 T M M 2.8 8 10 M M 5 12 11 30
12 35 13 24 0 41 0 0.00 M M 3.8 10 240 M M 3 12 13 240
13 42 9 26 2 39 0 0.00 M M 6.2 14 250 M M 0 20 260
14 46 26 36 12 29 0 0.00 M M 4.1 15 200 M M 1 16 190
15 40 19 30 6 35 0 0.10 M M 2.2 7 270 M M 6 1 9 260
16 35 31 33 9 32 0 0.11 M M 2.2 8 330 M M 10 1 11 250
17 35 30 33 9 32 0 T M M 3.0 10 90 M M 10 12 14 80
18 31 24 28 4 37 0 0.02 M M 6.3 14 60 M M 10 1 20 70
19 28 4 16 -8 49 0 0.00 M M 5.4 14 250 M M 3 17 240
20 30 4 17 -7 48 0 0.00 M M 5.6 9 240 M M 2 11 230
21 33 1 17 -7 48 0 T M M 5.9 13 290 M M 8 12 18 300
22 29 -3 13 -11 52 0 0.00 M M 0.8 3 270 M M 6 12 5 60
23 33 14 24 0 41 0 0.00 M M 9.2 15 220 M M 8 20 230
24 34 9 22 -2 43 0 T M M 6.1 15 240 M M 5 1 19 240
25 31 24 28 4 37 0 0.01 M M 8.1 20 340 M M 10 1 27 340
26 36 18 27 3 38 0 T M M 12.7 26 280 M M 6 18 40 290
27 37 17 27 3 38 0 0.07 M M 5.7 28 280 M M 7 1 38 270
28 27 -6 11 -14 54 0 T M M 15.0 21 50 M M 10 18 28 40
29 2 -2 0 -25 65 0 T M M M M M M M 10 18 M M
30 2 -19 -8 -33 73 0 T M M M M M M M 2 18 M M
31 17 -19 -1 -26 66 0 0.00 M M M M M M M 0 M M
================================================================================
SM 971 330 1358 0 0.39 M 130.4 M 163
================================================================================
AV 31.3 10.6 5.7 FASTST M M 5 MAX(MPH)
MISC ----> 28 280 40 290
================================================================================
NOTES:
# LAST OF SEVERAL OCCURRENCES
COLUMN 17 PEAK WIND IN M.P.H.
PRELIMINARY LOCAL CLIMATOLOGICAL DATA (WS FORM: F-6) , PAGE 2
STATION: PINE RIDGE SD
MONTH: JANUARY
YEAR: 2023
LATITUDE: 43 1 N
LONGITUDE: 102 31 W
[TEMPERATURE DATA] [PRECIPITATION DATA] SYMBOLS USED IN COLUMN 16
AVERAGE MONTHLY: 21.0 TOTAL FOR MONTH: 0.39 1 = FOG OR MIST
DPTR FM NORMAL: -3.2 DPTR FM NORMAL: 0.06 2 = FOG REDUCING VISIBILITY
HIGHEST: 46 ON 14 GRTST 24HR 0.18 ON 27-28 TO 1/4 MILE OR LESS
LOWEST: -19 ON 31,30 3 = THUNDER
SNOW, ICE PELLETS, HAIL 4 = ICE PELLETS
TOTAL MONTH: M 5 = HAIL
GRTST 24HR M ON M 6 = FREEZING RAIN OR DRIZZLE
GRTST DEPTH: M ON M 7 = DUSTSTORM OR SANDSTORM:
VSBY 1/2 MILE OR LESS
8 = SMOKE OR HAZE
[NO. OF DAYS WITH] [WEATHER - DAYS WITH] 9 = BLOWING SNOW
X = TORNADO
MAX 32 OR BELOW: 14 0.01 INCH OR MORE: 7
MAX 90 OR ABOVE: 0 0.10 INCH OR MORE: 2
MIN 32 OR BELOW: 31 0.50 INCH OR MORE: 0
MIN 0 OR BELOW: 5 1.00 INCH OR MORE: 0
[HDD (BASE 65) ]
TOTAL THIS MO. 1358 CLEAR (SCALE 0-3) 11
DPTR FM NORMAL 92 PTCLDY (SCALE 4-7) 12
TOTAL FM JUL 1 4526 CLOUDY (SCALE 8-10) 8
DPTR FM NORMAL 389
[CDD (BASE 65) ]
TOTAL THIS MO. 0
DPTR FM NORMAL 0 [PRESSURE DATA]
TOTAL FM JAN 1 0 HIGHEST SLP 30.57 ON 29
DPTR FM NORMAL 0 LOWEST SLP 29.50 ON 15
[REMARKS]
#FINAL-01-23#