000
CXUS54 KFWD 010731
CF6ILE
PRELIMINARY LOCAL CLIMATOLOGICAL DATA (WS FORM: F-6)
STATION: KILLEEN SKYLARK
MONTH: JULY
YEAR: 2021
LATITUDE: 31 4 N
LONGITUDE: 97 41 W
TEMPERATURE IN F: :PCPN: SNOW: WIND :SUNSHINE: SKY :PK WND
================================================================================
1 2 3 4 5 6A 6B 7 8 9 10 11 12 13 14 15 16 17 18
12Z AVG MX 2MIN
DY MAX MIN AVG DEP HDD CDD WTR SNW DPTH SPD SPD DIR MIN PSBL S-S WX SPD DR
================================================================================
1 93 74 84 2 0 19 0.04 M M 4.9 9 140 M M 2 M M
2 92 76 84 2 0 19 T M M 5.0 9 80 M M 1 M M
3 82 74 78 -4 0 13 0.00 M M 5.0 14 30 M M 5 M M
4 84 74 79 -3 0 14 0.81 M M 6.1 15 80 M M 7 1 M M
5 86 73 80 -2 0 15 0.60 M M 5.8 14 180 M M 8 13 16 110
6 89 72 81 -1 0 16 0.28 M M 5.7 26 90 M M 6 13 33 90
7 88 72 80 -2 0 15 0.00 M M 4.7 10 140 M M 4 1 M M
8 90 71 81 -1 0 16 T M M 7.5 16 140 M M 3 8 24 140
9 83 74 79 -3 0 14 0.14 M M 9.4 14 130 M M 9 1 23 130
10 92 73 83 1 0 18 0.05 M M 9.5 16 180 M M 6 1 22 180
11 93 74 84 1 0 19 0.03 M M 5.6 14 160 M M 3 3 M M
12 80 69 75 -8 0 10 0.07 M M 4.0 14 90 M M 3 13 M M
13 91 68 80 -3 0 15 0.01 M M 6.9 20 170 M M 2 32 150
14 91 68 80 -3 0 15 0.35 M M 7.3 25 130 M M 3 13 44 100
15 92 73 83 0 0 18 M M M 9.8 16 180 M M 3 22 180
16 91 75 83 0 0 18 M M M 10.8 17 180 M M 3 23 180
17 92 73 83 0 0 18 M M M 9.5 14 150 M M 2 22 180
18 93 73 83 0 0 18 M M M 7.2 13 190 M M 1 8 M M
19 89 72 81 -2 0 16 0.27 M M 7.2 28 10 M M 4 13 37 10
20 87 71 79 -4 0 14 0.02 M M 5.9 16 40 M M 6 1 M M
21 88 71 80 -3 0 15 0.00 M M 6.2 12 40 M M 1 M M
22 92 71 82 -1 0 17 0.00 M M 7.6 21 170 M M 1 17 180
23 91 73 82 -2 0 17 0.00 M M 9.3 18 170 M M 5 23 170
24 96 76 86 2 0 21 0.00 M M 10.9 15 180 M M 2 20 200
25 97 71 84 0 0 19 0.00 M M 7.7 12 150 M M 0 M M
26 97 73 85 1 0 20 0.00 M M 6.0 9 150 M M 0 M M
27 96 74 85 1 0 20 0.00 M M 5.3 10 150 M M 0 M M
28 95 77 86 2 0 21 0.00 M M 4.8 10 150 M M 1 M M
29 95 74 85 1 0 20 0.04 M M 3.5 15 150 M M 0 26 200
30 95 73 84 0 0 19 0.00 M M 3.9 9 130 M M 0 1 M M
31 95 75 85 1 0 20 0.00 M M 5.5 13 160 M M 1 M M
================================================================================
SM 2815 2257 0 529 2.71 M 208.4 M 92
================================================================================
AV 90.8 72.8 6.7 FASTST M M 3 MAX(MPH)
MISC ----> 28 10 44 100
================================================================================
NOTES:
# LAST OF SEVERAL OCCURRENCES
COLUMN 17 PEAK WIND IN M.P.H.
PRELIMINARY LOCAL CLIMATOLOGICAL DATA (WS FORM: F-6) , PAGE 2
STATION: KILLEEN SKYLARK
MONTH: JULY
YEAR: 2021
LATITUDE: 31 4 N
LONGITUDE: 97 41 W
[TEMPERATURE DATA] [PRECIPITATION DATA] SYMBOLS USED IN COLUMN 16
AVERAGE MONTHLY: 81.8 TOTAL FOR MONTH: 2.71 1 = FOG OR MIST
DPTR FM NORMAL: -1.2 DPTR FM NORMAL: 0.89 2 = FOG REDUCING VISIBILITY
HIGHEST: 97 ON 26,25 GRTST 24HR 0.81 ON 4- 4 TO 1/4 MILE OR LESS
LOWEST: 68 ON 14,13 3 = THUNDER
SNOW, ICE PELLETS, HAIL 4 = ICE PELLETS
TOTAL MONTH: M 5 = HAIL
GRTST 24HR M ON M 6 = FREEZING RAIN OR DRIZZLE
GRTST DEPTH: M ON M 7 = DUSTSTORM OR SANDSTORM:
VSBY 1/2 MILE OR LESS
8 = SMOKE OR HAZE
[NO. OF DAYS WITH] [WEATHER - DAYS WITH] 9 = BLOWING SNOW
X = TORNADO
MAX 32 OR BELOW: 0 0.01 INCH OR MORE: 13
MAX 90 OR ABOVE: 21 0.10 INCH OR MORE: 6
MIN 32 OR BELOW: 0 0.50 INCH OR MORE: 2
MIN 0 OR BELOW: 0 1.00 INCH OR MORE: 0
[HDD (BASE 65) ]
TOTAL THIS MO. 0 CLEAR (SCALE 0-3) 18
DPTR FM NORMAL 0 PTCLDY (SCALE 4-7) 12
TOTAL FM JUL 1 0 CLOUDY (SCALE 8-10) 1
DPTR FM NORMAL 0
[CDD (BASE 65) ]
TOTAL THIS MO. 529
DPTR FM NORMAL -29 [PRESSURE DATA]
TOTAL FM JAN 1 1351 HIGHEST SLP M ON M
DPTR FM NORMAL -49 LOWEST SLP M ON M
[REMARKS]
#FINAL-07-21#