000
CXUS51 KPHI 010815
CF6ILG
PRELIMINARY LOCAL CLIMATOLOGICAL DATA (WS FORM: F-6)
STATION: WILMINGTON DE
MONTH: JUNE
YEAR: 2023
LATITUDE: 39 40 N
LONGITUDE: 75 36 W
TEMPERATURE IN F: :PCPN: SNOW: WIND :SUNSHINE: SKY :PK WND
================================================================================
1 2 3 4 5 6A 6B 7 8 9 10 11 12 13 14 15 16 17 18
12Z AVG MX 2MIN
DY MAX MIN AVG DEP HDD CDD WTR SNW DPTH SPD SPD DIR MIN PSBL S-S WX SPD DR
================================================================================
1 89 54 72 4 0 7 0.00 0.0 0 6.1 21 170 M M 0 24 170
2 97 58 78 10 0 13 T 0.0 0 5.1 16 180 M M 1 8 20 180
3 80 60 70 1 0 5 0.00 0.0 0 9.5 17 90 M M 6 8 23 80
4 80 55 68 -1 0 3 0.00 0.0 0 8.2 23 150 M M 3 28 150
5 82 50 66 -3 0 1 0.00 0.0 0 6.7 17 320 M M 2 1 23 350
6 84 54 69 -1 0 4 T 0.0 0 8.4 32 290 M M 4 38 40 300
7 80 52 66 -4 0 1 0.00 0.0 0 6.9 18 310 M M 6 8 27 310
8 79 51 65 -5 0 0 0.00 0.0 0 6.7 22 160 M M 5 8 27 150
9 77 54 66 -5 0 1 0.02 0.0 0 8.6 25 320 M M 4 8 30 320
10 86 54 70 -1 0 5 0.00 0.0 0 6.8 16 300 M M 1 23 310
11 91 64 78 7 0 13 0.00 0.0 0 8.2 16 180 M M 2 21 160
12 83 64 74 2 0 9 3.55 0.0 0 11.5 25 150 M M 6 1238 31 160
13 81 59 70 -2 0 5 0.00 0.0 0 8.9 18 280 M M 2 23 290
14 82 62 72 0 0 7 0.03 0.0 0 9.4 25 250 M M 4 3 33 250
15 82 57 70 -3 0 5 0.00 0.0 0 7.7 18 280 M M 0 24 300
16 76 62 69 -4 0 4 0.69 0.0 0 5.8 32 320 M M 4 123 44 320
17 83 60 72 -1 0 7 0.00 0.0 0 11.0 24 290 M M 2 30 300
18 85 57 71 -3 0 6 0.00 0.0 0 7.3 14 300 M M 0 21 300
19 87 60 74 0 0 9 0.00 0.0 0 6.8 17 170 M M 0 22 170
20 78 68 73 -1 0 8 0.00 0.0 0 10.7 18 50 M M 1 18 24 70
21 68 61 65 -9 0 0 0.20 0.0 0 15.2 23 60 M M 8 1 30 80
22 70 61 66 -9 0 1 T 0.0 0 14.7 23 50 M M 10 8 31 60
23 76 65 71 -4 0 6 2.42 0.0 0 6.7 14 70 M M 10 13 16 140
24 84 71 78 3 0 13 0.25 0.0 0 5.5 12 260 M M 7 1 14 260
25 88 68 78 3 0 13 0.02 0.0 0 4.8 15 260 M M 3 13 18 250
26 87 66 77 1 0 12 3.31 0.0 0 9.7 35 270 M M 4 138 50 280
27 84 68 76 0 0 11 1.42 0.0 0 4.6 33 190 M M 6 13 41 200
28 82 66 74 -2 0 9 0.00 0.0 0 7.9 18 290 M M 4 18 22 320
29 85 62 74 -2 0 9 0.00 0.0 0 4.7 10 150 M M 4 18 14 280
30 85 66 76 0 0 11 0.00 0.0 0 8.1 20 170 M M 3 18 23 170
================================================================================
SM 2471 1809 0 198 11.91 0.0 242.2 M 112
================================================================================
AV 82.4 60.3 8.1 FASTST M M 4 MAX(MPH)
MISC ----> 35 270 50 280
================================================================================
NOTES:
# LAST OF SEVERAL OCCURRENCES
COLUMN 17 PEAK WIND IN M.P.H.
PRELIMINARY LOCAL CLIMATOLOGICAL DATA (WS FORM: F-6) , PAGE 2
STATION: WILMINGTON DE
MONTH: JUNE
YEAR: 2023
LATITUDE: 39 40 N
LONGITUDE: 75 36 W
[TEMPERATURE DATA] [PRECIPITATION DATA] SYMBOLS USED IN COLUMN 16
AVERAGE MONTHLY: 71.3 TOTAL FOR MONTH: 11.91 1 = FOG OR MIST
DPTR FM NORMAL: -1.3 DPTR FM NORMAL: 7.24 2 = FOG REDUCING VISIBILITY
HIGHEST: 97 ON 2 GRTST 24HR 4.72 ON 26-27 TO 1/4 MILE OR LESS
LOWEST: 50 ON 5 3 = THUNDER
SNOW, ICE PELLETS, HAIL 4 = ICE PELLETS
TOTAL MONTH: 0.0 INCH 5 = HAIL
GRTST 24HR 0.0 6 = FREEZING RAIN OR DRIZZLE
GRTST DEPTH: 0 7 = DUSTSTORM OR SANDSTORM:
VSBY 1/2 MILE OR LESS
8 = SMOKE OR HAZE
[NO. OF DAYS WITH] [WEATHER - DAYS WITH] 9 = BLOWING SNOW
X = TORNADO
MAX 32 OR BELOW: 0 0.01 INCH OR MORE: 10
MAX 90 OR ABOVE: 2 0.10 INCH OR MORE: 7
MIN 32 OR BELOW: 0 0.50 INCH OR MORE: 5
MIN 0 OR BELOW: 0 1.00 INCH OR MORE: 4
[HDD (BASE 65) ]
TOTAL THIS MO. 0 CLEAR (SCALE 0-3) 13
DPTR FM NORMAL -13 PTCLDY (SCALE 4-7) 15
TOTAL FM JUL 1 3905 CLOUDY (SCALE 8-10) 2
DPTR FM NORMAL -738
[CDD (BASE 65) ]
TOTAL THIS MO. 198
DPTR FM NORMAL -43 [PRESSURE DATA]
TOTAL FM JAN 1 272 HIGHEST SLP 30.22 ON 21
DPTR FM NORMAL -56 LOWEST SLP 29.51 ON 14
[REMARKS]
#FINAL-06-23#